{"id":33929,"date":"2020-02-06T21:51:14","date_gmt":"2020-02-07T00:51:14","guid":{"rendered":"https:\/\/alacip.org\/?post_type=todasponencias&#038;p=33929"},"modified":"2020-02-07T14:43:44","modified_gmt":"2020-02-07T17:43:44","slug":"reeleccion-legislativa-y-acceso-diferenciado","status":"publish","type":"todasponencias","link":"https:\/\/alacip.org\/?todasponencias=reeleccion-legislativa-y-acceso-diferenciado","title":{"rendered":"Reelecci\u00f3n legislativa y acceso diferenciado de las y los representantes del Estado de Coahuila al Congreso de la Uni\u00f3n"},"content":{"rendered":"\n<p>Se hace un an\u00e1lisis sobre el acceso y reelecci\u00f3n legislativa  de las y los representantes de  Coahuila  al  Congreso  de  la  Uni\u00f3n.  En  M\u00e9xico  no  existe  la  reelecci\u00f3n  consecutiva, pero s\u00ed la reelecci\u00f3n alternada lo que da abre la posibilidad a los y los representantes pol\u00edticos de acceder a uncargo legislativo en m\u00e1s de una ocasi\u00f3n, ya sea en el mismo CongresoFederal  (diputado\/senador  y  viceversa)  o   alternando  entre los  cargos federales y los locales. <\/p>\n\n\n\n<!--more-->\n\n\n\n<div class=\"wp-block-button aligncenter\"><a class=\"wp-block-button__link has-background has-vivid-cyan-blue-background-color\" href=\"https:\/\/alacip.org\/cong13\/420-zuniga-7c.pdf\">Descargar Archivo<\/a><\/div>\n","protected":false},"featured_media":0,"template":"","meta":{"_genesis_hide_title":false,"_genesis_hide_breadcrumbs":false,"_genesis_hide_singular_image":false,"_genesis_hide_footer_widgets":false,"_genesis_custom_body_class":"","_genesis_custom_post_class":"","_genesis_layout":""},"filtro":[115],"anocongresso":[140],"conginstituicion":[584,258],"areatema":[517],"class_list":{"0":"post-33929","1":"todasponencias","2":"type-todasponencias","3":"status-publish","5":"filtro-mexico","6":"anocongresso-140","7":"conginstituicion-fcpys-uadec","8":"conginstituicion-ua-coahuila","9":"areatema-opinion-publica","10":"entry"},"_links":{"self":[{"href":"https:\/\/alacip.org\/index.php?rest_route=\/wp\/v2\/todasponencias\/33929","targetHints":{"allow":["GET"]}}],"collection":[{"href":"https:\/\/alacip.org\/index.php?rest_route=\/wp\/v2\/todasponencias"}],"about":[{"href":"https:\/\/alacip.org\/index.php?rest_route=\/wp\/v2\/types\/todasponencias"}],"wp:attachment":[{"href":"https:\/\/alacip.org\/index.php?rest_route=%2Fwp%2Fv2%2Fmedia&parent=33929"}],"wp:term":[{"taxonomy":"filtro","embeddable":true,"href":"https:\/\/alacip.org\/index.php?rest_route=%2Fwp%2Fv2%2Ffiltro&post=33929"},{"taxonomy":"anocongresso","embeddable":true,"href":"https:\/\/alacip.org\/index.php?rest_route=%2Fwp%2Fv2%2Fanocongresso&post=33929"},{"taxonomy":"conginstituicion","embeddable":true,"href":"https:\/\/alacip.org\/index.php?rest_route=%2Fwp%2Fv2%2Fconginstituicion&post=33929"},{"taxonomy":"areatema","embeddable":true,"href":"https:\/\/alacip.org\/index.php?rest_route=%2Fwp%2Fv2%2Fareatema&post=33929"}],"curies":[{"name":"wp","href":"https:\/\/api.w.org\/{rel}","templated":true}]}}

Reelección legislativa y acceso diferenciado de las y los representantes del Estado de Coahuila al Congreso de la Unión

<p>Se hace un análisis sobre el acceso y reelección legislativa  de las y los representantes de  Coahuila  al  Congreso  de  la  Unión.  En  México  no  existe  la  reelección  consecutiva, pero sí la reelección alternada lo que da abre la posibilidad a los y los representantes políticos de acceder a uncargo legislativo en más de una ocasión, ya sea en el mismo CongresoFederal  (diputado/senador  y  viceversa)  o   alternando  entre los  cargos federales y los locales. </p>



<!--more-->



<div class="wp-block-button aligncenter"><a class="wp-block-button__link has-background has-vivid-cyan-blue-background-color" href="https://alacip.org/cong13/420-zuniga-7c.pdf">Descargar Archivo</a></div>
