{"id":33941,"date":"2020-02-06T20:44:53","date_gmt":"2020-02-06T23:44:53","guid":{"rendered":"https:\/\/alacip.org\/?post_type=todasponencias&#038;p=33941"},"modified":"2020-02-06T20:44:54","modified_gmt":"2020-02-06T23:44:54","slug":"a-razoabilidade-rawlsiana-sob-o-vies-da-psicologia-social","status":"publish","type":"todasponencias","link":"https:\/\/alacip.org\/?todasponencias=a-razoabilidade-rawlsiana-sob-o-vies-da-psicologia-social","title":{"rendered":"A razoabilidade rawlsiana sob o vi\u00e9s da psicologia social"},"content":{"rendered":"\n<p> Este artigo pretende analisar a problem\u00e1tica da razoabilidade em Rawls a partir da obra Liberalismo  Pol\u00edtico.  Argumenta-se  que,  apesar  da  teoria  rawlsiana  de  justi\u00e7a  ser normativa,  \u00e9  necess\u00e1rio  compreender  como  \u00e9  poss\u00edvel  aplicar  a  justi\u00e7a  enquanto equidade nas sociedades reais. Para isso, utilizamos as abordagens da psicologia social para demonstrar que o ser humano nem sempre \u00e9 razo\u00e1vel.<\/p>\n\n\n\n<!--more-->\n\n\n\n<div class=\"wp-block-button aligncenter\"><a class=\"wp-block-button__link has-background has-vivid-cyan-blue-background-color\" href=\"https:\/\/alacip.org\/cong13\/429-leal-7c.pdf\">Descargar Archivo<\/a><\/div>\n\n\n\n<p> <\/p>\n","protected":false},"featured_media":0,"template":"","meta":{"_genesis_hide_title":false,"_genesis_hide_breadcrumbs":false,"_genesis_hide_singular_image":false,"_genesis_hide_footer_widgets":false,"_genesis_custom_body_class":"","_genesis_custom_post_class":"","_genesis_layout":""},"filtro":[102],"anocongresso":[140],"conginstituicion":[205],"areatema":[157],"class_list":{"0":"post-33941","1":"todasponencias","2":"type-todasponencias","3":"status-publish","5":"filtro-brasil","6":"anocongresso-140","7":"conginstituicion-unufrgs","8":"areatema-teorpolfil","9":"entry"},"_links":{"self":[{"href":"https:\/\/alacip.org\/index.php?rest_route=\/wp\/v2\/todasponencias\/33941","targetHints":{"allow":["GET"]}}],"collection":[{"href":"https:\/\/alacip.org\/index.php?rest_route=\/wp\/v2\/todasponencias"}],"about":[{"href":"https:\/\/alacip.org\/index.php?rest_route=\/wp\/v2\/types\/todasponencias"}],"wp:attachment":[{"href":"https:\/\/alacip.org\/index.php?rest_route=%2Fwp%2Fv2%2Fmedia&parent=33941"}],"wp:term":[{"taxonomy":"filtro","embeddable":true,"href":"https:\/\/alacip.org\/index.php?rest_route=%2Fwp%2Fv2%2Ffiltro&post=33941"},{"taxonomy":"anocongresso","embeddable":true,"href":"https:\/\/alacip.org\/index.php?rest_route=%2Fwp%2Fv2%2Fanocongresso&post=33941"},{"taxonomy":"conginstituicion","embeddable":true,"href":"https:\/\/alacip.org\/index.php?rest_route=%2Fwp%2Fv2%2Fconginstituicion&post=33941"},{"taxonomy":"areatema","embeddable":true,"href":"https:\/\/alacip.org\/index.php?rest_route=%2Fwp%2Fv2%2Fareatema&post=33941"}],"curies":[{"name":"wp","href":"https:\/\/api.w.org\/{rel}","templated":true}]}}

A razoabilidade rawlsiana sob o viés da psicologia social

<p> Este artigo pretende analisar a problemática da razoabilidade em Rawls a partir da obra Liberalismo  Político.  Argumenta-se  que,  apesar  da  teoria  rawlsiana  de  justiça  ser normativa,  é  necessário  compreender  como  é  possível  aplicar  a  justiça  enquanto equidade nas sociedades reais. Para isso, utilizamos as abordagens da psicologia social para demonstrar que o ser humano nem sempre é razoável.</p>



<!--more-->



<div class="wp-block-button aligncenter"><a class="wp-block-button__link has-background has-vivid-cyan-blue-background-color" href="https://alacip.org/cong13/429-leal-7c.pdf">Descargar Archivo</a></div>



<p> </p>
