{"id":33943,"date":"2020-02-06T20:39:47","date_gmt":"2020-02-06T23:39:47","guid":{"rendered":"https:\/\/alacip.org\/?post_type=todasponencias&#038;p=33943"},"modified":"2020-02-06T20:40:52","modified_gmt":"2020-02-06T23:40:52","slug":"o-neopentecostalismo-e-os-dilemas-da-modernidade","status":"publish","type":"todasponencias","link":"https:\/\/alacip.org\/?todasponencias=o-neopentecostalismo-e-os-dilemas-da-modernidade","title":{"rendered":"O neopentecostalismo e os dilemas da modernidade perif\u00e9rica sob o signo do novo desenvolvimentismo brasileiro"},"content":{"rendered":"\n<p>Este  trabalho  se  prop\u00f5e  a  demonstrar  que  o  fen\u00f4meno  pentecostal brasileiro, mormente o neopentecostalismo e sua \u00abTeologia da Prosperidade\u00bb, representa a  vocaliza\u00e7\u00e3o  de  um ethos privatista  cultivado  silenciosamente  durante  d\u00e9cadas  de desamparo pol\u00edtico e legal por parte do conjunto mais amplo e vulner\u00e1vel da sociedade brasileira, que  absorveu o impacto da moderniza\u00e7\u00e3o conservadora do pa\u00eds &#8211; baseada na organiza\u00e7\u00e3o autocr\u00e1tica de uma ordem social competitiva &#8211; subordinando seus costumes e  valores  \u00e0  concretiza\u00e7\u00e3o  do  ideal \u2013 pouco  republicano \u2013 de  mobilidade  social  nos termos  da  l\u00f3gica  predat\u00f3ria  do  mercado. <\/p>\n\n\n\n<!--more-->\n\n\n\n<div class=\"wp-block-button aligncenter\"><a class=\"wp-block-button__link has-background has-vivid-cyan-blue-background-color\" href=\"https:\/\/alacip.org\/cong13\/431-deantonio-7c.pdf\">Descargar Archivo<\/a><\/div>\n","protected":false},"featured_media":0,"template":"","meta":{"_genesis_hide_title":false,"_genesis_hide_breadcrumbs":false,"_genesis_hide_singular_image":false,"_genesis_hide_footer_widgets":false,"_genesis_custom_body_class":"","_genesis_custom_post_class":"","_genesis_layout":""},"filtro":[102],"anocongresso":[140],"conginstituicion":[221],"areatema":[161],"class_list":{"0":"post-33943","1":"todasponencias","2":"type-todasponencias","3":"status-publish","5":"filtro-brasil","6":"anocongresso-140","7":"conginstituicion-ufsao-carlos","8":"areatema-participacion-representacion","9":"entry"},"_links":{"self":[{"href":"https:\/\/alacip.org\/index.php?rest_route=\/wp\/v2\/todasponencias\/33943","targetHints":{"allow":["GET"]}}],"collection":[{"href":"https:\/\/alacip.org\/index.php?rest_route=\/wp\/v2\/todasponencias"}],"about":[{"href":"https:\/\/alacip.org\/index.php?rest_route=\/wp\/v2\/types\/todasponencias"}],"wp:attachment":[{"href":"https:\/\/alacip.org\/index.php?rest_route=%2Fwp%2Fv2%2Fmedia&parent=33943"}],"wp:term":[{"taxonomy":"filtro","embeddable":true,"href":"https:\/\/alacip.org\/index.php?rest_route=%2Fwp%2Fv2%2Ffiltro&post=33943"},{"taxonomy":"anocongresso","embeddable":true,"href":"https:\/\/alacip.org\/index.php?rest_route=%2Fwp%2Fv2%2Fanocongresso&post=33943"},{"taxonomy":"conginstituicion","embeddable":true,"href":"https:\/\/alacip.org\/index.php?rest_route=%2Fwp%2Fv2%2Fconginstituicion&post=33943"},{"taxonomy":"areatema","embeddable":true,"href":"https:\/\/alacip.org\/index.php?rest_route=%2Fwp%2Fv2%2Fareatema&post=33943"}],"curies":[{"name":"wp","href":"https:\/\/api.w.org\/{rel}","templated":true}]}}

O neopentecostalismo e os dilemas da modernidade periférica sob o signo do novo desenvolvimentismo brasileiro

<p>Este  trabalho  se  propõe  a  demonstrar  que  o  fenômeno  pentecostal brasileiro, mormente o neopentecostalismo e sua «Teologia da Prosperidade», representa a  vocalização  de  um ethos privatista  cultivado  silenciosamente  durante  décadas  de desamparo político e legal por parte do conjunto mais amplo e vulnerável da sociedade brasileira, que  absorveu o impacto da modernização conservadora do país &#8211; baseada na organização autocrática de uma ordem social competitiva &#8211; subordinando seus costumes e  valores  à  concretização  do  ideal – pouco  republicano – de  mobilidade  social  nos termos  da  lógica  predatória  do  mercado. </p>



<!--more-->



<div class="wp-block-button aligncenter"><a class="wp-block-button__link has-background has-vivid-cyan-blue-background-color" href="https://alacip.org/cong13/431-deantonio-7c.pdf">Descargar Archivo</a></div>
