{"id":36161,"date":"2020-08-22T20:15:37","date_gmt":"2020-08-22T23:15:37","guid":{"rendered":"https:\/\/alacip.org\/?post_type=todasponencias&#038;p=36161"},"modified":"2020-08-22T20:15:38","modified_gmt":"2020-08-22T23:15:38","slug":"federalismo-e-politica-de-assistencia-social-na-argentina-e-no-brasil","status":"publish","type":"todasponencias","link":"https:\/\/alacip.org\/?todasponencias=federalismo-e-politica-de-assistencia-social-na-argentina-e-no-brasil","title":{"rendered":"Federalismo e Pol\u00edtica de Assist\u00eancia Social na Argentina e no Brasil"},"content":{"rendered":"\n<p>Os estudos que propiciaram a produ\u00e7\u00e3o deste artigo comp\u00f5em um amplo projeto de pesquisa Federalismo e Pol\u00edticas Sociais na Argentina e no Brasil que busca compreender os efeitos do federalismo na conforma\u00e7\u00e3o das pol\u00edticas sociais: sa\u00fade, educa\u00e7\u00e3o, assist\u00eancia social e benef\u00edcios n\u00e3o contributivos.<\/p>\n\n\n\n<!--more-->\n\n\n\n<div style=\"text-align:center\" class=\"wp-block-atomic-blocks-ab-button ab-block-button\"><a href=\"https:\/\/alacip.org\/cong17\/gi20-2esmcunha-9c-m.pdf\" class=\"ab-button ab-button-shape-circular ab-button-size-medium\" style=\"color:#ffffff;background-color:#3373dc\">Descargar Archivo<\/a><\/div>\n","protected":false},"featured_media":0,"template":"","meta":{"_genesis_hide_title":false,"_genesis_hide_breadcrumbs":false,"_genesis_hide_singular_image":false,"_genesis_hide_footer_widgets":false,"_genesis_custom_body_class":"","_genesis_custom_post_class":"","_genesis_layout":""},"filtro":[102],"anocongresso":[586],"conginstituicion":[381],"areatema":[587],"class_list":{"0":"post-36161","1":"todasponencias","2":"type-todasponencias","3":"status-publish","5":"filtro-brasil","6":"anocongresso-586","7":"conginstituicion-uminas-geais","8":"areatema-politicas-publicas-comparadas","9":"entry"},"_links":{"self":[{"href":"https:\/\/alacip.org\/index.php?rest_route=\/wp\/v2\/todasponencias\/36161","targetHints":{"allow":["GET"]}}],"collection":[{"href":"https:\/\/alacip.org\/index.php?rest_route=\/wp\/v2\/todasponencias"}],"about":[{"href":"https:\/\/alacip.org\/index.php?rest_route=\/wp\/v2\/types\/todasponencias"}],"wp:attachment":[{"href":"https:\/\/alacip.org\/index.php?rest_route=%2Fwp%2Fv2%2Fmedia&parent=36161"}],"wp:term":[{"taxonomy":"filtro","embeddable":true,"href":"https:\/\/alacip.org\/index.php?rest_route=%2Fwp%2Fv2%2Ffiltro&post=36161"},{"taxonomy":"anocongresso","embeddable":true,"href":"https:\/\/alacip.org\/index.php?rest_route=%2Fwp%2Fv2%2Fanocongresso&post=36161"},{"taxonomy":"conginstituicion","embeddable":true,"href":"https:\/\/alacip.org\/index.php?rest_route=%2Fwp%2Fv2%2Fconginstituicion&post=36161"},{"taxonomy":"areatema","embeddable":true,"href":"https:\/\/alacip.org\/index.php?rest_route=%2Fwp%2Fv2%2Fareatema&post=36161"}],"curies":[{"name":"wp","href":"https:\/\/api.w.org\/{rel}","templated":true}]}}

Federalismo e Política de Assistência Social na Argentina e no Brasil

<p>Os estudos que propiciaram a produção deste artigo compõem um amplo projeto de pesquisa Federalismo e Políticas Sociais na Argentina e no Brasil que busca compreender os efeitos do federalismo na conformação das políticas sociais: saúde, educação, assistência social e benefícios não contributivos.</p>



<!--more-->



<div style="text-align:center" class="wp-block-atomic-blocks-ab-button ab-block-button"><a href="https://alacip.org/cong17/gi20-2esmcunha-9c-m.pdf" class="ab-button ab-button-shape-circular ab-button-size-medium" style="color:#ffffff;background-color:#3373dc">Descargar Archivo</a></div>
