{"id":36163,"date":"2020-08-22T20:36:14","date_gmt":"2020-08-22T23:36:14","guid":{"rendered":"https:\/\/alacip.org\/?post_type=todasponencias&#038;p=36163"},"modified":"2020-08-22T20:36:16","modified_gmt":"2020-08-22T23:36:16","slug":"federalismo-protecao-social-e-transferencia-de-renda-na-argentina-e-no-brasil","status":"publish","type":"todasponencias","link":"https:\/\/alacip.org\/?todasponencias=federalismo-protecao-social-e-transferencia-de-renda-na-argentina-e-no-brasil","title":{"rendered":"Federalismo, Prote\u00e7\u00e3o Social e Transfer\u00eancia de Renda na Argentina e no Brasil"},"content":{"rendered":"\n<p>Benef\u00edcios de transfer\u00eancia de renda s\u00e3o parte necess\u00e1ria do que se convencionou denominar seguridade social, sistema protetivo constitu\u00eddo por servi\u00e7os de sa\u00fade e benef\u00edcios monet\u00e1rios de natureza contributiva, quase-contributiva e n\u00e3o-contributiva que podem ser classificados como de prote\u00e7\u00e3o previdenci\u00e1ria, prote\u00e7\u00e3o do trabalho e prote\u00e7\u00e3o da fam\u00edlia.<\/p>\n\n\n\n<!--more-->\n\n\n\n<div style=\"text-align:center\" class=\"wp-block-atomic-blocks-ab-button ab-block-button\"><a href=\"https:\/\/alacip.org\/cong17\/gi20-3glmiranda-9c-m.pdf\" class=\"ab-button ab-button-shape-circular ab-button-size-medium\" style=\"color:#ffffff;background-color:#3373dc\">Descargar Archivo<\/a><\/div>\n","protected":false},"featured_media":0,"template":"","meta":{"_genesis_hide_title":false,"_genesis_hide_breadcrumbs":false,"_genesis_hide_singular_image":false,"_genesis_hide_footer_widgets":false,"_genesis_custom_body_class":"","_genesis_custom_post_class":"","_genesis_layout":""},"filtro":[142],"anocongresso":[586],"conginstituicion":[153],"areatema":[587],"class_list":{"0":"post-36163","1":"todasponencias","2":"type-todasponencias","3":"status-publish","5":"filtro-sem-pais","6":"anocongresso-586","7":"conginstituicion-s","8":"areatema-politicas-publicas-comparadas","9":"entry"},"_links":{"self":[{"href":"https:\/\/alacip.org\/index.php?rest_route=\/wp\/v2\/todasponencias\/36163","targetHints":{"allow":["GET"]}}],"collection":[{"href":"https:\/\/alacip.org\/index.php?rest_route=\/wp\/v2\/todasponencias"}],"about":[{"href":"https:\/\/alacip.org\/index.php?rest_route=\/wp\/v2\/types\/todasponencias"}],"wp:attachment":[{"href":"https:\/\/alacip.org\/index.php?rest_route=%2Fwp%2Fv2%2Fmedia&parent=36163"}],"wp:term":[{"taxonomy":"filtro","embeddable":true,"href":"https:\/\/alacip.org\/index.php?rest_route=%2Fwp%2Fv2%2Ffiltro&post=36163"},{"taxonomy":"anocongresso","embeddable":true,"href":"https:\/\/alacip.org\/index.php?rest_route=%2Fwp%2Fv2%2Fanocongresso&post=36163"},{"taxonomy":"conginstituicion","embeddable":true,"href":"https:\/\/alacip.org\/index.php?rest_route=%2Fwp%2Fv2%2Fconginstituicion&post=36163"},{"taxonomy":"areatema","embeddable":true,"href":"https:\/\/alacip.org\/index.php?rest_route=%2Fwp%2Fv2%2Fareatema&post=36163"}],"curies":[{"name":"wp","href":"https:\/\/api.w.org\/{rel}","templated":true}]}}

Federalismo, Proteção Social e Transferência de Renda na Argentina e no Brasil

<p>Benefícios de transferência de renda são parte necessária do que se convencionou denominar seguridade social, sistema protetivo constituído por serviços de saúde e benefícios monetários de natureza contributiva, quase-contributiva e não-contributiva que podem ser classificados como de proteção previdenciária, proteção do trabalho e proteção da família.</p>



<!--more-->



<div style="text-align:center" class="wp-block-atomic-blocks-ab-button ab-block-button"><a href="https://alacip.org/cong17/gi20-3glmiranda-9c-m.pdf" class="ab-button ab-button-shape-circular ab-button-size-medium" style="color:#ffffff;background-color:#3373dc">Descargar Archivo</a></div>
