{"id":36164,"date":"2020-08-22T20:43:35","date_gmt":"2020-08-22T23:43:35","guid":{"rendered":"https:\/\/alacip.org\/?post_type=todasponencias&#038;p=36164"},"modified":"2020-09-02T20:52:31","modified_gmt":"2020-09-02T23:52:31","slug":"la-argumentacion-interdisciplinaria-de-las-politicas-los-casos","status":"publish","type":"todasponencias","link":"https:\/\/alacip.org\/?todasponencias=la-argumentacion-interdisciplinaria-de-las-politicas-los-casos","title":{"rendered":"La argumentaci\u00f3n interdisciplinaria de las pol\u00edticas; los casos de la tenencia de la tierra y las \u00e1reas verdes en M\u00e9xico"},"content":{"rendered":"\n<p> La interdisciplina es uno de los temas recurrentes en el \u00e1mbito acad\u00e9mico; sin embargo, el paso del mundo de las ideas hacia las acciones concretas mediante dicha estrategia metodol\u00f3gica en la elaboraci\u00f3n de pol\u00edticas p\u00fablicas, se encuentra d\u00e9bilmente construida.<\/p>\n\n\n\n<!--more-->\n\n\n\n<div style=\"text-align:center\" class=\"wp-block-atomic-blocks-ab-button ab-block-button\"><a href=\"https:\/\/alacip.org\/cong17\/gi20-4lfvega-9c.pdf\" class=\"ab-button ab-button-shape-circular ab-button-size-medium\" style=\"color:#ffffff;background-color:#3373dc\">Descargar Archivo<\/a><\/div>\n","protected":false},"featured_media":0,"template":"","meta":{"_genesis_hide_title":false,"_genesis_hide_breadcrumbs":false,"_genesis_hide_singular_image":false,"_genesis_hide_footer_widgets":false,"_genesis_custom_body_class":"","_genesis_custom_post_class":"","_genesis_layout":""},"filtro":[142],"anocongresso":[586],"conginstituicion":[153],"areatema":[587],"class_list":{"0":"post-36164","1":"todasponencias","2":"type-todasponencias","3":"status-publish","5":"filtro-sem-pais","6":"anocongresso-586","7":"conginstituicion-s","8":"areatema-politicas-publicas-comparadas","9":"entry"},"_links":{"self":[{"href":"https:\/\/alacip.org\/index.php?rest_route=\/wp\/v2\/todasponencias\/36164","targetHints":{"allow":["GET"]}}],"collection":[{"href":"https:\/\/alacip.org\/index.php?rest_route=\/wp\/v2\/todasponencias"}],"about":[{"href":"https:\/\/alacip.org\/index.php?rest_route=\/wp\/v2\/types\/todasponencias"}],"wp:attachment":[{"href":"https:\/\/alacip.org\/index.php?rest_route=%2Fwp%2Fv2%2Fmedia&parent=36164"}],"wp:term":[{"taxonomy":"filtro","embeddable":true,"href":"https:\/\/alacip.org\/index.php?rest_route=%2Fwp%2Fv2%2Ffiltro&post=36164"},{"taxonomy":"anocongresso","embeddable":true,"href":"https:\/\/alacip.org\/index.php?rest_route=%2Fwp%2Fv2%2Fanocongresso&post=36164"},{"taxonomy":"conginstituicion","embeddable":true,"href":"https:\/\/alacip.org\/index.php?rest_route=%2Fwp%2Fv2%2Fconginstituicion&post=36164"},{"taxonomy":"areatema","embeddable":true,"href":"https:\/\/alacip.org\/index.php?rest_route=%2Fwp%2Fv2%2Fareatema&post=36164"}],"curies":[{"name":"wp","href":"https:\/\/api.w.org\/{rel}","templated":true}]}}

La argumentación interdisciplinaria de las políticas; los casos de la tenencia de la tierra y las áreas verdes en México

<p> La interdisciplina es uno de los temas recurrentes en el ámbito académico; sin embargo, el paso del mundo de las ideas hacia las acciones concretas mediante dicha estrategia metodológica en la elaboración de políticas públicas, se encuentra débilmente construida.</p>



<!--more-->



<div style="text-align:center" class="wp-block-atomic-blocks-ab-button ab-block-button"><a href="https://alacip.org/cong17/gi20-4lfvega-9c.pdf" class="ab-button ab-button-shape-circular ab-button-size-medium" style="color:#ffffff;background-color:#3373dc">Descargar Archivo</a></div>
