{"id":36166,"date":"2020-08-22T21:22:56","date_gmt":"2020-08-23T00:22:56","guid":{"rendered":"https:\/\/alacip.org\/?post_type=todasponencias&#038;p=36166"},"modified":"2020-08-22T21:22:57","modified_gmt":"2020-08-23T00:22:57","slug":"federalismo-e-politicas-sociais-na-argentina-e-no-brasil","status":"publish","type":"todasponencias","link":"https:\/\/alacip.org\/?todasponencias=federalismo-e-politicas-sociais-na-argentina-e-no-brasil","title":{"rendered":"Federalismo e Pol\u00edticas Sociais na Argentina e no Brasil"},"content":{"rendered":"\n<p>O artigo analisa a rela\u00e7\u00e3o entre institui\u00e7\u00f5es federativas e pol\u00edticas sociais na Argentina e no Brasil a partir do processo de redemocratiza\u00e7\u00e3o, nos anos 80. O objetivo \u00e9 apresentar algumas caracter\u00edsticas do federalismo nos dois pa\u00edses e discutir seus efeitos sobre as pol\u00edticas sociais, em seus aspectos de universalidade e equidade, tendo como refer\u00eancias as pol\u00edticas de sa\u00fade, educa\u00e7\u00e3o e assist\u00eancia social.<\/p>\n\n\n\n<div style=\"text-align:center\" class=\"wp-block-atomic-blocks-ab-button ab-block-button\"><a href=\"https:\/\/alacip.org\/cong17\/gi20-5mmsoares-9c-m.pdf\" class=\"ab-button ab-button-shape-circular ab-button-size-medium\" style=\"color:#ffffff;background-color:#3373dc\">Descargar Archivo<\/a><\/div>\n","protected":false},"featured_media":0,"template":"","meta":{"_genesis_hide_title":false,"_genesis_hide_breadcrumbs":false,"_genesis_hide_singular_image":false,"_genesis_hide_footer_widgets":false,"_genesis_custom_body_class":"","_genesis_custom_post_class":"","_genesis_layout":""},"filtro":[102],"anocongresso":[586],"conginstituicion":[381],"areatema":[587],"class_list":{"0":"post-36166","1":"todasponencias","2":"type-todasponencias","3":"status-publish","5":"filtro-brasil","6":"anocongresso-586","7":"conginstituicion-uminas-geais","8":"areatema-politicas-publicas-comparadas","9":"entry"},"_links":{"self":[{"href":"https:\/\/alacip.org\/index.php?rest_route=\/wp\/v2\/todasponencias\/36166","targetHints":{"allow":["GET"]}}],"collection":[{"href":"https:\/\/alacip.org\/index.php?rest_route=\/wp\/v2\/todasponencias"}],"about":[{"href":"https:\/\/alacip.org\/index.php?rest_route=\/wp\/v2\/types\/todasponencias"}],"wp:attachment":[{"href":"https:\/\/alacip.org\/index.php?rest_route=%2Fwp%2Fv2%2Fmedia&parent=36166"}],"wp:term":[{"taxonomy":"filtro","embeddable":true,"href":"https:\/\/alacip.org\/index.php?rest_route=%2Fwp%2Fv2%2Ffiltro&post=36166"},{"taxonomy":"anocongresso","embeddable":true,"href":"https:\/\/alacip.org\/index.php?rest_route=%2Fwp%2Fv2%2Fanocongresso&post=36166"},{"taxonomy":"conginstituicion","embeddable":true,"href":"https:\/\/alacip.org\/index.php?rest_route=%2Fwp%2Fv2%2Fconginstituicion&post=36166"},{"taxonomy":"areatema","embeddable":true,"href":"https:\/\/alacip.org\/index.php?rest_route=%2Fwp%2Fv2%2Fareatema&post=36166"}],"curies":[{"name":"wp","href":"https:\/\/api.w.org\/{rel}","templated":true}]}}

Federalismo e Políticas Sociais na Argentina e no Brasil

<p>O artigo analisa a relação entre instituições federativas e políticas sociais na Argentina e no Brasil a partir do processo de redemocratização, nos anos 80. O objetivo é apresentar algumas características do federalismo nos dois países e discutir seus efeitos sobre as políticas sociais, em seus aspectos de universalidade e equidade, tendo como referências as políticas de saúde, educação e assistência social.</p>



<div style="text-align:center" class="wp-block-atomic-blocks-ab-button ab-block-button"><a href="https://alacip.org/cong17/gi20-5mmsoares-9c-m.pdf" class="ab-button ab-button-shape-circular ab-button-size-medium" style="color:#ffffff;background-color:#3373dc">Descargar Archivo</a></div>
