{"id":36169,"date":"2020-08-22T21:49:18","date_gmt":"2020-08-23T00:49:18","guid":{"rendered":"https:\/\/alacip.org\/?post_type=todasponencias&#038;p=36169"},"modified":"2020-09-02T20:52:11","modified_gmt":"2020-09-02T23:52:11","slug":"las-politicas-de-ciencia-innovacion-y-tecnologia-en-argentina","status":"publish","type":"todasponencias","link":"https:\/\/alacip.org\/?todasponencias=las-politicas-de-ciencia-innovacion-y-tecnologia-en-argentina","title":{"rendered":"Las pol\u00edticas de Ciencia, Innovaci\u00f3n y Tecnolog\u00eda en Argentina y Brasil: \u00bfcomplementaci\u00f3n o competencia?"},"content":{"rendered":"\n<p>El presente art\u00edculo surge a partir de los avances de un proyecto de investigaci\u00f3n que busca estudiar la cooperaci\u00f3n argentino-brasile\u00f1a en materia de ciencia y tecnolog\u00eda (CyT)2 durante el periodo 2003-2015 teniendo en cuenta que tanto para la gesti\u00f3n de los Kirchner en Argentina, como para la del Partido de los Trabajadores en Brasil,<\/p>\n\n\n\n<!--more-->\n\n\n\n<div style=\"text-align:center\" class=\"wp-block-atomic-blocks-ab-button ab-block-button\"><a href=\"https:\/\/alacip.org\/cong17\/gi20-7mbotto-9c-m.pdf\" class=\"ab-button ab-button-shape-circular ab-button-size-medium\" style=\"color:#ffffff;background-color:#3373dc\">Descargar Archivo<\/a><\/div>\n","protected":false},"featured_media":0,"template":"","meta":{"_genesis_hide_title":false,"_genesis_hide_breadcrumbs":false,"_genesis_hide_singular_image":false,"_genesis_hide_footer_widgets":false,"_genesis_custom_body_class":"","_genesis_custom_post_class":"","_genesis_layout":""},"filtro":[105],"anocongresso":[586],"conginstituicion":[276],"areatema":[587],"class_list":{"0":"post-36169","1":"todasponencias","2":"type-todasponencias","3":"status-publish","5":"filtro-argentina","6":"anocongresso-586","7":"conginstituicion-flsc-flacso","8":"areatema-politicas-publicas-comparadas","9":"entry"},"_links":{"self":[{"href":"https:\/\/alacip.org\/index.php?rest_route=\/wp\/v2\/todasponencias\/36169","targetHints":{"allow":["GET"]}}],"collection":[{"href":"https:\/\/alacip.org\/index.php?rest_route=\/wp\/v2\/todasponencias"}],"about":[{"href":"https:\/\/alacip.org\/index.php?rest_route=\/wp\/v2\/types\/todasponencias"}],"wp:attachment":[{"href":"https:\/\/alacip.org\/index.php?rest_route=%2Fwp%2Fv2%2Fmedia&parent=36169"}],"wp:term":[{"taxonomy":"filtro","embeddable":true,"href":"https:\/\/alacip.org\/index.php?rest_route=%2Fwp%2Fv2%2Ffiltro&post=36169"},{"taxonomy":"anocongresso","embeddable":true,"href":"https:\/\/alacip.org\/index.php?rest_route=%2Fwp%2Fv2%2Fanocongresso&post=36169"},{"taxonomy":"conginstituicion","embeddable":true,"href":"https:\/\/alacip.org\/index.php?rest_route=%2Fwp%2Fv2%2Fconginstituicion&post=36169"},{"taxonomy":"areatema","embeddable":true,"href":"https:\/\/alacip.org\/index.php?rest_route=%2Fwp%2Fv2%2Fareatema&post=36169"}],"curies":[{"name":"wp","href":"https:\/\/api.w.org\/{rel}","templated":true}]}}

Las políticas de Ciencia, Innovación y Tecnología en Argentina y Brasil: ¿complementación o competencia?

<p>El presente artículo surge a partir de los avances de un proyecto de investigación que busca estudiar la cooperación argentino-brasileña en materia de ciencia y tecnología (CyT)2 durante el periodo 2003-2015 teniendo en cuenta que tanto para la gestión de los Kirchner en Argentina, como para la del Partido de los Trabajadores en Brasil,</p>



<!--more-->



<div style="text-align:center" class="wp-block-atomic-blocks-ab-button ab-block-button"><a href="https://alacip.org/cong17/gi20-7mbotto-9c-m.pdf" class="ab-button ab-button-shape-circular ab-button-size-medium" style="color:#ffffff;background-color:#3373dc">Descargar Archivo</a></div>
