{"id":36189,"date":"2020-08-23T15:30:31","date_gmt":"2020-08-23T18:30:31","guid":{"rendered":"https:\/\/alacip.org\/?post_type=todasponencias&#038;p=36189"},"modified":"2020-09-02T20:51:36","modified_gmt":"2020-09-02T23:51:36","slug":"la-recentralizacion-municipal-en-argentina","status":"publish","type":"todasponencias","link":"https:\/\/alacip.org\/?todasponencias=la-recentralizacion-municipal-en-argentina","title":{"rendered":"La recentralizaci\u00f3n municipal en Argentina"},"content":{"rendered":"\n<p>El r\u00e9gimen municipal argentino hizo innecesario un proceso de descentralizaci\u00f3n pol\u00edtica y administrativa equivalente al de otros pa\u00edses latinoamericanos. No obstante, desde la d\u00e9cada de 1980 se revaloriz\u00f3 su papel, con la municipalizaci\u00f3n de servicios p\u00fablicos y la aparici\u00f3n de pol\u00edticas locales de desarrollo econ\u00f3mico y social. La crisis pol\u00edtica y econ\u00f3mica de 2001 mostr\u00f3 la madurez de los municipios en su resoluci\u00f3n.<\/p>\n\n\n\n<!--more-->\n\n\n\n<div style=\"text-align:center\" class=\"wp-block-atomic-blocks-ab-button ab-block-button\"><a href=\"https:\/\/alacip.org\/cong17\/gi19-dcravacuore-9c-m.pdf\" class=\"ab-button ab-button-shape-circular ab-button-size-medium\" style=\"color:#ffffff;background-color:#3373dc\">Descargar Archivo<\/a><\/div>\n","protected":false},"featured_media":0,"template":"","meta":{"_genesis_hide_title":false,"_genesis_hide_breadcrumbs":false,"_genesis_hide_singular_image":false,"_genesis_hide_footer_widgets":false,"_genesis_custom_body_class":"","_genesis_custom_post_class":"","_genesis_layout":""},"filtro":[105],"anocongresso":[586],"conginstituicion":[401],"areatema":[591],"class_list":{"0":"post-36189","1":"todasponencias","2":"type-todasponencias","3":"status-publish","5":"filtro-argentina","6":"anocongresso-586","7":"conginstituicion-universidad-nacional-de-quilmes","8":"areatema-politica-y-gobiernos-subnacionales-en-america-latina","9":"entry"},"_links":{"self":[{"href":"https:\/\/alacip.org\/index.php?rest_route=\/wp\/v2\/todasponencias\/36189","targetHints":{"allow":["GET"]}}],"collection":[{"href":"https:\/\/alacip.org\/index.php?rest_route=\/wp\/v2\/todasponencias"}],"about":[{"href":"https:\/\/alacip.org\/index.php?rest_route=\/wp\/v2\/types\/todasponencias"}],"wp:attachment":[{"href":"https:\/\/alacip.org\/index.php?rest_route=%2Fwp%2Fv2%2Fmedia&parent=36189"}],"wp:term":[{"taxonomy":"filtro","embeddable":true,"href":"https:\/\/alacip.org\/index.php?rest_route=%2Fwp%2Fv2%2Ffiltro&post=36189"},{"taxonomy":"anocongresso","embeddable":true,"href":"https:\/\/alacip.org\/index.php?rest_route=%2Fwp%2Fv2%2Fanocongresso&post=36189"},{"taxonomy":"conginstituicion","embeddable":true,"href":"https:\/\/alacip.org\/index.php?rest_route=%2Fwp%2Fv2%2Fconginstituicion&post=36189"},{"taxonomy":"areatema","embeddable":true,"href":"https:\/\/alacip.org\/index.php?rest_route=%2Fwp%2Fv2%2Fareatema&post=36189"}],"curies":[{"name":"wp","href":"https:\/\/api.w.org\/{rel}","templated":true}]}}

La recentralización municipal en Argentina

<p>El régimen municipal argentino hizo innecesario un proceso de descentralización política y administrativa equivalente al de otros países latinoamericanos. No obstante, desde la década de 1980 se revalorizó su papel, con la municipalización de servicios públicos y la aparición de políticas locales de desarrollo económico y social. La crisis política y económica de 2001 mostró la madurez de los municipios en su resolución.</p>



<!--more-->



<div style="text-align:center" class="wp-block-atomic-blocks-ab-button ab-block-button"><a href="https://alacip.org/cong17/gi19-dcravacuore-9c-m.pdf" class="ab-button ab-button-shape-circular ab-button-size-medium" style="color:#ffffff;background-color:#3373dc">Descargar Archivo</a></div>
