{"id":36190,"date":"2020-08-23T15:46:33","date_gmt":"2020-08-23T18:46:33","guid":{"rendered":"https:\/\/alacip.org\/?post_type=todasponencias&#038;p=36190"},"modified":"2020-09-02T20:51:08","modified_gmt":"2020-09-02T23:51:08","slug":"la-recentralizacion-en-el-federalismo-brasileno-una-salida","status":"publish","type":"todasponencias","link":"https:\/\/alacip.org\/?todasponencias=la-recentralizacion-en-el-federalismo-brasileno-una-salida","title":{"rendered":"La recentralizaci\u00f3n en el federalismo brasile\u00f1o: una salida con muchas sendas"},"content":{"rendered":"\n<p>Este trabalho descrever \u00e1reas em que se pode constatar uma revers\u00e3o ou acr\u00e9scimo de novas regras do desenho federativo nascido em 1988, pois assim \u00e9 possivel uma aproxima\u00e7\u00e3o anal\u00edtica do processo de recentraliza\u00e7\u00e3o no Brasil.<\/p>\n\n\n\n<!--more-->\n\n\n\n<div style=\"text-align:center\" class=\"wp-block-atomic-blocks-ab-button ab-block-button\"><a href=\"https:\/\/alacip.org\/cong17\/gi19-ejgrin-9c.pdf\" class=\"ab-button ab-button-shape-circular ab-button-size-medium\" style=\"color:#ffffff;background-color:#3373dc\">Descargar Archivo<\/a><\/div>\n","protected":false},"featured_media":0,"template":"","meta":{"_genesis_hide_title":false,"_genesis_hide_breadcrumbs":false,"_genesis_hide_singular_image":false,"_genesis_hide_footer_widgets":false,"_genesis_custom_body_class":"","_genesis_custom_post_class":"","_genesis_layout":""},"filtro":[142],"anocongresso":[586],"conginstituicion":[153],"areatema":[591],"class_list":{"0":"post-36190","1":"todasponencias","2":"type-todasponencias","3":"status-publish","5":"filtro-sem-pais","6":"anocongresso-586","7":"conginstituicion-s","8":"areatema-politica-y-gobiernos-subnacionales-en-america-latina","9":"entry"},"_links":{"self":[{"href":"https:\/\/alacip.org\/index.php?rest_route=\/wp\/v2\/todasponencias\/36190","targetHints":{"allow":["GET"]}}],"collection":[{"href":"https:\/\/alacip.org\/index.php?rest_route=\/wp\/v2\/todasponencias"}],"about":[{"href":"https:\/\/alacip.org\/index.php?rest_route=\/wp\/v2\/types\/todasponencias"}],"wp:attachment":[{"href":"https:\/\/alacip.org\/index.php?rest_route=%2Fwp%2Fv2%2Fmedia&parent=36190"}],"wp:term":[{"taxonomy":"filtro","embeddable":true,"href":"https:\/\/alacip.org\/index.php?rest_route=%2Fwp%2Fv2%2Ffiltro&post=36190"},{"taxonomy":"anocongresso","embeddable":true,"href":"https:\/\/alacip.org\/index.php?rest_route=%2Fwp%2Fv2%2Fanocongresso&post=36190"},{"taxonomy":"conginstituicion","embeddable":true,"href":"https:\/\/alacip.org\/index.php?rest_route=%2Fwp%2Fv2%2Fconginstituicion&post=36190"},{"taxonomy":"areatema","embeddable":true,"href":"https:\/\/alacip.org\/index.php?rest_route=%2Fwp%2Fv2%2Fareatema&post=36190"}],"curies":[{"name":"wp","href":"https:\/\/api.w.org\/{rel}","templated":true}]}}

La recentralización en el federalismo brasileño: una salida con muchas sendas

<p>Este trabalho descrever áreas em que se pode constatar uma reversão ou acréscimo de novas regras do desenho federativo nascido em 1988, pois assim é possivel uma aproximação analítica do processo de recentralização no Brasil.</p>



<!--more-->



<div style="text-align:center" class="wp-block-atomic-blocks-ab-button ab-block-button"><a href="https://alacip.org/cong17/gi19-ejgrin-9c.pdf" class="ab-button ab-button-shape-circular ab-button-size-medium" style="color:#ffffff;background-color:#3373dc">Descargar Archivo</a></div>
