{"id":37691,"date":"2020-09-21T19:23:56","date_gmt":"2020-09-21T22:23:56","guid":{"rendered":"https:\/\/alacip.org\/?post_type=todasponencias&#038;p=37691"},"modified":"2020-10-05T09:17:21","modified_gmt":"2020-10-05T12:17:21","slug":"politica-de-consumo-de-sustancias-psicoactivas-en-medellin","status":"publish","type":"todasponencias","link":"https:\/\/alacip.org\/?todasponencias=politica-de-consumo-de-sustancias-psicoactivas-en-medellin","title":{"rendered":"Pol\u00edtica de consumo de sustancias psicoactivas en Medell\u00edn con perspectiva de g\u00e9nero y postconflicto"},"content":{"rendered":"\n<p>Ante la fallida guerra contra las Drogas los pa\u00edses Latinoamericanos han consolidado el debate de esta problem\u00e1tica en la agenda internacional replanteando y vislumbrando la necesidad de un nuevo enfoque.<\/p>\n\n\n\n<!--more-->\n\n\n\n<div style=\"text-align:center\" class=\"wp-block-atomic-blocks-ab-button ab-block-button\"><a href=\"https:\/\/alacip.org\/cong15\/app-aricapa8c.pdf\" class=\"ab-button ab-button-shape-circular ab-button-size-medium\" style=\"color:#ffffff;background-color:#3373dc\">Descargar Archivo<\/a><\/div>\n\n\n\n<p><\/p>\n","protected":false},"featured_media":0,"template":"","meta":{"_genesis_hide_title":false,"_genesis_hide_breadcrumbs":false,"_genesis_hide_singular_image":false,"_genesis_hide_footer_widgets":false,"_genesis_custom_body_class":"","_genesis_custom_post_class":"","_genesis_layout":""},"filtro":[109],"anocongresso":[778],"conginstituicion":[229],"areatema":[158],"class_list":{"0":"post-37691","1":"todasponencias","2":"type-todasponencias","3":"status-publish","5":"filtro-colombia","6":"anocongresso-778","7":"conginstituicion-uncolombia","8":"areatema-admpulpo","9":"entry"},"_links":{"self":[{"href":"https:\/\/alacip.org\/index.php?rest_route=\/wp\/v2\/todasponencias\/37691","targetHints":{"allow":["GET"]}}],"collection":[{"href":"https:\/\/alacip.org\/index.php?rest_route=\/wp\/v2\/todasponencias"}],"about":[{"href":"https:\/\/alacip.org\/index.php?rest_route=\/wp\/v2\/types\/todasponencias"}],"wp:attachment":[{"href":"https:\/\/alacip.org\/index.php?rest_route=%2Fwp%2Fv2%2Fmedia&parent=37691"}],"wp:term":[{"taxonomy":"filtro","embeddable":true,"href":"https:\/\/alacip.org\/index.php?rest_route=%2Fwp%2Fv2%2Ffiltro&post=37691"},{"taxonomy":"anocongresso","embeddable":true,"href":"https:\/\/alacip.org\/index.php?rest_route=%2Fwp%2Fv2%2Fanocongresso&post=37691"},{"taxonomy":"conginstituicion","embeddable":true,"href":"https:\/\/alacip.org\/index.php?rest_route=%2Fwp%2Fv2%2Fconginstituicion&post=37691"},{"taxonomy":"areatema","embeddable":true,"href":"https:\/\/alacip.org\/index.php?rest_route=%2Fwp%2Fv2%2Fareatema&post=37691"}],"curies":[{"name":"wp","href":"https:\/\/api.w.org\/{rel}","templated":true}]}}

Política de consumo de sustancias psicoactivas en Medellín con perspectiva de género y postconflicto

<p>Ante la fallida guerra contra las Drogas los países Latinoamericanos han consolidado el debate de esta problemática en la agenda internacional replanteando y vislumbrando la necesidad de un nuevo enfoque.</p>



<!--more-->



<div style="text-align:center" class="wp-block-atomic-blocks-ab-button ab-block-button"><a href="https://alacip.org/cong15/app-aricapa8c.pdf" class="ab-button ab-button-shape-circular ab-button-size-medium" style="color:#ffffff;background-color:#3373dc">Descargar Archivo</a></div>



<p></p>
