{"id":37694,"date":"2020-09-21T19:45:26","date_gmt":"2020-09-21T22:45:26","guid":{"rendered":"https:\/\/alacip.org\/?post_type=todasponencias&#038;p=37694"},"modified":"2020-10-05T09:17:06","modified_gmt":"2020-10-05T12:17:06","slug":"governos-de-esquerda-e-politicas-sociais-na-america-latina","status":"publish","type":"todasponencias","link":"https:\/\/alacip.org\/?todasponencias=governos-de-esquerda-e-politicas-sociais-na-america-latina","title":{"rendered":"Governos de esquerda e pol\u00edticas sociais na Am\u00e9rica Latina: uma proposta anal\u00edtica para o estudo das pol\u00edticas de sa\u00fade e educa\u00e7\u00e3o na Bol\u00edvia e na Venezuela1"},"content":{"rendered":"\n<p>Os atuais governos da Bol\u00edvia e da Venezuela costumam ser considerados pela literatura como os mais radicais entre os governos de esquerda da regi\u00e3o.<\/p>\n\n\n\n<!--more-->\n\n\n\n<div style=\"text-align:center\" class=\"wp-block-atomic-blocks-ab-button ab-block-button\"><a href=\"https:\/\/alacip.org\/cong15\/app-baggia8c.pdf\" class=\"ab-button ab-button-shape-circular ab-button-size-medium\" style=\"color:#ffffff;background-color:#3373dc\">Descargar Archivo<\/a><\/div>\n\n\n\n<p><\/p>\n","protected":false},"featured_media":0,"template":"","meta":{"_genesis_hide_title":false,"_genesis_hide_breadcrumbs":false,"_genesis_hide_singular_image":false,"_genesis_hide_footer_widgets":false,"_genesis_custom_body_class":"","_genesis_custom_post_class":"","_genesis_layout":""},"filtro":[102],"anocongresso":[778],"conginstituicion":[381],"areatema":[158],"class_list":{"0":"post-37694","1":"todasponencias","2":"type-todasponencias","3":"status-publish","5":"filtro-brasil","6":"anocongresso-778","7":"conginstituicion-uminas-geais","8":"areatema-admpulpo","9":"entry"},"_links":{"self":[{"href":"https:\/\/alacip.org\/index.php?rest_route=\/wp\/v2\/todasponencias\/37694","targetHints":{"allow":["GET"]}}],"collection":[{"href":"https:\/\/alacip.org\/index.php?rest_route=\/wp\/v2\/todasponencias"}],"about":[{"href":"https:\/\/alacip.org\/index.php?rest_route=\/wp\/v2\/types\/todasponencias"}],"wp:attachment":[{"href":"https:\/\/alacip.org\/index.php?rest_route=%2Fwp%2Fv2%2Fmedia&parent=37694"}],"wp:term":[{"taxonomy":"filtro","embeddable":true,"href":"https:\/\/alacip.org\/index.php?rest_route=%2Fwp%2Fv2%2Ffiltro&post=37694"},{"taxonomy":"anocongresso","embeddable":true,"href":"https:\/\/alacip.org\/index.php?rest_route=%2Fwp%2Fv2%2Fanocongresso&post=37694"},{"taxonomy":"conginstituicion","embeddable":true,"href":"https:\/\/alacip.org\/index.php?rest_route=%2Fwp%2Fv2%2Fconginstituicion&post=37694"},{"taxonomy":"areatema","embeddable":true,"href":"https:\/\/alacip.org\/index.php?rest_route=%2Fwp%2Fv2%2Fareatema&post=37694"}],"curies":[{"name":"wp","href":"https:\/\/api.w.org\/{rel}","templated":true}]}}

Governos de esquerda e políticas sociais na América Latina: uma proposta analítica para o estudo das políticas de saúde e educação na Bolívia e na Venezuela1

<p>Os atuais governos da Bolívia e da Venezuela costumam ser considerados pela literatura como os mais radicais entre os governos de esquerda da região.</p>



<!--more-->



<div style="text-align:center" class="wp-block-atomic-blocks-ab-button ab-block-button"><a href="https://alacip.org/cong15/app-baggia8c.pdf" class="ab-button ab-button-shape-circular ab-button-size-medium" style="color:#ffffff;background-color:#3373dc">Descargar Archivo</a></div>



<p></p>
