{"id":37715,"date":"2020-09-22T20:13:45","date_gmt":"2020-09-22T23:13:45","guid":{"rendered":"https:\/\/alacip.org\/?post_type=todasponencias&#038;p=37715"},"modified":"2020-10-05T09:16:09","modified_gmt":"2020-10-05T12:16:09","slug":"consumo-y-regionalizacion-el-reto-de-la-desbogotanizacion","status":"publish","type":"todasponencias","link":"https:\/\/alacip.org\/?todasponencias=consumo-y-regionalizacion-el-reto-de-la-desbogotanizacion","title":{"rendered":"Consumo y Regionalizaci\u00f3n: El reto de La Desbogotanizaci\u00f3n de la Pol\u00edtica P\u00fablica en Colombia en el Marco del Nuevo Estatuto del Consumidor"},"content":{"rendered":"\n<p>Este trabajo da cuenta de un proyecto de investigaci\u00f3n asociado a un Programa en curso referido a la pol\u00edtica p\u00fablica de Consumo aprobado por el departamento Administrativo de Ciencias y Tecnolog\u00eda(COLCIENCIAS)<\/p>\n\n\n\n<!--more-->\n\n\n\n<div style=\"text-align:center\" class=\"wp-block-atomic-blocks-ab-button ab-block-button\"><a href=\"https:\/\/alacip.org\/cong15\/app-contreras8c.pdf\" class=\"ab-button ab-button-shape-circular ab-button-size-medium\" style=\"color:#ffffff;background-color:#3373dc\">Descargar Archivo<\/a><\/div>\n\n\n\n<p><\/p>\n","protected":false},"featured_media":0,"template":"","meta":{"_genesis_hide_title":false,"_genesis_hide_breadcrumbs":false,"_genesis_hide_singular_image":false,"_genesis_hide_footer_widgets":false,"_genesis_custom_body_class":"","_genesis_custom_post_class":"","_genesis_layout":""},"filtro":[109],"anocongresso":[778],"conginstituicion":[516],"areatema":[158],"class_list":{"0":"post-37715","1":"todasponencias","2":"type-todasponencias","3":"status-publish","5":"filtro-colombia","6":"anocongresso-778","7":"conginstituicion-universidad-de-cartagena","8":"areatema-admpulpo","9":"entry"},"_links":{"self":[{"href":"https:\/\/alacip.org\/index.php?rest_route=\/wp\/v2\/todasponencias\/37715","targetHints":{"allow":["GET"]}}],"collection":[{"href":"https:\/\/alacip.org\/index.php?rest_route=\/wp\/v2\/todasponencias"}],"about":[{"href":"https:\/\/alacip.org\/index.php?rest_route=\/wp\/v2\/types\/todasponencias"}],"wp:attachment":[{"href":"https:\/\/alacip.org\/index.php?rest_route=%2Fwp%2Fv2%2Fmedia&parent=37715"}],"wp:term":[{"taxonomy":"filtro","embeddable":true,"href":"https:\/\/alacip.org\/index.php?rest_route=%2Fwp%2Fv2%2Ffiltro&post=37715"},{"taxonomy":"anocongresso","embeddable":true,"href":"https:\/\/alacip.org\/index.php?rest_route=%2Fwp%2Fv2%2Fanocongresso&post=37715"},{"taxonomy":"conginstituicion","embeddable":true,"href":"https:\/\/alacip.org\/index.php?rest_route=%2Fwp%2Fv2%2Fconginstituicion&post=37715"},{"taxonomy":"areatema","embeddable":true,"href":"https:\/\/alacip.org\/index.php?rest_route=%2Fwp%2Fv2%2Fareatema&post=37715"}],"curies":[{"name":"wp","href":"https:\/\/api.w.org\/{rel}","templated":true}]}}

Consumo y Regionalización: El reto de La Desbogotanización de la Política Pública en Colombia en el Marco del Nuevo Estatuto del Consumidor

<p>Este trabajo da cuenta de un proyecto de investigación asociado a un Programa en curso referido a la política pública de Consumo aprobado por el departamento Administrativo de Ciencias y Tecnología(COLCIENCIAS)</p>



<!--more-->



<div style="text-align:center" class="wp-block-atomic-blocks-ab-button ab-block-button"><a href="https://alacip.org/cong15/app-contreras8c.pdf" class="ab-button ab-button-shape-circular ab-button-size-medium" style="color:#ffffff;background-color:#3373dc">Descargar Archivo</a></div>



<p></p>
