{"id":37717,"date":"2020-09-22T20:24:44","date_gmt":"2020-09-22T23:24:44","guid":{"rendered":"https:\/\/alacip.org\/?post_type=todasponencias&#038;p=37717"},"modified":"2020-10-05T09:15:58","modified_gmt":"2020-10-05T12:15:58","slug":"participacion-comunitaria-en-la-configuracion-de-la-agenda","status":"publish","type":"todasponencias","link":"https:\/\/alacip.org\/?todasponencias=participacion-comunitaria-en-la-configuracion-de-la-agenda","title":{"rendered":"Participaci\u00f3n comunitaria en la configuraci\u00f3n de la agenda p\u00fablica en Antioquia. El caso de la articulaci\u00f3n entre la universidad p\u00fablica y los gobierno locales de El Carmen de Viboral y Turbo"},"content":{"rendered":"\n<p>En la configuraci\u00f3n de la agenda p\u00fablica en el departamento de Antioquia,<br>resulta trascendente la articulaci\u00f3n entre la academia y los gobiernos locales (El Carmen de Viboral y Turbo), debido a cuestiones como:<\/p>\n\n\n\n<!--more-->\n\n\n\n<div style=\"text-align:center\" class=\"wp-block-atomic-blocks-ab-button ab-block-button\"><a href=\"https:\/\/alacip.org\/cong15\/app-cortes8c.pdf\" class=\"ab-button ab-button-shape-circular ab-button-size-medium\" style=\"color:#ffffff;background-color:#3373dc\">Descargar Archivo<\/a><\/div>\n\n\n\n<p><\/p>\n","protected":false},"featured_media":0,"template":"","meta":{"_genesis_hide_title":false,"_genesis_hide_breadcrumbs":false,"_genesis_hide_singular_image":false,"_genesis_hide_footer_widgets":false,"_genesis_custom_body_class":"","_genesis_custom_post_class":"","_genesis_layout":""},"filtro":[109],"anocongresso":[778],"conginstituicion":[235],"areatema":[158],"class_list":{"0":"post-37717","1":"todasponencias","2":"type-todasponencias","3":"status-publish","5":"filtro-colombia","6":"anocongresso-778","7":"conginstituicion-uantioquia","8":"areatema-admpulpo","9":"entry"},"_links":{"self":[{"href":"https:\/\/alacip.org\/index.php?rest_route=\/wp\/v2\/todasponencias\/37717","targetHints":{"allow":["GET"]}}],"collection":[{"href":"https:\/\/alacip.org\/index.php?rest_route=\/wp\/v2\/todasponencias"}],"about":[{"href":"https:\/\/alacip.org\/index.php?rest_route=\/wp\/v2\/types\/todasponencias"}],"wp:attachment":[{"href":"https:\/\/alacip.org\/index.php?rest_route=%2Fwp%2Fv2%2Fmedia&parent=37717"}],"wp:term":[{"taxonomy":"filtro","embeddable":true,"href":"https:\/\/alacip.org\/index.php?rest_route=%2Fwp%2Fv2%2Ffiltro&post=37717"},{"taxonomy":"anocongresso","embeddable":true,"href":"https:\/\/alacip.org\/index.php?rest_route=%2Fwp%2Fv2%2Fanocongresso&post=37717"},{"taxonomy":"conginstituicion","embeddable":true,"href":"https:\/\/alacip.org\/index.php?rest_route=%2Fwp%2Fv2%2Fconginstituicion&post=37717"},{"taxonomy":"areatema","embeddable":true,"href":"https:\/\/alacip.org\/index.php?rest_route=%2Fwp%2Fv2%2Fareatema&post=37717"}],"curies":[{"name":"wp","href":"https:\/\/api.w.org\/{rel}","templated":true}]}}

Participación comunitaria en la configuración de la agenda pública en Antioquia. El caso de la articulación entre la universidad pública y los gobierno locales de El Carmen de Viboral y Turbo

<p>En la configuración de la agenda pública en el departamento de Antioquia,<br>resulta trascendente la articulación entre la academia y los gobiernos locales (El Carmen de Viboral y Turbo), debido a cuestiones como:</p>



<!--more-->



<div style="text-align:center" class="wp-block-atomic-blocks-ab-button ab-block-button"><a href="https://alacip.org/cong15/app-cortes8c.pdf" class="ab-button ab-button-shape-circular ab-button-size-medium" style="color:#ffffff;background-color:#3373dc">Descargar Archivo</a></div>



<p></p>
