{"id":37721,"date":"2020-09-23T10:39:27","date_gmt":"2020-09-23T13:39:27","guid":{"rendered":"https:\/\/alacip.org\/?post_type=todasponencias&#038;p=37721"},"modified":"2020-09-23T10:39:29","modified_gmt":"2020-09-23T13:39:29","slug":"intersetorialidade-e-transversalidade-em-politicas-publicas-para-as-juventudes-no-brasil","status":"publish","type":"todasponencias","link":"https:\/\/alacip.org\/?todasponencias=intersetorialidade-e-transversalidade-em-politicas-publicas-para-as-juventudes-no-brasil","title":{"rendered":"Intersetorialidade e transversalidade em pol\u00edticas p\u00fablicas para as juventudes no Brasil"},"content":{"rendered":"\n<p>A estrutura\u00e7\u00e3o das pol\u00edticas sociais brasileiras alicer\u00e7adas em pilares setoriais hierarquizados, independentes e especializados muitas vezes constitui um entrave para solucionar problemas p\u00fablicos, dada a crescente complexidade da estrutura socioecon\u00f4mica e cultural do pa\u00eds.<\/p>\n\n\n\n<!--more-->\n\n\n\n<div style=\"text-align:center\" class=\"wp-block-atomic-blocks-ab-button ab-block-button\"><a href=\"https:\/\/alacip.org\/cong15\/app-desouza8c.pdf\" class=\"ab-button ab-button-shape-circular ab-button-size-medium\" style=\"color:#ffffff;background-color:#3373dc\">Descargar Archivo<\/a><\/div>\n\n\n\n<p><\/p>\n","protected":false},"featured_media":0,"template":"","meta":{"_genesis_hide_title":false,"_genesis_hide_breadcrumbs":false,"_genesis_hide_singular_image":false,"_genesis_hide_footer_widgets":false,"_genesis_custom_body_class":"","_genesis_custom_post_class":"","_genesis_layout":""},"filtro":[102],"anocongresso":[778],"conginstituicion":[248],"areatema":[158],"class_list":{"0":"post-37721","1":"todasponencias","2":"type-todasponencias","3":"status-publish","5":"filtro-brasil","6":"anocongresso-778","7":"conginstituicion-fgv-sp","8":"areatema-admpulpo","9":"entry"},"_links":{"self":[{"href":"https:\/\/alacip.org\/index.php?rest_route=\/wp\/v2\/todasponencias\/37721","targetHints":{"allow":["GET"]}}],"collection":[{"href":"https:\/\/alacip.org\/index.php?rest_route=\/wp\/v2\/todasponencias"}],"about":[{"href":"https:\/\/alacip.org\/index.php?rest_route=\/wp\/v2\/types\/todasponencias"}],"wp:attachment":[{"href":"https:\/\/alacip.org\/index.php?rest_route=%2Fwp%2Fv2%2Fmedia&parent=37721"}],"wp:term":[{"taxonomy":"filtro","embeddable":true,"href":"https:\/\/alacip.org\/index.php?rest_route=%2Fwp%2Fv2%2Ffiltro&post=37721"},{"taxonomy":"anocongresso","embeddable":true,"href":"https:\/\/alacip.org\/index.php?rest_route=%2Fwp%2Fv2%2Fanocongresso&post=37721"},{"taxonomy":"conginstituicion","embeddable":true,"href":"https:\/\/alacip.org\/index.php?rest_route=%2Fwp%2Fv2%2Fconginstituicion&post=37721"},{"taxonomy":"areatema","embeddable":true,"href":"https:\/\/alacip.org\/index.php?rest_route=%2Fwp%2Fv2%2Fareatema&post=37721"}],"curies":[{"name":"wp","href":"https:\/\/api.w.org\/{rel}","templated":true}]}}

Intersetorialidade e transversalidade em políticas públicas para as juventudes no Brasil

<p>A estruturação das políticas sociais brasileiras alicerçadas em pilares setoriais hierarquizados, independentes e especializados muitas vezes constitui um entrave para solucionar problemas públicos, dada a crescente complexidade da estrutura socioeconômica e cultural do país.</p>



<!--more-->



<div style="text-align:center" class="wp-block-atomic-blocks-ab-button ab-block-button"><a href="https://alacip.org/cong15/app-desouza8c.pdf" class="ab-button ab-button-shape-circular ab-button-size-medium" style="color:#ffffff;background-color:#3373dc">Descargar Archivo</a></div>



<p></p>
