{"id":37722,"date":"2020-09-23T10:44:51","date_gmt":"2020-09-23T13:44:51","guid":{"rendered":"https:\/\/alacip.org\/?post_type=todasponencias&#038;p=37722"},"modified":"2020-09-23T10:44:52","modified_gmt":"2020-09-23T13:44:52","slug":"desfinanciamiento-de-las-universidades-estatales-en-colombia","status":"publish","type":"todasponencias","link":"https:\/\/alacip.org\/?todasponencias=desfinanciamiento-de-las-universidades-estatales-en-colombia","title":{"rendered":"Desfinanciamiento de las universidades estatales en Colombia."},"content":{"rendered":"\n<p>A partir de la liberalizaci\u00f3n econ\u00f3mica y comercial en la d\u00e9cada de los noventa, el gobierno colombiano encabezado por C\u00e9sar Gaviria aplic\u00f3 formalmente este modelo econ\u00f3mico a trav\u00e9s de la Constituci\u00f3n Pol\u00edtica de 1991.<\/p>\n\n\n\n<!--more-->\n\n\n\n<div style=\"text-align:center\" class=\"wp-block-atomic-blocks-ab-button ab-block-button\"><a href=\"https:\/\/alacip.org\/cong15\/app-diaz8c.pdf\" class=\"ab-button ab-button-shape-circular ab-button-size-medium\" style=\"color:#ffffff;background-color:#3373dc\">Descargar Archivo<\/a><\/div>\n\n\n\n<p><\/p>\n","protected":false},"featured_media":0,"template":"","meta":{"_genesis_hide_title":false,"_genesis_hide_breadcrumbs":false,"_genesis_hide_singular_image":false,"_genesis_hide_footer_widgets":false,"_genesis_custom_body_class":"","_genesis_custom_post_class":"","_genesis_layout":""},"filtro":[142],"anocongresso":[778],"conginstituicion":[153],"areatema":[158],"class_list":{"0":"post-37722","1":"todasponencias","2":"type-todasponencias","3":"status-publish","5":"filtro-sem-pais","6":"anocongresso-778","7":"conginstituicion-s","8":"areatema-admpulpo","9":"entry"},"_links":{"self":[{"href":"https:\/\/alacip.org\/index.php?rest_route=\/wp\/v2\/todasponencias\/37722","targetHints":{"allow":["GET"]}}],"collection":[{"href":"https:\/\/alacip.org\/index.php?rest_route=\/wp\/v2\/todasponencias"}],"about":[{"href":"https:\/\/alacip.org\/index.php?rest_route=\/wp\/v2\/types\/todasponencias"}],"wp:attachment":[{"href":"https:\/\/alacip.org\/index.php?rest_route=%2Fwp%2Fv2%2Fmedia&parent=37722"}],"wp:term":[{"taxonomy":"filtro","embeddable":true,"href":"https:\/\/alacip.org\/index.php?rest_route=%2Fwp%2Fv2%2Ffiltro&post=37722"},{"taxonomy":"anocongresso","embeddable":true,"href":"https:\/\/alacip.org\/index.php?rest_route=%2Fwp%2Fv2%2Fanocongresso&post=37722"},{"taxonomy":"conginstituicion","embeddable":true,"href":"https:\/\/alacip.org\/index.php?rest_route=%2Fwp%2Fv2%2Fconginstituicion&post=37722"},{"taxonomy":"areatema","embeddable":true,"href":"https:\/\/alacip.org\/index.php?rest_route=%2Fwp%2Fv2%2Fareatema&post=37722"}],"curies":[{"name":"wp","href":"https:\/\/api.w.org\/{rel}","templated":true}]}}

<p>A partir de la liberalización económica y comercial en la década de los noventa, el gobierno colombiano encabezado por César Gaviria aplicó formalmente este modelo económico a través de la Constitución Política de 1991.</p>



<!--more-->



<div style="text-align:center" class="wp-block-atomic-blocks-ab-button ab-block-button"><a href="https://alacip.org/cong15/app-diaz8c.pdf" class="ab-button ab-button-shape-circular ab-button-size-medium" style="color:#ffffff;background-color:#3373dc">Descargar Archivo</a></div>



<p></p>
