{"id":37723,"date":"2020-09-23T10:51:00","date_gmt":"2020-09-23T13:51:00","guid":{"rendered":"https:\/\/alacip.org\/?post_type=todasponencias&#038;p=37723"},"modified":"2020-10-05T09:15:26","modified_gmt":"2020-10-05T12:15:26","slug":"la-politica-publica-social-como-espacio-de-disputa-politica","status":"publish","type":"todasponencias","link":"https:\/\/alacip.org\/?todasponencias=la-politica-publica-social-como-espacio-de-disputa-politica","title":{"rendered":"La pol\u00edtica p\u00fablica social como espacio de disputa (pol\u00edtica) en Argentina. Una lectura a partir de las dimensiones institucionales implicadas en un caso relevante"},"content":{"rendered":"\n<p>Durante la \u00faltima d\u00e9cada, en Argentina se busc\u00f3 generar un nuevo paradigma en pol\u00edticas sociales que acompa\u00f1ara las transformaciones vividas en los \u00e1mbitos pol\u00edticos, econ\u00f3micos, productivos, culturales y territoriales: dejar de presentar las intervenciones sociales como pr\u00e1cticas de asistencia a los pobres o a los desempleados para hacerlo en t\u00e9rminos de ampliaci\u00f3n de derechos, como pasaje fundamental.<\/p>\n\n\n\n<!--more-->\n\n\n\n<div style=\"text-align:center\" class=\"wp-block-atomic-blocks-ab-button ab-block-button\"><a href=\"https:\/\/alacip.org\/cong15\/app-diazz8c.pdf\" class=\"ab-button ab-button-shape-circular ab-button-size-medium\" style=\"color:#ffffff;background-color:#3373dc\">Descargar Archivo<\/a><\/div>\n\n\n\n<p><\/p>\n","protected":false},"featured_media":0,"template":"","meta":{"_genesis_hide_title":false,"_genesis_hide_breadcrumbs":false,"_genesis_hide_singular_image":false,"_genesis_hide_footer_widgets":false,"_genesis_custom_body_class":"","_genesis_custom_post_class":"","_genesis_layout":""},"filtro":[105],"anocongresso":[778],"conginstituicion":[336],"areatema":[158],"class_list":{"0":"post-37723","1":"todasponencias","2":"type-todasponencias","3":"status-publish","5":"filtro-argentina","6":"anocongresso-778","7":"conginstituicion-un-de-rosario-unr","8":"areatema-admpulpo","9":"entry"},"_links":{"self":[{"href":"https:\/\/alacip.org\/index.php?rest_route=\/wp\/v2\/todasponencias\/37723","targetHints":{"allow":["GET"]}}],"collection":[{"href":"https:\/\/alacip.org\/index.php?rest_route=\/wp\/v2\/todasponencias"}],"about":[{"href":"https:\/\/alacip.org\/index.php?rest_route=\/wp\/v2\/types\/todasponencias"}],"wp:attachment":[{"href":"https:\/\/alacip.org\/index.php?rest_route=%2Fwp%2Fv2%2Fmedia&parent=37723"}],"wp:term":[{"taxonomy":"filtro","embeddable":true,"href":"https:\/\/alacip.org\/index.php?rest_route=%2Fwp%2Fv2%2Ffiltro&post=37723"},{"taxonomy":"anocongresso","embeddable":true,"href":"https:\/\/alacip.org\/index.php?rest_route=%2Fwp%2Fv2%2Fanocongresso&post=37723"},{"taxonomy":"conginstituicion","embeddable":true,"href":"https:\/\/alacip.org\/index.php?rest_route=%2Fwp%2Fv2%2Fconginstituicion&post=37723"},{"taxonomy":"areatema","embeddable":true,"href":"https:\/\/alacip.org\/index.php?rest_route=%2Fwp%2Fv2%2Fareatema&post=37723"}],"curies":[{"name":"wp","href":"https:\/\/api.w.org\/{rel}","templated":true}]}}

La política pública social como espacio de disputa (política) en Argentina. Una lectura a partir de las dimensiones institucionales implicadas en un caso relevante

<p>Durante la última década, en Argentina se buscó generar un nuevo paradigma en políticas sociales que acompañara las transformaciones vividas en los ámbitos políticos, económicos, productivos, culturales y territoriales: dejar de presentar las intervenciones sociales como prácticas de asistencia a los pobres o a los desempleados para hacerlo en términos de ampliación de derechos, como pasaje fundamental.</p>



<!--more-->



<div style="text-align:center" class="wp-block-atomic-blocks-ab-button ab-block-button"><a href="https://alacip.org/cong15/app-diazz8c.pdf" class="ab-button ab-button-shape-circular ab-button-size-medium" style="color:#ffffff;background-color:#3373dc">Descargar Archivo</a></div>



<p></p>
