{"id":37746,"date":"2020-09-23T18:14:50","date_gmt":"2020-09-23T21:14:50","guid":{"rendered":"https:\/\/alacip.org\/?post_type=todasponencias&#038;p=37746"},"modified":"2020-10-05T09:14:07","modified_gmt":"2020-10-05T12:14:07","slug":"los-retos-de-la-gestion-publica-regional-en-el-marco-de-la","status":"publish","type":"todasponencias","link":"https:\/\/alacip.org\/?todasponencias=los-retos-de-la-gestion-publica-regional-en-el-marco-de-la","title":{"rendered":"Los retos de la gesti\u00f3n p\u00fablica regional en el marco de la descentralizaci\u00f3n en el Per\u00fa (2004-2014)"},"content":{"rendered":"\n<p>El proceso de descentralizaci\u00f3n lleva m\u00e1s de una d\u00e9cada en el Per\u00fa y son varios los informes y evaluaciones que se han producido sobre el mismo; adicional a los enfoques disciplinares con que se ha abordado este tema, se propone una aproximaci\u00f3n conceptual desde los objetivos que ha tenido la descentralizaci\u00f3n en Am\u00e9rica Latina tales como (i) emocr\u00e1ticoparticipativo, (ii) neoliberal, (iii) de eficiencia en los servicios y de (iv) desarrollo y equidad territorial, para a partir de all\u00ed clasificar los informes y balances.<\/p>\n\n\n\n<!--more-->\n\n\n\n<div style=\"text-align:center\" class=\"wp-block-atomic-blocks-ab-button ab-block-button\"><a href=\"https:\/\/alacip.org\/cong15\/app-kure8c.pdf\" class=\"ab-button ab-button-shape-circular ab-button-size-medium\" style=\"color:#ffffff;background-color:#3373dc\">Descargar Archivo<\/a><\/div>\n\n\n\n<p><\/p>\n","protected":false},"featured_media":0,"template":"","meta":{"_genesis_hide_title":false,"_genesis_hide_breadcrumbs":false,"_genesis_hide_singular_image":false,"_genesis_hide_footer_widgets":false,"_genesis_custom_body_class":"","_genesis_custom_post_class":"","_genesis_layout":""},"filtro":[109],"anocongresso":[778],"conginstituicion":[314],"areatema":[158],"class_list":{"0":"post-37746","1":"todasponencias","2":"type-todasponencias","3":"status-publish","5":"filtro-colombia","6":"anocongresso-778","7":"conginstituicion-universidad-eafit","8":"areatema-admpulpo","9":"entry"},"_links":{"self":[{"href":"https:\/\/alacip.org\/index.php?rest_route=\/wp\/v2\/todasponencias\/37746","targetHints":{"allow":["GET"]}}],"collection":[{"href":"https:\/\/alacip.org\/index.php?rest_route=\/wp\/v2\/todasponencias"}],"about":[{"href":"https:\/\/alacip.org\/index.php?rest_route=\/wp\/v2\/types\/todasponencias"}],"wp:attachment":[{"href":"https:\/\/alacip.org\/index.php?rest_route=%2Fwp%2Fv2%2Fmedia&parent=37746"}],"wp:term":[{"taxonomy":"filtro","embeddable":true,"href":"https:\/\/alacip.org\/index.php?rest_route=%2Fwp%2Fv2%2Ffiltro&post=37746"},{"taxonomy":"anocongresso","embeddable":true,"href":"https:\/\/alacip.org\/index.php?rest_route=%2Fwp%2Fv2%2Fanocongresso&post=37746"},{"taxonomy":"conginstituicion","embeddable":true,"href":"https:\/\/alacip.org\/index.php?rest_route=%2Fwp%2Fv2%2Fconginstituicion&post=37746"},{"taxonomy":"areatema","embeddable":true,"href":"https:\/\/alacip.org\/index.php?rest_route=%2Fwp%2Fv2%2Fareatema&post=37746"}],"curies":[{"name":"wp","href":"https:\/\/api.w.org\/{rel}","templated":true}]}}

Los retos de la gestión pública regional en el marco de la descentralización en el Perú (2004-2014)

<p>El proceso de descentralización lleva más de una década en el Perú y son varios los informes y evaluaciones que se han producido sobre el mismo; adicional a los enfoques disciplinares con que se ha abordado este tema, se propone una aproximación conceptual desde los objetivos que ha tenido la descentralización en América Latina tales como (i) emocráticoparticipativo, (ii) neoliberal, (iii) de eficiencia en los servicios y de (iv) desarrollo y equidad territorial, para a partir de allí clasificar los informes y balances.</p>



<!--more-->



<div style="text-align:center" class="wp-block-atomic-blocks-ab-button ab-block-button"><a href="https://alacip.org/cong15/app-kure8c.pdf" class="ab-button ab-button-shape-circular ab-button-size-medium" style="color:#ffffff;background-color:#3373dc">Descargar Archivo</a></div>



<p></p>
