{"id":37748,"date":"2020-09-23T18:47:44","date_gmt":"2020-09-23T21:47:44","guid":{"rendered":"https:\/\/alacip.org\/?post_type=todasponencias&#038;p=37748"},"modified":"2020-10-05T09:14:00","modified_gmt":"2020-10-05T12:14:00","slug":"calidad-del-gobierno-en-los-asesores-y-gerentes-contratados","status":"publish","type":"todasponencias","link":"https:\/\/alacip.org\/?todasponencias=calidad-del-gobierno-en-los-asesores-y-gerentes-contratados","title":{"rendered":"Calidad del gobierno en los asesores y gerentes contratados bajo el Fondo de Apoyo Gerencial de la Presidencia del Gobierno Regional de Arequipa 2011-2014"},"content":{"rendered":"\n<p>El presente trabajo presenta un an\u00e1lisis de la calidad de gobierno en los asesores y gerentes contratados bajo el sistema de Fondo de Apoyo Gerencial (FAG) del Gobierno Regional de Arequipa desde el a\u00f1o 2011 al 2014, en base a las premisas establecidas por Francis Fukuyama, que se desprenden de la teor\u00eda estructural de las burocracias p\u00fablicas de Max Weber, estudiando las categor\u00edas de autonom\u00eda y capacidad de las oficinas p\u00fablicas.<\/p>\n\n\n\n<!--more-->\n\n\n\n<div style=\"text-align:center\" class=\"wp-block-atomic-blocks-ab-button ab-block-button\"><a href=\"https:\/\/alacip.org\/cong15\/app-lazarte8c.pdf\" class=\"ab-button ab-button-shape-circular ab-button-size-medium\" style=\"color:#ffffff;background-color:#3373dc\">Descargar Archivo<\/a><\/div>\n\n\n\n<p><\/p>\n","protected":false},"featured_media":0,"template":"","meta":{"_genesis_hide_title":false,"_genesis_hide_breadcrumbs":false,"_genesis_hide_singular_image":false,"_genesis_hide_footer_widgets":false,"_genesis_custom_body_class":"","_genesis_custom_post_class":"","_genesis_layout":""},"filtro":[108],"anocongresso":[778],"conginstituicion":[783],"areatema":[158],"class_list":{"0":"post-37748","1":"todasponencias","2":"type-todasponencias","3":"status-publish","5":"filtro-peru","6":"anocongresso-778","7":"conginstituicion-universidad-catolica-san-pablo-ucsp","8":"areatema-admpulpo","9":"entry"},"_links":{"self":[{"href":"https:\/\/alacip.org\/index.php?rest_route=\/wp\/v2\/todasponencias\/37748","targetHints":{"allow":["GET"]}}],"collection":[{"href":"https:\/\/alacip.org\/index.php?rest_route=\/wp\/v2\/todasponencias"}],"about":[{"href":"https:\/\/alacip.org\/index.php?rest_route=\/wp\/v2\/types\/todasponencias"}],"wp:attachment":[{"href":"https:\/\/alacip.org\/index.php?rest_route=%2Fwp%2Fv2%2Fmedia&parent=37748"}],"wp:term":[{"taxonomy":"filtro","embeddable":true,"href":"https:\/\/alacip.org\/index.php?rest_route=%2Fwp%2Fv2%2Ffiltro&post=37748"},{"taxonomy":"anocongresso","embeddable":true,"href":"https:\/\/alacip.org\/index.php?rest_route=%2Fwp%2Fv2%2Fanocongresso&post=37748"},{"taxonomy":"conginstituicion","embeddable":true,"href":"https:\/\/alacip.org\/index.php?rest_route=%2Fwp%2Fv2%2Fconginstituicion&post=37748"},{"taxonomy":"areatema","embeddable":true,"href":"https:\/\/alacip.org\/index.php?rest_route=%2Fwp%2Fv2%2Fareatema&post=37748"}],"curies":[{"name":"wp","href":"https:\/\/api.w.org\/{rel}","templated":true}]}}

<p>El presente trabajo presenta un análisis de la calidad de gobierno en los asesores y gerentes contratados bajo el sistema de Fondo de Apoyo Gerencial (FAG) del Gobierno Regional de Arequipa desde el año 2011 al 2014, en base a las premisas establecidas por Francis Fukuyama, que se desprenden de la teoría estructural de las burocracias públicas de Max Weber, estudiando las categorías de autonomía y capacidad de las oficinas públicas.</p>



<!--more-->



<div style="text-align:center" class="wp-block-atomic-blocks-ab-button ab-block-button"><a href="https://alacip.org/cong15/app-lazarte8c.pdf" class="ab-button ab-button-shape-circular ab-button-size-medium" style="color:#ffffff;background-color:#3373dc">Descargar Archivo</a></div>



<p></p>
