{"id":37752,"date":"2020-09-23T19:28:58","date_gmt":"2020-09-23T22:28:58","guid":{"rendered":"https:\/\/alacip.org\/?post_type=todasponencias&#038;p=37752"},"modified":"2020-10-05T09:13:42","modified_gmt":"2020-10-05T12:13:42","slug":"politicas-publicas-na-area-da-educacao-superior-e-a-dinamica","status":"publish","type":"todasponencias","link":"https:\/\/alacip.org\/?todasponencias=politicas-publicas-na-area-da-educacao-superior-e-a-dinamica","title":{"rendered":"Pol\u00edticas p\u00fablicas na \u00e1rea da educa\u00e7\u00e3o superior e a din\u00e2mica do desenvolvimento: a experi\u00eancia brasileira recente"},"content":{"rendered":"\n<p>A virada dos anos 1990 para os anos 2000 marca, na Am\u00e9rica Latina, o fim do per\u00edodo de hegemonia liberal, e o consequente surgimento dos chamados Estados p\u00f3sneoliberais, com mudan\u00e7as em termos de gest\u00e3o macroecon\u00f4mica, mas, sobretudo, com rela\u00e7\u00e3o ao foco, escopo e abrang\u00eancia das pol\u00edticas de prote\u00e7\u00e3o e promo\u00e7\u00e3o social.<\/p>\n\n\n\n<!--more-->\n\n\n\n<div style=\"text-align:center\" class=\"wp-block-atomic-blocks-ab-button ab-block-button\"><a href=\"https:\/\/alacip.org\/cong15\/app-mattosesilva8c.pdf\" class=\"ab-button ab-button-shape-circular ab-button-size-medium\" style=\"color:#ffffff;background-color:#3373dc\">Descargar Archivo<\/a><\/div>\n\n\n\n<p><\/p>\n","protected":false},"featured_media":0,"template":"","meta":{"_genesis_hide_title":false,"_genesis_hide_breadcrumbs":false,"_genesis_hide_singular_image":false,"_genesis_hide_footer_widgets":false,"_genesis_custom_body_class":"","_genesis_custom_post_class":"","_genesis_layout":""},"filtro":[102],"anocongresso":[778],"conginstituicion":[221],"areatema":[158],"class_list":{"0":"post-37752","1":"todasponencias","2":"type-todasponencias","3":"status-publish","5":"filtro-brasil","6":"anocongresso-778","7":"conginstituicion-ufsao-carlos","8":"areatema-admpulpo","9":"entry"},"_links":{"self":[{"href":"https:\/\/alacip.org\/index.php?rest_route=\/wp\/v2\/todasponencias\/37752","targetHints":{"allow":["GET"]}}],"collection":[{"href":"https:\/\/alacip.org\/index.php?rest_route=\/wp\/v2\/todasponencias"}],"about":[{"href":"https:\/\/alacip.org\/index.php?rest_route=\/wp\/v2\/types\/todasponencias"}],"wp:attachment":[{"href":"https:\/\/alacip.org\/index.php?rest_route=%2Fwp%2Fv2%2Fmedia&parent=37752"}],"wp:term":[{"taxonomy":"filtro","embeddable":true,"href":"https:\/\/alacip.org\/index.php?rest_route=%2Fwp%2Fv2%2Ffiltro&post=37752"},{"taxonomy":"anocongresso","embeddable":true,"href":"https:\/\/alacip.org\/index.php?rest_route=%2Fwp%2Fv2%2Fanocongresso&post=37752"},{"taxonomy":"conginstituicion","embeddable":true,"href":"https:\/\/alacip.org\/index.php?rest_route=%2Fwp%2Fv2%2Fconginstituicion&post=37752"},{"taxonomy":"areatema","embeddable":true,"href":"https:\/\/alacip.org\/index.php?rest_route=%2Fwp%2Fv2%2Fareatema&post=37752"}],"curies":[{"name":"wp","href":"https:\/\/api.w.org\/{rel}","templated":true}]}}

Políticas públicas na área da educação superior e a dinâmica do desenvolvimento: a experiência brasileira recente

<p>A virada dos anos 1990 para os anos 2000 marca, na América Latina, o fim do período de hegemonia liberal, e o consequente surgimento dos chamados Estados pósneoliberais, com mudanças em termos de gestão macroeconômica, mas, sobretudo, com relação ao foco, escopo e abrangência das políticas de proteção e promoção social.</p>



<!--more-->



<div style="text-align:center" class="wp-block-atomic-blocks-ab-button ab-block-button"><a href="https://alacip.org/cong15/app-mattosesilva8c.pdf" class="ab-button ab-button-shape-circular ab-button-size-medium" style="color:#ffffff;background-color:#3373dc">Descargar Archivo</a></div>



<p></p>
