{"id":37775,"date":"2020-09-24T19:14:54","date_gmt":"2020-09-24T22:14:54","guid":{"rendered":"https:\/\/alacip.org\/?post_type=todasponencias&#038;p=37775"},"modified":"2020-10-05T09:12:41","modified_gmt":"2020-10-05T12:12:41","slug":"o-desafio-da-articulacao-e-coordenacao-intergovernamental-para","status":"publish","type":"todasponencias","link":"https:\/\/alacip.org\/?todasponencias=o-desafio-da-articulacao-e-coordenacao-intergovernamental-para","title":{"rendered":"O desafio da articula\u00e7\u00e3o e coordena\u00e7\u00e3o intergovernamental para o desenvolvimento da aquicultura na Amaz\u00f4nia: Uma an\u00e1lise sobre o governo do estado do Par\u00e1"},"content":{"rendered":"\n<p>O objetivo deste artigo \u00e9 analisar a articula\u00e7\u00e3o e coordena\u00e7\u00e3o entre o Governos Federal e Estadual na implementa\u00e7\u00e3o das pol\u00edticas p\u00fablicas voltadas a aquicultura no estado do Par\u00e1, estado situado na regi\u00e3o Amaz\u00f4nica do Brasil.<\/p>\n\n\n\n<!--more-->\n\n\n\n<div style=\"text-align:center\" class=\"wp-block-atomic-blocks-ab-button ab-block-button\"><a href=\"https:\/\/alacip.org\/cong15\/app-oliveira8c.pdf\" class=\"ab-button ab-button-shape-circular ab-button-size-medium\" style=\"color:#ffffff;background-color:#3373dc\">Descargar Archivo<\/a><\/div>\n\n\n\n<p><\/p>\n","protected":false},"featured_media":0,"template":"","meta":{"_genesis_hide_title":false,"_genesis_hide_breadcrumbs":false,"_genesis_hide_singular_image":false,"_genesis_hide_footer_widgets":false,"_genesis_custom_body_class":"","_genesis_custom_post_class":"","_genesis_layout":""},"filtro":[102],"anocongresso":[778],"conginstituicion":[221],"areatema":[158],"class_list":{"0":"post-37775","1":"todasponencias","2":"type-todasponencias","3":"status-publish","5":"filtro-brasil","6":"anocongresso-778","7":"conginstituicion-ufsao-carlos","8":"areatema-admpulpo","9":"entry"},"_links":{"self":[{"href":"https:\/\/alacip.org\/index.php?rest_route=\/wp\/v2\/todasponencias\/37775","targetHints":{"allow":["GET"]}}],"collection":[{"href":"https:\/\/alacip.org\/index.php?rest_route=\/wp\/v2\/todasponencias"}],"about":[{"href":"https:\/\/alacip.org\/index.php?rest_route=\/wp\/v2\/types\/todasponencias"}],"wp:attachment":[{"href":"https:\/\/alacip.org\/index.php?rest_route=%2Fwp%2Fv2%2Fmedia&parent=37775"}],"wp:term":[{"taxonomy":"filtro","embeddable":true,"href":"https:\/\/alacip.org\/index.php?rest_route=%2Fwp%2Fv2%2Ffiltro&post=37775"},{"taxonomy":"anocongresso","embeddable":true,"href":"https:\/\/alacip.org\/index.php?rest_route=%2Fwp%2Fv2%2Fanocongresso&post=37775"},{"taxonomy":"conginstituicion","embeddable":true,"href":"https:\/\/alacip.org\/index.php?rest_route=%2Fwp%2Fv2%2Fconginstituicion&post=37775"},{"taxonomy":"areatema","embeddable":true,"href":"https:\/\/alacip.org\/index.php?rest_route=%2Fwp%2Fv2%2Fareatema&post=37775"}],"curies":[{"name":"wp","href":"https:\/\/api.w.org\/{rel}","templated":true}]}}

O desafio da articulação e coordenação intergovernamental para o desenvolvimento da aquicultura na Amazônia: Uma análise sobre o governo do estado do Pará

<p>O objetivo deste artigo é analisar a articulação e coordenação entre o Governos Federal e Estadual na implementação das políticas públicas voltadas a aquicultura no estado do Pará, estado situado na região Amazônica do Brasil.</p>



<!--more-->



<div style="text-align:center" class="wp-block-atomic-blocks-ab-button ab-block-button"><a href="https://alacip.org/cong15/app-oliveira8c.pdf" class="ab-button ab-button-shape-circular ab-button-size-medium" style="color:#ffffff;background-color:#3373dc">Descargar Archivo</a></div>



<p></p>
