{"id":37785,"date":"2020-09-25T19:47:53","date_gmt":"2020-09-25T22:47:53","guid":{"rendered":"https:\/\/alacip.org\/?post_type=todasponencias&#038;p=37785"},"modified":"2020-10-05T09:12:09","modified_gmt":"2020-10-05T12:12:09","slug":"corpo-marginal-o-processo-de-inclusao-social-nas-politicas","status":"publish","type":"todasponencias","link":"https:\/\/alacip.org\/?todasponencias=corpo-marginal-o-processo-de-inclusao-social-nas-politicas","title":{"rendered":"Corpo marginal: o processo de inclus\u00e3o social nas pol\u00edticas p\u00fablicas desenvolvidas pela secretaria municipal de esporte e lazer, no Munic\u00edpio de Goi\u00e2nia, entre 1997 e 2013."},"content":{"rendered":"\n<p>Por meio de estudo de caso do Programa \u201cCaminhando com Sa\u00fade\u201d pode-se<br>observar a configura\u00e7\u00e3o pol\u00edtico-social do campo de esporte e lazer no contexto goianiense, e perceber sua rela\u00e7\u00e3o junto ao processo de inclus\u00e3o social.<\/p>\n\n\n\n<!--more-->\n\n\n\n<div style=\"text-align:center\" class=\"wp-block-atomic-blocks-ab-button ab-block-button\"><a href=\"https:\/\/alacip.org\/cong15\/app-parreira8c.pdf\" class=\"ab-button ab-button-shape-circular ab-button-size-medium\" style=\"color:#ffffff;background-color:#3373dc\">Descargar Archivo<\/a><\/div>\n\n\n\n<p><\/p>\n","protected":false},"featured_media":0,"template":"","meta":{"_genesis_hide_title":false,"_genesis_hide_breadcrumbs":false,"_genesis_hide_singular_image":false,"_genesis_hide_footer_widgets":false,"_genesis_custom_body_class":"","_genesis_custom_post_class":"","_genesis_layout":""},"filtro":[102],"anocongresso":[778],"conginstituicion":[355],"areatema":[158],"class_list":{"0":"post-37785","1":"todasponencias","2":"type-todasponencias","3":"status-publish","5":"filtro-brasil","6":"anocongresso-778","7":"conginstituicion-universidade-federal-de-goias","8":"areatema-admpulpo","9":"entry"},"_links":{"self":[{"href":"https:\/\/alacip.org\/index.php?rest_route=\/wp\/v2\/todasponencias\/37785","targetHints":{"allow":["GET"]}}],"collection":[{"href":"https:\/\/alacip.org\/index.php?rest_route=\/wp\/v2\/todasponencias"}],"about":[{"href":"https:\/\/alacip.org\/index.php?rest_route=\/wp\/v2\/types\/todasponencias"}],"wp:attachment":[{"href":"https:\/\/alacip.org\/index.php?rest_route=%2Fwp%2Fv2%2Fmedia&parent=37785"}],"wp:term":[{"taxonomy":"filtro","embeddable":true,"href":"https:\/\/alacip.org\/index.php?rest_route=%2Fwp%2Fv2%2Ffiltro&post=37785"},{"taxonomy":"anocongresso","embeddable":true,"href":"https:\/\/alacip.org\/index.php?rest_route=%2Fwp%2Fv2%2Fanocongresso&post=37785"},{"taxonomy":"conginstituicion","embeddable":true,"href":"https:\/\/alacip.org\/index.php?rest_route=%2Fwp%2Fv2%2Fconginstituicion&post=37785"},{"taxonomy":"areatema","embeddable":true,"href":"https:\/\/alacip.org\/index.php?rest_route=%2Fwp%2Fv2%2Fareatema&post=37785"}],"curies":[{"name":"wp","href":"https:\/\/api.w.org\/{rel}","templated":true}]}}

Corpo marginal: o processo de inclusão social nas políticas públicas desenvolvidas pela secretaria municipal de esporte e lazer, no Município de Goiânia, entre 1997 e 2013.

<p>Por meio de estudo de caso do Programa “Caminhando com Saúde” pode-se<br>observar a configuração político-social do campo de esporte e lazer no contexto goianiense, e perceber sua relação junto ao processo de inclusão social.</p>



<!--more-->



<div style="text-align:center" class="wp-block-atomic-blocks-ab-button ab-block-button"><a href="https://alacip.org/cong15/app-parreira8c.pdf" class="ab-button ab-button-shape-circular ab-button-size-medium" style="color:#ffffff;background-color:#3373dc">Descargar Archivo</a></div>



<p></p>
