{"id":37804,"date":"2020-09-26T17:18:32","date_gmt":"2020-09-26T20:18:32","guid":{"rendered":"https:\/\/alacip.org\/?post_type=todasponencias&#038;p=37804"},"modified":"2020-09-26T17:18:33","modified_gmt":"2020-09-26T20:18:33","slug":"dialogos-entre-democracia-e-diversidade-cultural","status":"publish","type":"todasponencias","link":"https:\/\/alacip.org\/?todasponencias=dialogos-entre-democracia-e-diversidade-cultural","title":{"rendered":"Di\u00e1logos entre democracia e diversidade cultural"},"content":{"rendered":"\n<p>O artigo prop\u00f5e uma reflex\u00e3o acerca das poss\u00edveis rela\u00e7\u00f5es entre democracia e diversidade cultural. Em nossa abordagem nos debru\u00e7amos sobre o multiculturalismo e a interculturalidade, correntes te\u00f3ricas dos estudos culturaiscom cr\u00edticas distintas.<\/p>\n\n\n\n<!--more-->\n\n\n\n<div style=\"text-align:center\" class=\"wp-block-atomic-blocks-ab-button ab-block-button\"><a href=\"https:\/\/alacip.org\/cong15\/tpo-weslaine8c.pdf\" class=\"ab-button ab-button-shape-circular ab-button-size-medium\" style=\"color:#ffffff;background-color:#3373dc\">Descargar Archivo<\/a><\/div>\n\n\n\n<p><\/p>\n","protected":false},"featured_media":0,"template":"","meta":{"_genesis_hide_title":false,"_genesis_hide_breadcrumbs":false,"_genesis_hide_singular_image":false,"_genesis_hide_footer_widgets":false,"_genesis_custom_body_class":"","_genesis_custom_post_class":"","_genesis_layout":""},"filtro":[102],"anocongresso":[778],"conginstituicion":[381],"areatema":[157],"class_list":{"0":"post-37804","1":"todasponencias","2":"type-todasponencias","3":"status-publish","5":"filtro-brasil","6":"anocongresso-778","7":"conginstituicion-uminas-geais","8":"areatema-teorpolfil","9":"entry"},"_links":{"self":[{"href":"https:\/\/alacip.org\/index.php?rest_route=\/wp\/v2\/todasponencias\/37804","targetHints":{"allow":["GET"]}}],"collection":[{"href":"https:\/\/alacip.org\/index.php?rest_route=\/wp\/v2\/todasponencias"}],"about":[{"href":"https:\/\/alacip.org\/index.php?rest_route=\/wp\/v2\/types\/todasponencias"}],"wp:attachment":[{"href":"https:\/\/alacip.org\/index.php?rest_route=%2Fwp%2Fv2%2Fmedia&parent=37804"}],"wp:term":[{"taxonomy":"filtro","embeddable":true,"href":"https:\/\/alacip.org\/index.php?rest_route=%2Fwp%2Fv2%2Ffiltro&post=37804"},{"taxonomy":"anocongresso","embeddable":true,"href":"https:\/\/alacip.org\/index.php?rest_route=%2Fwp%2Fv2%2Fanocongresso&post=37804"},{"taxonomy":"conginstituicion","embeddable":true,"href":"https:\/\/alacip.org\/index.php?rest_route=%2Fwp%2Fv2%2Fconginstituicion&post=37804"},{"taxonomy":"areatema","embeddable":true,"href":"https:\/\/alacip.org\/index.php?rest_route=%2Fwp%2Fv2%2Fareatema&post=37804"}],"curies":[{"name":"wp","href":"https:\/\/api.w.org\/{rel}","templated":true}]}}

Diálogos entre democracia e diversidade cultural

<p>O artigo propõe uma reflexão acerca das possíveis relações entre democracia e diversidade cultural. Em nossa abordagem nos debruçamos sobre o multiculturalismo e a interculturalidade, correntes teóricas dos estudos culturaiscom críticas distintas.</p>



<!--more-->



<div style="text-align:center" class="wp-block-atomic-blocks-ab-button ab-block-button"><a href="https://alacip.org/cong15/tpo-weslaine8c.pdf" class="ab-button ab-button-shape-circular ab-button-size-medium" style="color:#ffffff;background-color:#3373dc">Descargar Archivo</a></div>



<p></p>
