{"id":37806,"date":"2020-09-26T17:27:02","date_gmt":"2020-09-26T20:27:02","guid":{"rendered":"https:\/\/alacip.org\/?post_type=todasponencias&#038;p=37806"},"modified":"2020-09-26T17:28:34","modified_gmt":"2020-09-26T20:28:34","slug":"debates-accion-colectiva-y-accion-publica-entorno-al-modelo","status":"publish","type":"todasponencias","link":"https:\/\/alacip.org\/?todasponencias=debates-accion-colectiva-y-accion-publica-entorno-al-modelo","title":{"rendered":"Debates, accion colectiva y accion publica entorno al modelo neoliberal chileno. Un an\u00e1lisis desde la reforma educacional del gobierno M. Bachelet"},"content":{"rendered":"\n<p>Durante los a\u00f1os 2006 y 2011 se despliegan en Chile dos extraordinarios movimientos de descontento ciudadano liderados por los estudiantes secundarios y universitarios respectivamente. Las manifestaciones configuran sendos fen\u00f3menos de protesta colectiva como no se hab\u00eda conocido desde que el pa\u00eds recuper\u00f3 la democracia.<\/p>\n\n\n\n<!--more-->\n\n\n\n<div style=\"text-align:center\" class=\"wp-block-atomic-blocks-ab-button ab-block-button\"><a href=\"https:\/\/alacip.org\/cong15\/tpo-verejo8c.pdf\" class=\"ab-button ab-button-shape-circular ab-button-size-medium\" style=\"color:#ffffff;background-color:#3373dc\">Descargar Archivo<\/a><\/div>\n\n\n\n<p><\/p>\n","protected":false},"featured_media":0,"template":"","meta":{"_genesis_hide_title":false,"_genesis_hide_breadcrumbs":false,"_genesis_hide_singular_image":false,"_genesis_hide_footer_widgets":false,"_genesis_custom_body_class":"","_genesis_custom_post_class":"","_genesis_layout":""},"filtro":[106],"anocongresso":[778],"conginstituicion":[669],"areatema":[157],"class_list":{"0":"post-37806","1":"todasponencias","2":"type-todasponencias","3":"status-publish","5":"filtro-chile","6":"anocongresso-778","7":"conginstituicion-universidad-de-concepcion","8":"areatema-teorpolfil","9":"entry"},"_links":{"self":[{"href":"https:\/\/alacip.org\/index.php?rest_route=\/wp\/v2\/todasponencias\/37806","targetHints":{"allow":["GET"]}}],"collection":[{"href":"https:\/\/alacip.org\/index.php?rest_route=\/wp\/v2\/todasponencias"}],"about":[{"href":"https:\/\/alacip.org\/index.php?rest_route=\/wp\/v2\/types\/todasponencias"}],"wp:attachment":[{"href":"https:\/\/alacip.org\/index.php?rest_route=%2Fwp%2Fv2%2Fmedia&parent=37806"}],"wp:term":[{"taxonomy":"filtro","embeddable":true,"href":"https:\/\/alacip.org\/index.php?rest_route=%2Fwp%2Fv2%2Ffiltro&post=37806"},{"taxonomy":"anocongresso","embeddable":true,"href":"https:\/\/alacip.org\/index.php?rest_route=%2Fwp%2Fv2%2Fanocongresso&post=37806"},{"taxonomy":"conginstituicion","embeddable":true,"href":"https:\/\/alacip.org\/index.php?rest_route=%2Fwp%2Fv2%2Fconginstituicion&post=37806"},{"taxonomy":"areatema","embeddable":true,"href":"https:\/\/alacip.org\/index.php?rest_route=%2Fwp%2Fv2%2Fareatema&post=37806"}],"curies":[{"name":"wp","href":"https:\/\/api.w.org\/{rel}","templated":true}]}}

Debates, accion colectiva y accion publica entorno al modelo neoliberal chileno. Un análisis desde la reforma educacional del gobierno M. Bachelet

<p>Durante los años 2006 y 2011 se despliegan en Chile dos extraordinarios movimientos de descontento ciudadano liderados por los estudiantes secundarios y universitarios respectivamente. Las manifestaciones configuran sendos fenómenos de protesta colectiva como no se había conocido desde que el país recuperó la democracia.</p>



<!--more-->



<div style="text-align:center" class="wp-block-atomic-blocks-ab-button ab-block-button"><a href="https://alacip.org/cong15/tpo-verejo8c.pdf" class="ab-button ab-button-shape-circular ab-button-size-medium" style="color:#ffffff;background-color:#3373dc">Descargar Archivo</a></div>



<p></p>
