{"id":37812,"date":"2020-09-26T17:56:45","date_gmt":"2020-09-26T20:56:45","guid":{"rendered":"https:\/\/alacip.org\/?post_type=todasponencias&#038;p=37812"},"modified":"2020-09-26T17:56:46","modified_gmt":"2020-09-26T20:56:46","slug":"os-debates-sobre-teoria-politica-feminista-latino-americana-no-brasil-contemporaneo","status":"publish","type":"todasponencias","link":"https:\/\/alacip.org\/?todasponencias=os-debates-sobre-teoria-politica-feminista-latino-americana-no-brasil-contemporaneo","title":{"rendered":"Os Debates sobre Teoria Pol\u00edtica Feminista Latino Americana no Brasil Contempor\u00e2neo"},"content":{"rendered":"\n<p>A proposta do trabalho \u00e9 analisar os desafios da inser\u00e7\u00e3o do pensamento feminista brasileirona agenda de pesquisa acad\u00eamica do pa\u00eds. Os desafios a serem identificados partem de reflex\u00f5es sobre o campo epistemol\u00f3gico, considerando-se os processos de constru\u00e7\u00e3o de conhecimento consoante \u00e0s cr\u00edticas ao colonialismo e \u00e0 domina\u00e7\u00e3o epistemol\u00f3gica eurocentrada.<\/p>\n\n\n\n<!--more-->\n\n\n\n<div style=\"text-align:center\" class=\"wp-block-atomic-blocks-ab-button ab-block-button\"><a href=\"https:\/\/alacip.org\/cong15\/tpo-schuck8c.pdf\" class=\"ab-button ab-button-shape-circular ab-button-size-medium\" style=\"color:#ffffff;background-color:#3373dc\">Descargar Archivo<\/a><\/div>\n\n\n\n<p><\/p>\n","protected":false},"featured_media":0,"template":"","meta":{"_genesis_hide_title":false,"_genesis_hide_breadcrumbs":false,"_genesis_hide_singular_image":false,"_genesis_hide_footer_widgets":false,"_genesis_custom_body_class":"","_genesis_custom_post_class":"","_genesis_layout":""},"filtro":[102],"anocongresso":[778],"conginstituicion":[205],"areatema":[157],"class_list":{"0":"post-37812","1":"todasponencias","2":"type-todasponencias","3":"status-publish","5":"filtro-brasil","6":"anocongresso-778","7":"conginstituicion-unufrgs","8":"areatema-teorpolfil","9":"entry"},"_links":{"self":[{"href":"https:\/\/alacip.org\/index.php?rest_route=\/wp\/v2\/todasponencias\/37812","targetHints":{"allow":["GET"]}}],"collection":[{"href":"https:\/\/alacip.org\/index.php?rest_route=\/wp\/v2\/todasponencias"}],"about":[{"href":"https:\/\/alacip.org\/index.php?rest_route=\/wp\/v2\/types\/todasponencias"}],"wp:attachment":[{"href":"https:\/\/alacip.org\/index.php?rest_route=%2Fwp%2Fv2%2Fmedia&parent=37812"}],"wp:term":[{"taxonomy":"filtro","embeddable":true,"href":"https:\/\/alacip.org\/index.php?rest_route=%2Fwp%2Fv2%2Ffiltro&post=37812"},{"taxonomy":"anocongresso","embeddable":true,"href":"https:\/\/alacip.org\/index.php?rest_route=%2Fwp%2Fv2%2Fanocongresso&post=37812"},{"taxonomy":"conginstituicion","embeddable":true,"href":"https:\/\/alacip.org\/index.php?rest_route=%2Fwp%2Fv2%2Fconginstituicion&post=37812"},{"taxonomy":"areatema","embeddable":true,"href":"https:\/\/alacip.org\/index.php?rest_route=%2Fwp%2Fv2%2Fareatema&post=37812"}],"curies":[{"name":"wp","href":"https:\/\/api.w.org\/{rel}","templated":true}]}}

Os Debates sobre Teoria Política Feminista Latino Americana no Brasil Contemporâneo

<p>A proposta do trabalho é analisar os desafios da inserção do pensamento feminista brasileirona agenda de pesquisa acadêmica do país. Os desafios a serem identificados partem de reflexões sobre o campo epistemológico, considerando-se os processos de construção de conhecimento consoante às críticas ao colonialismo e à dominação epistemológica eurocentrada.</p>



<!--more-->



<div style="text-align:center" class="wp-block-atomic-blocks-ab-button ab-block-button"><a href="https://alacip.org/cong15/tpo-schuck8c.pdf" class="ab-button ab-button-shape-circular ab-button-size-medium" style="color:#ffffff;background-color:#3373dc">Descargar Archivo</a></div>



<p></p>
