{"id":37813,"date":"2020-09-26T18:10:53","date_gmt":"2020-09-26T21:10:53","guid":{"rendered":"https:\/\/alacip.org\/?post_type=todasponencias&#038;p=37813"},"modified":"2021-06-14T13:20:22","modified_gmt":"2021-06-14T16:20:22","slug":"na-onda-rosa-estudo-comparativo-das-reformas-de-educacao","status":"publish","type":"todasponencias","link":"https:\/\/alacip.org\/?todasponencias=na-onda-rosa-estudo-comparativo-das-reformas-de-educacao","title":{"rendered":"Na Onda Rosa: estudo comparativo das reformas de educa\u00e7\u00e3o, sa\u00fade e assist\u00eancia na Argentina, Chile e Uruguai."},"content":{"rendered":"\n<p>N\u00e3o restam d\u00favidas de que a Am\u00e9rica Latina se reconfigurou politicamente a partir dos anos 2000 em fun\u00e7\u00e3o da chamada \u201conda rosa\u201d que se traduz por elei\u00e7\u00f5es e perman\u00eancia de governos de esquerda em pelo menos dois ter\u00e7os dos pa\u00edses da regi\u00e3o.<\/p>\n\n\n\n<!--more-->\n\n\n\n<div style=\"text-align:center\" class=\"wp-block-atomic-blocks-ab-button ab-block-button\"><a href=\"https:\/\/alacip.org\/cong15\/app-satyro8c.pdf\" class=\"ab-button ab-button-shape-circular ab-button-size-medium\" style=\"color:#ffffff;background-color:#3373dc\">Descargar Archivo<\/a><\/div>\n\n\n\n<p><\/p>\n","protected":false},"featured_media":0,"template":"","meta":{"_genesis_hide_title":false,"_genesis_hide_breadcrumbs":false,"_genesis_hide_singular_image":false,"_genesis_hide_footer_widgets":false,"_genesis_custom_body_class":"","_genesis_custom_post_class":"","_genesis_layout":""},"filtro":[102],"anocongresso":[778],"conginstituicion":[381],"areatema":[158],"class_list":{"0":"post-37813","1":"todasponencias","2":"type-todasponencias","3":"status-publish","5":"filtro-brasil","6":"anocongresso-778","7":"conginstituicion-uminas-geais","8":"areatema-admpulpo","9":"entry"},"_links":{"self":[{"href":"https:\/\/alacip.org\/index.php?rest_route=\/wp\/v2\/todasponencias\/37813","targetHints":{"allow":["GET"]}}],"collection":[{"href":"https:\/\/alacip.org\/index.php?rest_route=\/wp\/v2\/todasponencias"}],"about":[{"href":"https:\/\/alacip.org\/index.php?rest_route=\/wp\/v2\/types\/todasponencias"}],"wp:attachment":[{"href":"https:\/\/alacip.org\/index.php?rest_route=%2Fwp%2Fv2%2Fmedia&parent=37813"}],"wp:term":[{"taxonomy":"filtro","embeddable":true,"href":"https:\/\/alacip.org\/index.php?rest_route=%2Fwp%2Fv2%2Ffiltro&post=37813"},{"taxonomy":"anocongresso","embeddable":true,"href":"https:\/\/alacip.org\/index.php?rest_route=%2Fwp%2Fv2%2Fanocongresso&post=37813"},{"taxonomy":"conginstituicion","embeddable":true,"href":"https:\/\/alacip.org\/index.php?rest_route=%2Fwp%2Fv2%2Fconginstituicion&post=37813"},{"taxonomy":"areatema","embeddable":true,"href":"https:\/\/alacip.org\/index.php?rest_route=%2Fwp%2Fv2%2Fareatema&post=37813"}],"curies":[{"name":"wp","href":"https:\/\/api.w.org\/{rel}","templated":true}]}}

Na Onda Rosa: estudo comparativo das reformas de educação, saúde e assistência na Argentina, Chile e Uruguai.

<p>Não restam dúvidas de que a América Latina se reconfigurou politicamente a partir dos anos 2000 em função da chamada “onda rosa” que se traduz por eleições e permanência de governos de esquerda em pelo menos dois terços dos países da região.</p>



<!--more-->



<div style="text-align:center" class="wp-block-atomic-blocks-ab-button ab-block-button"><a href="https://alacip.org/cong15/app-satyro8c.pdf" class="ab-button ab-button-shape-circular ab-button-size-medium" style="color:#ffffff;background-color:#3373dc">Descargar Archivo</a></div>



<p></p>
