{"id":37819,"date":"2020-09-26T18:16:00","date_gmt":"2020-09-26T21:16:00","guid":{"rendered":"https:\/\/alacip.org\/?post_type=todasponencias&#038;p=37819"},"modified":"2020-10-05T09:10:14","modified_gmt":"2020-10-05T12:10:14","slug":"problemas-constructivos-del-concepto-politico-logicas-de-las","status":"publish","type":"todasponencias","link":"https:\/\/alacip.org\/?todasponencias=problemas-constructivos-del-concepto-politico-logicas-de-las","title":{"rendered":"Problemas constructivos del concepto pol\u00edtico: l\u00f3gicas de las ideas, autonom\u00eda y dimensi\u00f3n territorial de la pol\u00edtica"},"content":{"rendered":"\n<p>La ponencia trata los diversos trazos de la idea de pol\u00edtica en el \u201cseminario permanente de ciencia pol\u00edtica aplicada\u201d realizado por la UNSAM entre los a\u00f1os 2008 y 2011, en el cual dict\u00f3 \u201cclases\u201d, inform\u00f3 y discuti\u00f3 un colectivo de dirigentes argentinos y chilenos teniendo como alumnos a investigadores y estudiantes.<\/p>\n\n\n\n<!--more-->\n\n\n\n<div style=\"text-align:center\" class=\"wp-block-atomic-blocks-ab-button ab-block-button\"><a href=\"https:\/\/alacip.org\/cong15\/tpo-rojas8c.pdf\" class=\"ab-button ab-button-shape-circular ab-button-size-medium\" style=\"color:#ffffff;background-color:#3373dc\">Descargar Archivo<\/a><\/div>\n\n\n\n<p><\/p>\n","protected":false},"featured_media":0,"template":"","meta":{"_genesis_hide_title":false,"_genesis_hide_breadcrumbs":false,"_genesis_hide_singular_image":false,"_genesis_hide_footer_widgets":false,"_genesis_custom_body_class":"","_genesis_custom_post_class":"","_genesis_layout":""},"filtro":[105],"anocongresso":[778],"conginstituicion":[244,316],"areatema":[157],"class_list":{"0":"post-37819","1":"todasponencias","2":"type-todasponencias","3":"status-publish","5":"filtro-argentina","6":"anocongresso-778","7":"conginstituicion-universidadba","8":"conginstituicion-unsan-martin-unsam","9":"areatema-teorpolfil","10":"entry"},"_links":{"self":[{"href":"https:\/\/alacip.org\/index.php?rest_route=\/wp\/v2\/todasponencias\/37819","targetHints":{"allow":["GET"]}}],"collection":[{"href":"https:\/\/alacip.org\/index.php?rest_route=\/wp\/v2\/todasponencias"}],"about":[{"href":"https:\/\/alacip.org\/index.php?rest_route=\/wp\/v2\/types\/todasponencias"}],"wp:attachment":[{"href":"https:\/\/alacip.org\/index.php?rest_route=%2Fwp%2Fv2%2Fmedia&parent=37819"}],"wp:term":[{"taxonomy":"filtro","embeddable":true,"href":"https:\/\/alacip.org\/index.php?rest_route=%2Fwp%2Fv2%2Ffiltro&post=37819"},{"taxonomy":"anocongresso","embeddable":true,"href":"https:\/\/alacip.org\/index.php?rest_route=%2Fwp%2Fv2%2Fanocongresso&post=37819"},{"taxonomy":"conginstituicion","embeddable":true,"href":"https:\/\/alacip.org\/index.php?rest_route=%2Fwp%2Fv2%2Fconginstituicion&post=37819"},{"taxonomy":"areatema","embeddable":true,"href":"https:\/\/alacip.org\/index.php?rest_route=%2Fwp%2Fv2%2Fareatema&post=37819"}],"curies":[{"name":"wp","href":"https:\/\/api.w.org\/{rel}","templated":true}]}}

Problemas constructivos del concepto político: lógicas de las ideas, autonomía y dimensión territorial de la política

<p>La ponencia trata los diversos trazos de la idea de política en el “seminario permanente de ciencia política aplicada” realizado por la UNSAM entre los años 2008 y 2011, en el cual dictó “clases”, informó y discutió un colectivo de dirigentes argentinos y chilenos teniendo como alumnos a investigadores y estudiantes.</p>



<!--more-->



<div style="text-align:center" class="wp-block-atomic-blocks-ab-button ab-block-button"><a href="https://alacip.org/cong15/tpo-rojas8c.pdf" class="ab-button ab-button-shape-circular ab-button-size-medium" style="color:#ffffff;background-color:#3373dc">Descargar Archivo</a></div>



<p></p>
