{"id":37822,"date":"2020-09-26T18:28:49","date_gmt":"2020-09-26T21:28:49","guid":{"rendered":"https:\/\/alacip.org\/?post_type=todasponencias&#038;p=37822"},"modified":"2020-10-05T09:09:50","modified_gmt":"2020-10-05T12:09:50","slug":"la-coordinacion-entre-los-niveles-estatales-en-colombia-un","status":"publish","type":"todasponencias","link":"https:\/\/alacip.org\/?todasponencias=la-coordinacion-entre-los-niveles-estatales-en-colombia-un","title":{"rendered":"La coordinaci\u00f3n entre los niveles estatales en Colombia, un factor determinante en el desarrollo de la gesti\u00f3n territorial"},"content":{"rendered":"\n<p>El alcance de las pol\u00edticas p\u00fablicas en la gesti\u00f3n de los entes territoriales en Colombia, se ha visto afectado por el grado de coordinaci\u00f3n y complementariedad que se presenta entre los niveles estatales, si bien no responden a la necesidad de trabajar en conjunto para elaborar una pol\u00edtica p\u00fablica, la poca acci\u00f3n simult\u00e1nea genera que los instrumentos presentados no tengan el car\u00e1cter de impacto necesario para solucionar los problemas,<\/p>\n\n\n\n<!--more-->\n\n\n\n<div style=\"text-align:center\" class=\"wp-block-atomic-blocks-ab-button ab-block-button\"><a href=\"https:\/\/alacip.org\/cong15\/app-sepulveda8c.pdf\" class=\"ab-button ab-button-shape-circular ab-button-size-medium\" style=\"color:#ffffff;background-color:#3373dc\">Descargar Archivo<\/a><\/div>\n\n\n\n<p><\/p>\n","protected":false},"featured_media":0,"template":"","meta":{"_genesis_hide_title":false,"_genesis_hide_breadcrumbs":false,"_genesis_hide_singular_image":false,"_genesis_hide_footer_widgets":false,"_genesis_custom_body_class":"","_genesis_custom_post_class":"","_genesis_layout":""},"filtro":[109],"anocongresso":[778],"conginstituicion":[348],"areatema":[158],"class_list":{"0":"post-37822","1":"todasponencias","2":"type-todasponencias","3":"status-publish","5":"filtro-colombia","6":"anocongresso-778","7":"conginstituicion-unisarboleda","8":"areatema-admpulpo","9":"entry"},"_links":{"self":[{"href":"https:\/\/alacip.org\/index.php?rest_route=\/wp\/v2\/todasponencias\/37822","targetHints":{"allow":["GET"]}}],"collection":[{"href":"https:\/\/alacip.org\/index.php?rest_route=\/wp\/v2\/todasponencias"}],"about":[{"href":"https:\/\/alacip.org\/index.php?rest_route=\/wp\/v2\/types\/todasponencias"}],"wp:attachment":[{"href":"https:\/\/alacip.org\/index.php?rest_route=%2Fwp%2Fv2%2Fmedia&parent=37822"}],"wp:term":[{"taxonomy":"filtro","embeddable":true,"href":"https:\/\/alacip.org\/index.php?rest_route=%2Fwp%2Fv2%2Ffiltro&post=37822"},{"taxonomy":"anocongresso","embeddable":true,"href":"https:\/\/alacip.org\/index.php?rest_route=%2Fwp%2Fv2%2Fanocongresso&post=37822"},{"taxonomy":"conginstituicion","embeddable":true,"href":"https:\/\/alacip.org\/index.php?rest_route=%2Fwp%2Fv2%2Fconginstituicion&post=37822"},{"taxonomy":"areatema","embeddable":true,"href":"https:\/\/alacip.org\/index.php?rest_route=%2Fwp%2Fv2%2Fareatema&post=37822"}],"curies":[{"name":"wp","href":"https:\/\/api.w.org\/{rel}","templated":true}]}}

La coordinación entre los niveles estatales en Colombia, un factor determinante en el desarrollo de la gestión territorial

<p>El alcance de las políticas públicas en la gestión de los entes territoriales en Colombia, se ha visto afectado por el grado de coordinación y complementariedad que se presenta entre los niveles estatales, si bien no responden a la necesidad de trabajar en conjunto para elaborar una política pública, la poca acción simultánea genera que los instrumentos presentados no tengan el carácter de impacto necesario para solucionar los problemas,</p>



<!--more-->



<div style="text-align:center" class="wp-block-atomic-blocks-ab-button ab-block-button"><a href="https://alacip.org/cong15/app-sepulveda8c.pdf" class="ab-button ab-button-shape-circular ab-button-size-medium" style="color:#ffffff;background-color:#3373dc">Descargar Archivo</a></div>



<p></p>
