{"id":37823,"date":"2020-09-26T18:28:49","date_gmt":"2020-09-26T21:28:49","guid":{"rendered":"https:\/\/alacip.org\/?post_type=todasponencias&#038;p=37823"},"modified":"2020-09-26T18:29:43","modified_gmt":"2020-09-26T21:29:43","slug":"poder-e-instituciones-una-exploracinn-desde-la-perspectiva-de-la-ontologla-social","status":"publish","type":"todasponencias","link":"https:\/\/alacip.org\/?todasponencias=poder-e-instituciones-una-exploracinn-desde-la-perspectiva-de-la-ontologla-social","title":{"rendered":"Poder e instituciones: una exploracinn desde la perspectiva de la ontologla social"},"content":{"rendered":"\n<p>En las tradiciones de las ciencias sociales que declaran una vocaci\u00f3n cr\u00edtica &#8212; en especial aquellas que recuperan el legado de Marx &#8212; las instituciones han sido estudiadas principalmente en relaci\u00f3ncon el efecto que tienen para el ejercicio del poder y, en consecuencia, tambi\u00e9n para la generaci\u00f3n y reproducci\u00f3n de relaciones de dominaci\u00f3n.<\/p>\n\n\n\n<!--more-->\n\n\n\n<div style=\"text-align:center\" class=\"wp-block-atomic-blocks-ab-button ab-block-button\"><a href=\"https:\/\/alacip.org\/cong15\/tpo-rivera8c.pdf\" class=\"ab-button ab-button-shape-circular ab-button-size-medium\" style=\"color:#ffffff;background-color:#3373dc\">Descargar Archivo<\/a><\/div>\n\n\n\n<p><\/p>\n","protected":false},"featured_media":0,"template":"","meta":{"_genesis_hide_title":false,"_genesis_hide_breadcrumbs":false,"_genesis_hide_singular_image":false,"_genesis_hide_footer_widgets":false,"_genesis_custom_body_class":"","_genesis_custom_post_class":"","_genesis_layout":""},"filtro":[109],"anocongresso":[778],"conginstituicion":[351],"areatema":[157],"class_list":{"0":"post-37823","1":"todasponencias","2":"type-todasponencias","3":"status-publish","5":"filtro-colombia","6":"anocongresso-778","7":"conginstituicion-puj-cali","8":"areatema-teorpolfil","9":"entry"},"_links":{"self":[{"href":"https:\/\/alacip.org\/index.php?rest_route=\/wp\/v2\/todasponencias\/37823","targetHints":{"allow":["GET"]}}],"collection":[{"href":"https:\/\/alacip.org\/index.php?rest_route=\/wp\/v2\/todasponencias"}],"about":[{"href":"https:\/\/alacip.org\/index.php?rest_route=\/wp\/v2\/types\/todasponencias"}],"wp:attachment":[{"href":"https:\/\/alacip.org\/index.php?rest_route=%2Fwp%2Fv2%2Fmedia&parent=37823"}],"wp:term":[{"taxonomy":"filtro","embeddable":true,"href":"https:\/\/alacip.org\/index.php?rest_route=%2Fwp%2Fv2%2Ffiltro&post=37823"},{"taxonomy":"anocongresso","embeddable":true,"href":"https:\/\/alacip.org\/index.php?rest_route=%2Fwp%2Fv2%2Fanocongresso&post=37823"},{"taxonomy":"conginstituicion","embeddable":true,"href":"https:\/\/alacip.org\/index.php?rest_route=%2Fwp%2Fv2%2Fconginstituicion&post=37823"},{"taxonomy":"areatema","embeddable":true,"href":"https:\/\/alacip.org\/index.php?rest_route=%2Fwp%2Fv2%2Fareatema&post=37823"}],"curies":[{"name":"wp","href":"https:\/\/api.w.org\/{rel}","templated":true}]}}

<p>En las tradiciones de las ciencias sociales que declaran una vocación crítica &#8212; en especial aquellas que recuperan el legado de Marx &#8212; las instituciones han sido estudiadas principalmente en relacióncon el efecto que tienen para el ejercicio del poder y, en consecuencia, también para la generación y reproducción de relaciones de dominación.</p>



<!--more-->



<div style="text-align:center" class="wp-block-atomic-blocks-ab-button ab-block-button"><a href="https://alacip.org/cong15/tpo-rivera8c.pdf" class="ab-button ab-button-shape-circular ab-button-size-medium" style="color:#ffffff;background-color:#3373dc">Descargar Archivo</a></div>



<p></p>
