{"id":37831,"date":"2020-09-26T19:07:02","date_gmt":"2020-09-26T22:07:02","guid":{"rendered":"https:\/\/alacip.org\/?post_type=todasponencias&#038;p=37831"},"modified":"2020-10-05T09:09:09","modified_gmt":"2020-10-05T12:09:09","slug":"discursos-publicos-sobre-inmigrantes-y-la-categoria-estado","status":"publish","type":"todasponencias","link":"https:\/\/alacip.org\/?todasponencias=discursos-publicos-sobre-inmigrantes-y-la-categoria-estado","title":{"rendered":"Discursos p\u00fablicos sobre inmigrantes y la categor\u00eda estado naci\u00f3n. Public discourses about immigrants and the Nation State category"},"content":{"rendered":"\n<p>Este art\u00edculo analiza los discursos p\u00fablicos sobre el proceso migratorio, espec\u00edficamente aquello que tiene relaci\u00f3n con las ideas, nociones y dimensiones que conforman los discursos sobre el sujeto inmigrante,y como estos expresan la configuraci\u00f3n de una conciencia nacional y nuevas formas simb\u00f3licas de nacionalismos en el Estado-Naci\u00f3n.<\/p>\n\n\n\n<!--more-->\n\n\n\n<div style=\"text-align:center\" class=\"wp-block-atomic-blocks-ab-button ab-block-button\"><a href=\"https:\/\/alacip.org\/cong15\/tpo-quiroga28c.pdf\" class=\"ab-button ab-button-shape-circular ab-button-size-medium\" style=\"color:#ffffff;background-color:#3373dc\">Descargar Archivo<\/a><\/div>\n\n\n\n<p><\/p>\n","protected":false},"featured_media":0,"template":"","meta":{"_genesis_hide_title":false,"_genesis_hide_breadcrumbs":false,"_genesis_hide_singular_image":false,"_genesis_hide_footer_widgets":false,"_genesis_custom_body_class":"","_genesis_custom_post_class":"","_genesis_layout":""},"filtro":[106],"anocongresso":[778],"conginstituicion":[790,791],"areatema":[157],"class_list":{"0":"post-37831","1":"todasponencias","2":"type-todasponencias","3":"status-publish","5":"filtro-chile","6":"anocongresso-778","7":"conginstituicion-editorial-el-desconcierto","8":"conginstituicion-ministerio-de-relaciones-exteriores-chile","9":"areatema-teorpolfil","10":"entry"},"_links":{"self":[{"href":"https:\/\/alacip.org\/index.php?rest_route=\/wp\/v2\/todasponencias\/37831","targetHints":{"allow":["GET"]}}],"collection":[{"href":"https:\/\/alacip.org\/index.php?rest_route=\/wp\/v2\/todasponencias"}],"about":[{"href":"https:\/\/alacip.org\/index.php?rest_route=\/wp\/v2\/types\/todasponencias"}],"wp:attachment":[{"href":"https:\/\/alacip.org\/index.php?rest_route=%2Fwp%2Fv2%2Fmedia&parent=37831"}],"wp:term":[{"taxonomy":"filtro","embeddable":true,"href":"https:\/\/alacip.org\/index.php?rest_route=%2Fwp%2Fv2%2Ffiltro&post=37831"},{"taxonomy":"anocongresso","embeddable":true,"href":"https:\/\/alacip.org\/index.php?rest_route=%2Fwp%2Fv2%2Fanocongresso&post=37831"},{"taxonomy":"conginstituicion","embeddable":true,"href":"https:\/\/alacip.org\/index.php?rest_route=%2Fwp%2Fv2%2Fconginstituicion&post=37831"},{"taxonomy":"areatema","embeddable":true,"href":"https:\/\/alacip.org\/index.php?rest_route=%2Fwp%2Fv2%2Fareatema&post=37831"}],"curies":[{"name":"wp","href":"https:\/\/api.w.org\/{rel}","templated":true}]}}

Discursos públicos sobre inmigrantes y la categoría estado nación. Public discourses about immigrants and the Nation State category

<p>Este artículo analiza los discursos públicos sobre el proceso migratorio, específicamente aquello que tiene relación con las ideas, nociones y dimensiones que conforman los discursos sobre el sujeto inmigrante,y como estos expresan la configuración de una conciencia nacional y nuevas formas simbólicas de nacionalismos en el Estado-Nación.</p>



<!--more-->



<div style="text-align:center" class="wp-block-atomic-blocks-ab-button ab-block-button"><a href="https://alacip.org/cong15/tpo-quiroga28c.pdf" class="ab-button ab-button-shape-circular ab-button-size-medium" style="color:#ffffff;background-color:#3373dc">Descargar Archivo</a></div>



<p></p>
