{"id":37834,"date":"2020-09-26T19:16:46","date_gmt":"2020-09-26T22:16:46","guid":{"rendered":"https:\/\/alacip.org\/?post_type=todasponencias&#038;p=37834"},"modified":"2020-09-26T19:16:48","modified_gmt":"2020-09-26T22:16:48","slug":"politica-nacional-de-reintegracion","status":"publish","type":"todasponencias","link":"https:\/\/alacip.org\/?todasponencias=politica-nacional-de-reintegracion","title":{"rendered":"Pol\u00edtica Nacional de Reintegraci\u00f3n"},"content":{"rendered":"\n<p>En los \u00faltimos 50 a\u00f1os en Colombia se ha presentado una serie de conflictos armados, a diferencia de los dem\u00e1s pa\u00edses, Colombia asume toda la responsabilidad institucional del proceso de Reintegraci\u00f3n y esto lleva a pensar en un programa nacional de reintegraci\u00f3n.<\/p>\n\n\n\n<!--more-->\n\n\n\n<div style=\"text-align:center\" class=\"wp-block-atomic-blocks-ab-button ab-block-button\"><a href=\"https:\/\/alacip.org\/cong15\/app-trujillo.pdf\" class=\"ab-button ab-button-shape-circular ab-button-size-medium\" style=\"color:#ffffff;background-color:#3373dc\">Descargar Archivo<\/a><\/div>\n\n\n\n<p><\/p>\n","protected":false},"featured_media":0,"template":"","meta":{"_genesis_hide_title":false,"_genesis_hide_breadcrumbs":false,"_genesis_hide_singular_image":false,"_genesis_hide_footer_widgets":false,"_genesis_custom_body_class":"","_genesis_custom_post_class":"","_genesis_layout":""},"filtro":[109],"anocongresso":[778],"conginstituicion":[781],"areatema":[158],"class_list":{"0":"post-37834","1":"todasponencias","2":"type-todasponencias","3":"status-publish","5":"filtro-colombia","6":"anocongresso-778","7":"conginstituicion-universidad-nacional-de-colombia-sede-medellin","8":"areatema-admpulpo","9":"entry"},"_links":{"self":[{"href":"https:\/\/alacip.org\/index.php?rest_route=\/wp\/v2\/todasponencias\/37834","targetHints":{"allow":["GET"]}}],"collection":[{"href":"https:\/\/alacip.org\/index.php?rest_route=\/wp\/v2\/todasponencias"}],"about":[{"href":"https:\/\/alacip.org\/index.php?rest_route=\/wp\/v2\/types\/todasponencias"}],"wp:attachment":[{"href":"https:\/\/alacip.org\/index.php?rest_route=%2Fwp%2Fv2%2Fmedia&parent=37834"}],"wp:term":[{"taxonomy":"filtro","embeddable":true,"href":"https:\/\/alacip.org\/index.php?rest_route=%2Fwp%2Fv2%2Ffiltro&post=37834"},{"taxonomy":"anocongresso","embeddable":true,"href":"https:\/\/alacip.org\/index.php?rest_route=%2Fwp%2Fv2%2Fanocongresso&post=37834"},{"taxonomy":"conginstituicion","embeddable":true,"href":"https:\/\/alacip.org\/index.php?rest_route=%2Fwp%2Fv2%2Fconginstituicion&post=37834"},{"taxonomy":"areatema","embeddable":true,"href":"https:\/\/alacip.org\/index.php?rest_route=%2Fwp%2Fv2%2Fareatema&post=37834"}],"curies":[{"name":"wp","href":"https:\/\/api.w.org\/{rel}","templated":true}]}}

Política Nacional de Reintegración

<p>En los últimos 50 años en Colombia se ha presentado una serie de conflictos armados, a diferencia de los demás países, Colombia asume toda la responsabilidad institucional del proceso de Reintegración y esto lleva a pensar en un programa nacional de reintegración.</p>



<!--more-->



<div style="text-align:center" class="wp-block-atomic-blocks-ab-button ab-block-button"><a href="https://alacip.org/cong15/app-trujillo.pdf" class="ab-button ab-button-shape-circular ab-button-size-medium" style="color:#ffffff;background-color:#3373dc">Descargar Archivo</a></div>



<p></p>
