{"id":37844,"date":"2020-09-26T19:51:29","date_gmt":"2020-09-26T22:51:29","guid":{"rendered":"https:\/\/alacip.org\/?post_type=todasponencias&#038;p=37844"},"modified":"2020-09-26T19:51:30","modified_gmt":"2020-09-26T22:51:30","slug":"el-legado-hispanico-como-instrumento-ideologico-en-laureano-gomez","status":"publish","type":"todasponencias","link":"https:\/\/alacip.org\/?todasponencias=el-legado-hispanico-como-instrumento-ideologico-en-laureano-gomez","title":{"rendered":"El legado hisp\u00e1nico como instrumento ideol\u00f3gico en Laureano G\u00f3mez"},"content":{"rendered":"\n<p>El presente art\u00edculo analiza el peso ideol\u00f3gico de la hispanidad en el pensamiento pol\u00edtico de Laureano G\u00f3mez. Para dicha comprensi\u00f3n, se recurre a diversos textos escritos por el pol\u00edtico y pensador bogotano en los que sintetizaba su posici\u00f3n pol\u00edtica sobre diversos<\/p>\n\n\n\n<!--more-->\n\n\n\n<div style=\"text-align:center\" class=\"wp-block-atomic-blocks-ab-button ab-block-button\"><a href=\"https:\/\/alacip.org\/cong15\/tpo-nova8c.pdf\" class=\"ab-button ab-button-shape-circular ab-button-size-medium\" style=\"color:#ffffff;background-color:#3373dc\">Descargar Archivo<\/a><\/div>\n\n\n\n<p><\/p>\n","protected":false},"featured_media":0,"template":"","meta":{"_genesis_hide_title":false,"_genesis_hide_breadcrumbs":false,"_genesis_hide_singular_image":false,"_genesis_hide_footer_widgets":false,"_genesis_custom_body_class":"","_genesis_custom_post_class":"","_genesis_layout":""},"filtro":[109],"anocongresso":[778],"conginstituicion":[325],"areatema":[157],"class_list":{"0":"post-37844","1":"todasponencias","2":"type-todasponencias","3":"status-publish","5":"filtro-colombia","6":"anocongresso-778","7":"conginstituicion-universidad-de-la-sabana","8":"areatema-teorpolfil","9":"entry"},"_links":{"self":[{"href":"https:\/\/alacip.org\/index.php?rest_route=\/wp\/v2\/todasponencias\/37844","targetHints":{"allow":["GET"]}}],"collection":[{"href":"https:\/\/alacip.org\/index.php?rest_route=\/wp\/v2\/todasponencias"}],"about":[{"href":"https:\/\/alacip.org\/index.php?rest_route=\/wp\/v2\/types\/todasponencias"}],"wp:attachment":[{"href":"https:\/\/alacip.org\/index.php?rest_route=%2Fwp%2Fv2%2Fmedia&parent=37844"}],"wp:term":[{"taxonomy":"filtro","embeddable":true,"href":"https:\/\/alacip.org\/index.php?rest_route=%2Fwp%2Fv2%2Ffiltro&post=37844"},{"taxonomy":"anocongresso","embeddable":true,"href":"https:\/\/alacip.org\/index.php?rest_route=%2Fwp%2Fv2%2Fanocongresso&post=37844"},{"taxonomy":"conginstituicion","embeddable":true,"href":"https:\/\/alacip.org\/index.php?rest_route=%2Fwp%2Fv2%2Fconginstituicion&post=37844"},{"taxonomy":"areatema","embeddable":true,"href":"https:\/\/alacip.org\/index.php?rest_route=%2Fwp%2Fv2%2Fareatema&post=37844"}],"curies":[{"name":"wp","href":"https:\/\/api.w.org\/{rel}","templated":true}]}}

El legado hispánico como instrumento ideológico en Laureano Gómez

<p>El presente artículo analiza el peso ideológico de la hispanidad en el pensamiento político de Laureano Gómez. Para dicha comprensión, se recurre a diversos textos escritos por el político y pensador bogotano en los que sintetizaba su posición política sobre diversos</p>



<!--more-->



<div style="text-align:center" class="wp-block-atomic-blocks-ab-button ab-block-button"><a href="https://alacip.org/cong15/tpo-nova8c.pdf" class="ab-button ab-button-shape-circular ab-button-size-medium" style="color:#ffffff;background-color:#3373dc">Descargar Archivo</a></div>



<p></p>
