{"id":37846,"date":"2020-09-26T19:53:47","date_gmt":"2020-09-26T22:53:47","guid":{"rendered":"https:\/\/alacip.org\/?post_type=todasponencias&#038;p=37846"},"modified":"2020-09-26T19:53:48","modified_gmt":"2020-09-26T22:53:48","slug":"cuidado-e-desigualdade-de-genero-discussoes-sobre-uma-democracia-mais-justa","status":"publish","type":"todasponencias","link":"https:\/\/alacip.org\/?todasponencias=cuidado-e-desigualdade-de-genero-discussoes-sobre-uma-democracia-mais-justa","title":{"rendered":"Cuidado e desigualdade de g\u00eanero: discuss\u00f5es sobre uma democracia mais justa"},"content":{"rendered":"\n<p>Poder\u00edamos dizer que a ci\u00eancia pol\u00edtica tem pouco a dizer sobre o cuidado e que nem mesmo o coloca como objeto de estudo da pr\u00e1tica e\/ou luta pol\u00edtica. No entanto, o que feministas como Iris Young e Joan Tronto mostram \u00e9 que o cuidado<\/p>\n\n\n\n<!--more-->\n\n\n\n<div style=\"text-align:center\" class=\"wp-block-atomic-blocks-ab-button ab-block-button\"><a href=\"https:\/\/alacip.org\/cong15\/tpo-mota8c.pdf\" class=\"ab-button ab-button-shape-circular ab-button-size-medium\" style=\"color:#ffffff;background-color:#3373dc\">Descargar Archivo<\/a><\/div>\n\n\n\n<p><\/p>\n","protected":false},"featured_media":0,"template":"","meta":{"_genesis_hide_title":false,"_genesis_hide_breadcrumbs":false,"_genesis_hide_singular_image":false,"_genesis_hide_footer_widgets":false,"_genesis_custom_body_class":"","_genesis_custom_post_class":"","_genesis_layout":""},"filtro":[102],"anocongresso":[778],"conginstituicion":[330],"areatema":[157],"class_list":{"0":"post-37846","1":"todasponencias","2":"type-todasponencias","3":"status-publish","5":"filtro-brasil","6":"anocongresso-778","7":"conginstituicion-uni-brasilia","8":"areatema-teorpolfil","9":"entry"},"_links":{"self":[{"href":"https:\/\/alacip.org\/index.php?rest_route=\/wp\/v2\/todasponencias\/37846","targetHints":{"allow":["GET"]}}],"collection":[{"href":"https:\/\/alacip.org\/index.php?rest_route=\/wp\/v2\/todasponencias"}],"about":[{"href":"https:\/\/alacip.org\/index.php?rest_route=\/wp\/v2\/types\/todasponencias"}],"wp:attachment":[{"href":"https:\/\/alacip.org\/index.php?rest_route=%2Fwp%2Fv2%2Fmedia&parent=37846"}],"wp:term":[{"taxonomy":"filtro","embeddable":true,"href":"https:\/\/alacip.org\/index.php?rest_route=%2Fwp%2Fv2%2Ffiltro&post=37846"},{"taxonomy":"anocongresso","embeddable":true,"href":"https:\/\/alacip.org\/index.php?rest_route=%2Fwp%2Fv2%2Fanocongresso&post=37846"},{"taxonomy":"conginstituicion","embeddable":true,"href":"https:\/\/alacip.org\/index.php?rest_route=%2Fwp%2Fv2%2Fconginstituicion&post=37846"},{"taxonomy":"areatema","embeddable":true,"href":"https:\/\/alacip.org\/index.php?rest_route=%2Fwp%2Fv2%2Fareatema&post=37846"}],"curies":[{"name":"wp","href":"https:\/\/api.w.org\/{rel}","templated":true}]}}

Cuidado e desigualdade de gênero: discussões sobre uma democracia mais justa

<p>Poderíamos dizer que a ciência política tem pouco a dizer sobre o cuidado e que nem mesmo o coloca como objeto de estudo da prática e/ou luta política. No entanto, o que feministas como Iris Young e Joan Tronto mostram é que o cuidado</p>



<!--more-->



<div style="text-align:center" class="wp-block-atomic-blocks-ab-button ab-block-button"><a href="https://alacip.org/cong15/tpo-mota8c.pdf" class="ab-button ab-button-shape-circular ab-button-size-medium" style="color:#ffffff;background-color:#3373dc">Descargar Archivo</a></div>



<p></p>
