{"id":37851,"date":"2020-09-26T20:05:14","date_gmt":"2020-09-26T23:05:14","guid":{"rendered":"https:\/\/alacip.org\/?post_type=todasponencias&#038;p=37851"},"modified":"2020-10-05T09:07:24","modified_gmt":"2020-10-05T12:07:24","slug":"filosofia-politica-y-derechos-humanos-insuficiencias-del-discurso","status":"publish","type":"todasponencias","link":"https:\/\/alacip.org\/?todasponencias=filosofia-politica-y-derechos-humanos-insuficiencias-del-discurso","title":{"rendered":"Filosof\u00eda pol\u00edtica y derechos humanos. Insuficiencias del discurso filos\u00f3fico-pol\u00edtico para pensar la crisis en derechos humanos en Am\u00e9rica Latina."},"content":{"rendered":"\n<p>La ponencia tiene la intenci\u00f3n de contribuir a la reactualizaci\u00f3n de la discusi\u00f3n filos\u00f3fico-pol\u00edtica de los derechos humanos en Am\u00e9rica Latina. Se trata de vincular los planteamientos te\u00f3ricos contempor\u00e1neos que apuntan unanecesaria relegitimaci\u00f3n del<\/p>\n\n\n\n<!--more-->\n\n\n\n<div style=\"text-align:center\" class=\"wp-block-atomic-blocks-ab-button ab-block-button\"><a href=\"https:\/\/alacip.org\/cong15\/tpo-marin8c.pdf\" class=\"ab-button ab-button-shape-circular ab-button-size-medium\" style=\"color:#ffffff;background-color:#3373dc\">Descargar Archivo<\/a><\/div>\n\n\n\n<p><\/p>\n","protected":false},"featured_media":0,"template":"","meta":{"_genesis_hide_title":false,"_genesis_hide_breadcrumbs":false,"_genesis_hide_singular_image":false,"_genesis_hide_footer_widgets":false,"_genesis_custom_body_class":"","_genesis_custom_post_class":"","_genesis_layout":""},"filtro":[115],"anocongresso":[778],"conginstituicion":[164],"areatema":[157],"class_list":{"0":"post-37851","1":"todasponencias","2":"type-todasponencias","3":"status-publish","5":"filtro-mexico","6":"anocongresso-778","7":"conginstituicion-fscs-unam","8":"areatema-teorpolfil","9":"entry"},"_links":{"self":[{"href":"https:\/\/alacip.org\/index.php?rest_route=\/wp\/v2\/todasponencias\/37851","targetHints":{"allow":["GET"]}}],"collection":[{"href":"https:\/\/alacip.org\/index.php?rest_route=\/wp\/v2\/todasponencias"}],"about":[{"href":"https:\/\/alacip.org\/index.php?rest_route=\/wp\/v2\/types\/todasponencias"}],"wp:attachment":[{"href":"https:\/\/alacip.org\/index.php?rest_route=%2Fwp%2Fv2%2Fmedia&parent=37851"}],"wp:term":[{"taxonomy":"filtro","embeddable":true,"href":"https:\/\/alacip.org\/index.php?rest_route=%2Fwp%2Fv2%2Ffiltro&post=37851"},{"taxonomy":"anocongresso","embeddable":true,"href":"https:\/\/alacip.org\/index.php?rest_route=%2Fwp%2Fv2%2Fanocongresso&post=37851"},{"taxonomy":"conginstituicion","embeddable":true,"href":"https:\/\/alacip.org\/index.php?rest_route=%2Fwp%2Fv2%2Fconginstituicion&post=37851"},{"taxonomy":"areatema","embeddable":true,"href":"https:\/\/alacip.org\/index.php?rest_route=%2Fwp%2Fv2%2Fareatema&post=37851"}],"curies":[{"name":"wp","href":"https:\/\/api.w.org\/{rel}","templated":true}]}}

Filosofía política y derechos humanos. Insuficiencias del discurso filosófico-político para pensar la crisis en derechos humanos en América Latina.

<p>La ponencia tiene la intención de contribuir a la reactualización de la discusión filosófico-política de los derechos humanos en América Latina. Se trata de vincular los planteamientos teóricos contemporáneos que apuntan unanecesaria relegitimación del</p>



<!--more-->



<div style="text-align:center" class="wp-block-atomic-blocks-ab-button ab-block-button"><a href="https://alacip.org/cong15/tpo-marin8c.pdf" class="ab-button ab-button-shape-circular ab-button-size-medium" style="color:#ffffff;background-color:#3373dc">Descargar Archivo</a></div>



<p></p>
