{"id":37853,"date":"2020-09-26T20:11:42","date_gmt":"2020-09-26T23:11:42","guid":{"rendered":"https:\/\/alacip.org\/?post_type=todasponencias&#038;p=37853"},"modified":"2020-10-05T09:07:13","modified_gmt":"2020-10-05T12:07:13","slug":"el-problema-de-las-bases-morales-de-la-constitucion-del-estado","status":"publish","type":"todasponencias","link":"https:\/\/alacip.org\/?todasponencias=el-problema-de-las-bases-morales-de-la-constitucion-del-estado","title":{"rendered":"El problema de las bases morales de la constituci\u00f3n del Estado Liberal.Apuntes a once a\u00f1osdel di\u00e1logo de  J\u00fcrgen Habermas y el Cardenal Joseph Ratzinger."},"content":{"rendered":"\n<p>El presente trabajo analiza las premisas te\u00f3ricas y los desaf\u00edos actuales, a once a\u00f1os del debate sobre la existencia de l\u00edmites racionales en el Estado democr\u00e1tico de derecho, realizado en la Academia de Baviera, el 19 de enero de 2004 , entre J\u00fcrgen Habermas y Joseph Ratzinger.<\/p>\n\n\n\n<!--more-->\n\n\n\n<div style=\"text-align:center\" class=\"wp-block-atomic-blocks-ab-button ab-block-button\"><a href=\"https:\/\/alacip.org\/cong15\/tpo-lazarte8c.pdf\" class=\"ab-button ab-button-shape-circular ab-button-size-medium\" style=\"color:#ffffff;background-color:#3373dc\">Descargar Archivo<\/a><\/div>\n\n\n\n<p><\/p>\n","protected":false},"featured_media":0,"template":"","meta":{"_genesis_hide_title":false,"_genesis_hide_breadcrumbs":false,"_genesis_hide_singular_image":false,"_genesis_hide_footer_widgets":false,"_genesis_custom_body_class":"","_genesis_custom_post_class":"","_genesis_layout":""},"filtro":[108],"anocongresso":[778],"conginstituicion":[783],"areatema":[157],"class_list":{"0":"post-37853","1":"todasponencias","2":"type-todasponencias","3":"status-publish","5":"filtro-peru","6":"anocongresso-778","7":"conginstituicion-universidad-catolica-san-pablo-ucsp","8":"areatema-teorpolfil","9":"entry"},"_links":{"self":[{"href":"https:\/\/alacip.org\/index.php?rest_route=\/wp\/v2\/todasponencias\/37853","targetHints":{"allow":["GET"]}}],"collection":[{"href":"https:\/\/alacip.org\/index.php?rest_route=\/wp\/v2\/todasponencias"}],"about":[{"href":"https:\/\/alacip.org\/index.php?rest_route=\/wp\/v2\/types\/todasponencias"}],"wp:attachment":[{"href":"https:\/\/alacip.org\/index.php?rest_route=%2Fwp%2Fv2%2Fmedia&parent=37853"}],"wp:term":[{"taxonomy":"filtro","embeddable":true,"href":"https:\/\/alacip.org\/index.php?rest_route=%2Fwp%2Fv2%2Ffiltro&post=37853"},{"taxonomy":"anocongresso","embeddable":true,"href":"https:\/\/alacip.org\/index.php?rest_route=%2Fwp%2Fv2%2Fanocongresso&post=37853"},{"taxonomy":"conginstituicion","embeddable":true,"href":"https:\/\/alacip.org\/index.php?rest_route=%2Fwp%2Fv2%2Fconginstituicion&post=37853"},{"taxonomy":"areatema","embeddable":true,"href":"https:\/\/alacip.org\/index.php?rest_route=%2Fwp%2Fv2%2Fareatema&post=37853"}],"curies":[{"name":"wp","href":"https:\/\/api.w.org\/{rel}","templated":true}]}}

El problema de las bases morales de la constitución del Estado Liberal.Apuntes a once añosdel diálogo de  Jürgen Habermas y el Cardenal Joseph Ratzinger.

<p>El presente trabajo analiza las premisas teóricas y los desafíos actuales, a once años del debate sobre la existencia de límites racionales en el Estado democrático de derecho, realizado en la Academia de Baviera, el 19 de enero de 2004 , entre Jürgen Habermas y Joseph Ratzinger.</p>



<!--more-->



<div style="text-align:center" class="wp-block-atomic-blocks-ab-button ab-block-button"><a href="https://alacip.org/cong15/tpo-lazarte8c.pdf" class="ab-button ab-button-shape-circular ab-button-size-medium" style="color:#ffffff;background-color:#3373dc">Descargar Archivo</a></div>



<p></p>
