{"id":37855,"date":"2020-09-26T20:21:05","date_gmt":"2020-09-26T23:21:05","guid":{"rendered":"https:\/\/alacip.org\/?post_type=todasponencias&#038;p=37855"},"modified":"2020-10-05T09:07:06","modified_gmt":"2020-10-05T12:07:06","slug":"de-la-participacion-institucionalizada-a-la-movilizacion-callejera","status":"publish","type":"todasponencias","link":"https:\/\/alacip.org\/?todasponencias=de-la-participacion-institucionalizada-a-la-movilizacion-callejera","title":{"rendered":"De la participaci\u00f3n institucionalizada a la movilizaci\u00f3n callejera. Mecanismos y estrategias para incidir en los procesos gubernamentales y decisorios"},"content":{"rendered":"\n<p>Voces que emergen de los m\u00e1s diversos espectros pol\u00edticos e ideol\u00f3gicos coinciden en que la joven democracia latinoamericana atraviesa una crisis. Editorialistas, intelectuales, empresarios e incluso pol\u00edticos argumentan que existe una crisis de representatividad y, por ende, falta de legitimidad en el ejercicio del poder pol\u00edtico.<\/p>\n\n\n\n<!--more-->\n\n\n\n<div style=\"text-align:center\" class=\"wp-block-atomic-blocks-ab-button ab-block-button\"><a href=\"https:\/\/alacip.org\/cong15\/pra-barrera8c.pdf\" class=\"ab-button ab-button-shape-circular ab-button-size-medium\" style=\"color:#ffffff;background-color:#3373dc\">Descargar Archivo<\/a><\/div>\n\n\n\n<p><\/p>\n","protected":false},"featured_media":0,"template":"","meta":{"_genesis_hide_title":false,"_genesis_hide_breadcrumbs":false,"_genesis_hide_singular_image":false,"_genesis_hide_footer_widgets":false,"_genesis_custom_body_class":"","_genesis_custom_post_class":"","_genesis_layout":""},"filtro":[115],"anocongresso":[778],"conginstituicion":[273],"areatema":[161],"class_list":{"0":"post-37855","1":"todasponencias","2":"type-todasponencias","3":"status-publish","5":"filtro-mexico","6":"anocongresso-778","7":"conginstituicion-unam","8":"areatema-participacion-representacion","9":"entry"},"_links":{"self":[{"href":"https:\/\/alacip.org\/index.php?rest_route=\/wp\/v2\/todasponencias\/37855","targetHints":{"allow":["GET"]}}],"collection":[{"href":"https:\/\/alacip.org\/index.php?rest_route=\/wp\/v2\/todasponencias"}],"about":[{"href":"https:\/\/alacip.org\/index.php?rest_route=\/wp\/v2\/types\/todasponencias"}],"wp:attachment":[{"href":"https:\/\/alacip.org\/index.php?rest_route=%2Fwp%2Fv2%2Fmedia&parent=37855"}],"wp:term":[{"taxonomy":"filtro","embeddable":true,"href":"https:\/\/alacip.org\/index.php?rest_route=%2Fwp%2Fv2%2Ffiltro&post=37855"},{"taxonomy":"anocongresso","embeddable":true,"href":"https:\/\/alacip.org\/index.php?rest_route=%2Fwp%2Fv2%2Fanocongresso&post=37855"},{"taxonomy":"conginstituicion","embeddable":true,"href":"https:\/\/alacip.org\/index.php?rest_route=%2Fwp%2Fv2%2Fconginstituicion&post=37855"},{"taxonomy":"areatema","embeddable":true,"href":"https:\/\/alacip.org\/index.php?rest_route=%2Fwp%2Fv2%2Fareatema&post=37855"}],"curies":[{"name":"wp","href":"https:\/\/api.w.org\/{rel}","templated":true}]}}

De la participación institucionalizada a la movilización callejera. Mecanismos y estrategias para incidir en los procesos gubernamentales y decisorios

<p>Voces que emergen de los más diversos espectros políticos e ideológicos coinciden en que la joven democracia latinoamericana atraviesa una crisis. Editorialistas, intelectuales, empresarios e incluso políticos argumentan que existe una crisis de representatividad y, por ende, falta de legitimidad en el ejercicio del poder político.</p>



<!--more-->



<div style="text-align:center" class="wp-block-atomic-blocks-ab-button ab-block-button"><a href="https://alacip.org/cong15/pra-barrera8c.pdf" class="ab-button ab-button-shape-circular ab-button-size-medium" style="color:#ffffff;background-color:#3373dc">Descargar Archivo</a></div>



<p></p>
