{"id":37861,"date":"2020-09-26T20:21:56","date_gmt":"2020-09-26T23:21:56","guid":{"rendered":"https:\/\/alacip.org\/?post_type=todasponencias&#038;p=37861"},"modified":"2020-10-05T09:06:55","modified_gmt":"2020-10-05T12:06:55","slug":"beligerancia-y-pacificacion-en-la-conformacion-identitariade","status":"publish","type":"todasponencias","link":"https:\/\/alacip.org\/?todasponencias=beligerancia-y-pacificacion-en-la-conformacion-identitariade","title":{"rendered":"Beligerancia y pacificaci\u00f3n en la conformaci\u00f3n identitariade la Uni\u00f3n C\u00edvica Radical en la primera mitad del siglo XX. Una lectura desde la teor\u00eda del populismo"},"content":{"rendered":"\n<p>El objetivo del presente trabajo consiste en explorar la experiencia radicalen la primera mitad del siglo XXa la luz de la teor\u00eda de la hegemon\u00eda. Los estudios hist\u00f3ricos y sociales suelen reconocer que el radicalismo &#8211; y, m\u00e1s espec\u00edficamente, el yrigoyenismo-constituy\u00f3 la primera experiencia \u201cpopulista\u201d de la historia argentina.<\/p>\n\n\n\n<div style=\"text-align:center\" class=\"wp-block-atomic-blocks-ab-button ab-block-button\"><a href=\"https:\/\/alacip.org\/cong15\/tpo-gimenez8c.pdf\" class=\"ab-button ab-button-shape-circular ab-button-size-medium\" style=\"color:#ffffff;background-color:#3373dc\">Descargar Archivo<\/a><\/div>\n\n\n\n<p><\/p>\n","protected":false},"featured_media":0,"template":"","meta":{"_genesis_hide_title":false,"_genesis_hide_breadcrumbs":false,"_genesis_hide_singular_image":false,"_genesis_hide_footer_widgets":false,"_genesis_custom_body_class":"","_genesis_custom_post_class":"","_genesis_layout":""},"filtro":[105],"anocongresso":[778],"conginstituicion":[153],"areatema":[157],"class_list":{"0":"post-37861","1":"todasponencias","2":"type-todasponencias","3":"status-publish","5":"filtro-argentina","6":"anocongresso-778","7":"conginstituicion-s","8":"areatema-teorpolfil","9":"entry"},"_links":{"self":[{"href":"https:\/\/alacip.org\/index.php?rest_route=\/wp\/v2\/todasponencias\/37861","targetHints":{"allow":["GET"]}}],"collection":[{"href":"https:\/\/alacip.org\/index.php?rest_route=\/wp\/v2\/todasponencias"}],"about":[{"href":"https:\/\/alacip.org\/index.php?rest_route=\/wp\/v2\/types\/todasponencias"}],"wp:attachment":[{"href":"https:\/\/alacip.org\/index.php?rest_route=%2Fwp%2Fv2%2Fmedia&parent=37861"}],"wp:term":[{"taxonomy":"filtro","embeddable":true,"href":"https:\/\/alacip.org\/index.php?rest_route=%2Fwp%2Fv2%2Ffiltro&post=37861"},{"taxonomy":"anocongresso","embeddable":true,"href":"https:\/\/alacip.org\/index.php?rest_route=%2Fwp%2Fv2%2Fanocongresso&post=37861"},{"taxonomy":"conginstituicion","embeddable":true,"href":"https:\/\/alacip.org\/index.php?rest_route=%2Fwp%2Fv2%2Fconginstituicion&post=37861"},{"taxonomy":"areatema","embeddable":true,"href":"https:\/\/alacip.org\/index.php?rest_route=%2Fwp%2Fv2%2Fareatema&post=37861"}],"curies":[{"name":"wp","href":"https:\/\/api.w.org\/{rel}","templated":true}]}}

Beligerancia y pacificación en la conformación identitariade la Unión Cívica Radical en la primera mitad del siglo XX. Una lectura desde la teoría del populismo

<p>El objetivo del presente trabajo consiste en explorar la experiencia radicalen la primera mitad del siglo XXa la luz de la teoría de la hegemonía. Los estudios históricos y sociales suelen reconocer que el radicalismo &#8211; y, más específicamente, el yrigoyenismo-constituyó la primera experiencia “populista” de la historia argentina.</p>



<div style="text-align:center" class="wp-block-atomic-blocks-ab-button ab-block-button"><a href="https://alacip.org/cong15/tpo-gimenez8c.pdf" class="ab-button ab-button-shape-circular ab-button-size-medium" style="color:#ffffff;background-color:#3373dc">Descargar Archivo</a></div>



<p></p>
