{"id":37865,"date":"2020-09-26T20:26:54","date_gmt":"2020-09-26T23:26:54","guid":{"rendered":"https:\/\/alacip.org\/?post_type=todasponencias&#038;p=37865"},"modified":"2020-10-05T09:06:49","modified_gmt":"2020-10-05T12:06:49","slug":"estados-desunidos-da-america-latina-milciades-pena-e-o","status":"publish","type":"todasponencias","link":"https:\/\/alacip.org\/?todasponencias=estados-desunidos-da-america-latina-milciades-pena-e-o","title":{"rendered":"Estados (des)unidos da Am\u00e9rica Latina? Milc\u00edades Pe\u00f1a e o debate sobre unidade latino-americana"},"content":{"rendered":"\n<p>O presente artigo tem como objetivo analisar as formula\u00e7\u00f5es de Milc\u00edades Pe\u00f1a (1933-1965) sobre as raz\u00f5es hist\u00f3ricas e pol\u00edtica da unidade latino-americana. A unidade latino-americana apresenta-se como um \u201cn\u00f3 hist\u00f3rico\u201d, isto \u00e9, como um problema no qual se organizam racionalidades pol\u00edticas (ROSANVALLON, 1995, p. 16).<\/p>\n\n\n\n<div style=\"text-align:center\" class=\"wp-block-atomic-blocks-ab-button ab-block-button\"><a href=\"https:\/\/alacip.org\/cong15\/tpo-fernandes8c.pdf\" class=\"ab-button ab-button-shape-circular ab-button-size-medium\" style=\"color:#ffffff;background-color:#3373dc\">Descargar Archivo<\/a><\/div>\n\n\n\n<p><\/p>\n","protected":false},"featured_media":0,"template":"","meta":{"_genesis_hide_title":false,"_genesis_hide_breadcrumbs":false,"_genesis_hide_singular_image":false,"_genesis_hide_footer_widgets":false,"_genesis_custom_body_class":"","_genesis_custom_post_class":"","_genesis_layout":""},"filtro":[102],"anocongresso":[778],"conginstituicion":[226],"areatema":[157],"class_list":{"0":"post-37865","1":"todasponencias","2":"type-todasponencias","3":"status-publish","5":"filtro-brasil","6":"anocongresso-778","7":"conginstituicion-unicampinas","8":"areatema-teorpolfil","9":"entry"},"_links":{"self":[{"href":"https:\/\/alacip.org\/index.php?rest_route=\/wp\/v2\/todasponencias\/37865","targetHints":{"allow":["GET"]}}],"collection":[{"href":"https:\/\/alacip.org\/index.php?rest_route=\/wp\/v2\/todasponencias"}],"about":[{"href":"https:\/\/alacip.org\/index.php?rest_route=\/wp\/v2\/types\/todasponencias"}],"wp:attachment":[{"href":"https:\/\/alacip.org\/index.php?rest_route=%2Fwp%2Fv2%2Fmedia&parent=37865"}],"wp:term":[{"taxonomy":"filtro","embeddable":true,"href":"https:\/\/alacip.org\/index.php?rest_route=%2Fwp%2Fv2%2Ffiltro&post=37865"},{"taxonomy":"anocongresso","embeddable":true,"href":"https:\/\/alacip.org\/index.php?rest_route=%2Fwp%2Fv2%2Fanocongresso&post=37865"},{"taxonomy":"conginstituicion","embeddable":true,"href":"https:\/\/alacip.org\/index.php?rest_route=%2Fwp%2Fv2%2Fconginstituicion&post=37865"},{"taxonomy":"areatema","embeddable":true,"href":"https:\/\/alacip.org\/index.php?rest_route=%2Fwp%2Fv2%2Fareatema&post=37865"}],"curies":[{"name":"wp","href":"https:\/\/api.w.org\/{rel}","templated":true}]}}

Estados (des)unidos da América Latina? Milcíades Peña e o debate sobre unidade latino-americana

<p>O presente artigo tem como objetivo analisar as formulações de Milcíades Peña (1933-1965) sobre as razões históricas e política da unidade latino-americana. A unidade latino-americana apresenta-se como um “nó histórico”, isto é, como um problema no qual se organizam racionalidades políticas (ROSANVALLON, 1995, p. 16).</p>



<div style="text-align:center" class="wp-block-atomic-blocks-ab-button ab-block-button"><a href="https://alacip.org/cong15/tpo-fernandes8c.pdf" class="ab-button ab-button-shape-circular ab-button-size-medium" style="color:#ffffff;background-color:#3373dc">Descargar Archivo</a></div>



<p></p>
