{"id":37866,"date":"2020-09-26T20:28:34","date_gmt":"2020-09-26T23:28:34","guid":{"rendered":"https:\/\/alacip.org\/?post_type=todasponencias&#038;p=37866"},"modified":"2020-10-05T09:06:32","modified_gmt":"2020-10-05T12:06:32","slug":"a-recepcao-de-carl-von-clausewitz-no-brasil-o-impacto-da","status":"publish","type":"todasponencias","link":"https:\/\/alacip.org\/?todasponencias=a-recepcao-de-carl-von-clausewitz-no-brasil-o-impacto-da","title":{"rendered":"A recep\u00e7\u00e3o de Carl von Clausewitz no Brasil: o impacto da Primeira Guerra Mundial e da Guerra do Contestado"},"content":{"rendered":"\n<p>Clausewitz nos proporcionou as primeiras concep\u00e7\u00f5es sobre a guerra como um instrumento da pol\u00edtica de Estado. A partir das vit\u00f3rias da Pr\u00fassia \u2013contra a \u00c1ustria (1866) e Fran\u00e7a (1870-1871) \u2013as ideias de Clausewitz passaram a repercutir entre acad\u00eamicos e, notadamente, entre militares.<\/p>\n\n\n\n<div style=\"text-align:center\" class=\"wp-block-atomic-blocks-ab-button ab-block-button\"><a href=\"https:\/\/alacip.org\/cong15\/tpo-ferezin8c.pdf\" class=\"ab-button ab-button-shape-circular ab-button-size-medium\" style=\"color:#ffffff;background-color:#3373dc\">Descargar Archivo<\/a><\/div>\n\n\n\n<p><\/p>\n","protected":false},"featured_media":0,"template":"","meta":{"_genesis_hide_title":false,"_genesis_hide_breadcrumbs":false,"_genesis_hide_singular_image":false,"_genesis_hide_footer_widgets":false,"_genesis_custom_body_class":"","_genesis_custom_post_class":"","_genesis_layout":""},"filtro":[102],"anocongresso":[778],"conginstituicion":[221],"areatema":[157],"class_list":{"0":"post-37866","1":"todasponencias","2":"type-todasponencias","3":"status-publish","5":"filtro-brasil","6":"anocongresso-778","7":"conginstituicion-ufsao-carlos","8":"areatema-teorpolfil","9":"entry"},"_links":{"self":[{"href":"https:\/\/alacip.org\/index.php?rest_route=\/wp\/v2\/todasponencias\/37866","targetHints":{"allow":["GET"]}}],"collection":[{"href":"https:\/\/alacip.org\/index.php?rest_route=\/wp\/v2\/todasponencias"}],"about":[{"href":"https:\/\/alacip.org\/index.php?rest_route=\/wp\/v2\/types\/todasponencias"}],"wp:attachment":[{"href":"https:\/\/alacip.org\/index.php?rest_route=%2Fwp%2Fv2%2Fmedia&parent=37866"}],"wp:term":[{"taxonomy":"filtro","embeddable":true,"href":"https:\/\/alacip.org\/index.php?rest_route=%2Fwp%2Fv2%2Ffiltro&post=37866"},{"taxonomy":"anocongresso","embeddable":true,"href":"https:\/\/alacip.org\/index.php?rest_route=%2Fwp%2Fv2%2Fanocongresso&post=37866"},{"taxonomy":"conginstituicion","embeddable":true,"href":"https:\/\/alacip.org\/index.php?rest_route=%2Fwp%2Fv2%2Fconginstituicion&post=37866"},{"taxonomy":"areatema","embeddable":true,"href":"https:\/\/alacip.org\/index.php?rest_route=%2Fwp%2Fv2%2Fareatema&post=37866"}],"curies":[{"name":"wp","href":"https:\/\/api.w.org\/{rel}","templated":true}]}}

A recepção de Carl von Clausewitz no Brasil: o impacto da Primeira Guerra Mundial e da Guerra do Contestado

<p>Clausewitz nos proporcionou as primeiras concepções sobre a guerra como um instrumento da política de Estado. A partir das vitórias da Prússia –contra a Áustria (1866) e França (1870-1871) –as ideias de Clausewitz passaram a repercutir entre acadêmicos e, notadamente, entre militares.</p>



<div style="text-align:center" class="wp-block-atomic-blocks-ab-button ab-block-button"><a href="https://alacip.org/cong15/tpo-ferezin8c.pdf" class="ab-button ab-button-shape-circular ab-button-size-medium" style="color:#ffffff;background-color:#3373dc">Descargar Archivo</a></div>



<p></p>
