{"id":37871,"date":"2020-09-27T07:03:57","date_gmt":"2020-09-27T10:03:57","guid":{"rendered":"https:\/\/alacip.org\/?post_type=todasponencias&#038;p=37871"},"modified":"2020-09-27T07:03:58","modified_gmt":"2020-09-27T10:03:58","slug":"presidencialismo-discurso-y-conflicto-chile-y-bolivia-frente-a-frente-7","status":"publish","type":"todasponencias","link":"https:\/\/alacip.org\/?todasponencias=presidencialismo-discurso-y-conflicto-chile-y-bolivia-frente-a-frente-7","title":{"rendered":"Presidencialismo, discurso y conflicto. Chile y Bolivia frente a frente 7"},"content":{"rendered":"\n<p>Esta investigaci\u00f3n presenta un estudio comparado sobre c\u00f3mo Chile y Bolivia construyen su discurso en materia de pol\u00edtica exterior a principios del siglo XIX. Este estudio parte de hip\u00f3tesis que el decurso de la pol\u00edtica exterior y la historia bilateral, han privilegiado la racionalidad de los resultados sobre cualquier otro prop\u00f3sito.<\/p>\n\n\n\n<div style=\"text-align:center\" class=\"wp-block-atomic-blocks-ab-button ab-block-button\"><a href=\"https:\/\/alacip.org\/cong15\/tpo-correa8c.pdf\" class=\"ab-button ab-button-shape-circular ab-button-size-medium\" style=\"color:#ffffff;background-color:#3373dc\">Descargar Archivo<\/a><\/div>\n\n\n\n<p><\/p>\n","protected":false},"featured_media":0,"template":"","meta":{"_genesis_hide_title":false,"_genesis_hide_breadcrumbs":false,"_genesis_hide_singular_image":false,"_genesis_hide_footer_widgets":false,"_genesis_custom_body_class":"","_genesis_custom_post_class":"","_genesis_layout":""},"filtro":[106],"anocongresso":[778],"conginstituicion":[786],"areatema":[157],"class_list":{"0":"post-37871","1":"todasponencias","2":"type-todasponencias","3":"status-publish","5":"filtro-chile","6":"anocongresso-778","7":"conginstituicion-chile-anepe","8":"areatema-teorpolfil","9":"entry"},"_links":{"self":[{"href":"https:\/\/alacip.org\/index.php?rest_route=\/wp\/v2\/todasponencias\/37871","targetHints":{"allow":["GET"]}}],"collection":[{"href":"https:\/\/alacip.org\/index.php?rest_route=\/wp\/v2\/todasponencias"}],"about":[{"href":"https:\/\/alacip.org\/index.php?rest_route=\/wp\/v2\/types\/todasponencias"}],"wp:attachment":[{"href":"https:\/\/alacip.org\/index.php?rest_route=%2Fwp%2Fv2%2Fmedia&parent=37871"}],"wp:term":[{"taxonomy":"filtro","embeddable":true,"href":"https:\/\/alacip.org\/index.php?rest_route=%2Fwp%2Fv2%2Ffiltro&post=37871"},{"taxonomy":"anocongresso","embeddable":true,"href":"https:\/\/alacip.org\/index.php?rest_route=%2Fwp%2Fv2%2Fanocongresso&post=37871"},{"taxonomy":"conginstituicion","embeddable":true,"href":"https:\/\/alacip.org\/index.php?rest_route=%2Fwp%2Fv2%2Fconginstituicion&post=37871"},{"taxonomy":"areatema","embeddable":true,"href":"https:\/\/alacip.org\/index.php?rest_route=%2Fwp%2Fv2%2Fareatema&post=37871"}],"curies":[{"name":"wp","href":"https:\/\/api.w.org\/{rel}","templated":true}]}}

<p>Esta investigación presenta un estudio comparado sobre cómo Chile y Bolivia construyen su discurso en materia de política exterior a principios del siglo XIX. Este estudio parte de hipótesis que el decurso de la política exterior y la historia bilateral, han privilegiado la racionalidad de los resultados sobre cualquier otro propósito.</p>



<div style="text-align:center" class="wp-block-atomic-blocks-ab-button ab-block-button"><a href="https://alacip.org/cong15/tpo-correa8c.pdf" class="ab-button ab-button-shape-circular ab-button-size-medium" style="color:#ffffff;background-color:#3373dc">Descargar Archivo</a></div>



<p></p>
