{"id":37881,"date":"2020-09-27T07:24:45","date_gmt":"2020-09-27T10:24:45","guid":{"rendered":"https:\/\/alacip.org\/?post_type=todasponencias&#038;p=37881"},"modified":"2020-09-27T07:24:46","modified_gmt":"2020-09-27T10:24:46","slug":"os-lacos-da-representacao-politica-e-das-mudancas-sociais-um-desenrolar-historico","status":"publish","type":"todasponencias","link":"https:\/\/alacip.org\/?todasponencias=os-lacos-da-representacao-politica-e-das-mudancas-sociais-um-desenrolar-historico","title":{"rendered":"Os la\u00e7os da representa\u00e7\u00e3o   pol\u00edtica e das mudan\u00e7as   sociais: um desenrolar hist\u00f3rico"},"content":{"rendered":"\n<p>A representa\u00e7\u00e3o pol\u00edtica caracteriza-se pela ambival\u00eancia entre a normatiza\u00e7\u00e3o dos ideais &#8211; \u201cdemocracia direta\u201d e \u201cuso p\u00fablico da raz\u00e3o\u201d \u2013 e a desestrutura\u00e7\u00e3o da esfera p\u00fablica, com a pol\u00edtica reduzida a disputas entre grupos pelo poder. <\/p>\n\n\n\n<div style=\"text-align:center\" class=\"wp-block-atomic-blocks-ab-button ab-block-button\"><a href=\"https:\/\/alacip.org\/cong15\/tpo-batinga8c.pdf\" class=\"ab-button ab-button-shape-circular ab-button-size-medium\" style=\"color:#ffffff;background-color:#3373dc\">Descargar Archivo<\/a><\/div>\n\n\n\n<p><\/p>\n","protected":false},"featured_media":0,"template":"","meta":{"_genesis_hide_title":false,"_genesis_hide_breadcrumbs":false,"_genesis_hide_singular_image":false,"_genesis_hide_footer_widgets":false,"_genesis_custom_body_class":"","_genesis_custom_post_class":"","_genesis_layout":""},"filtro":[102],"anocongresso":[778],"conginstituicion":[254],"areatema":[157],"class_list":{"0":"post-37881","1":"todasponencias","2":"type-todasponencias","3":"status-publish","5":"filtro-brasil","6":"anocongresso-778","7":"conginstituicion-puc-sp","8":"areatema-teorpolfil","9":"entry"},"_links":{"self":[{"href":"https:\/\/alacip.org\/index.php?rest_route=\/wp\/v2\/todasponencias\/37881","targetHints":{"allow":["GET"]}}],"collection":[{"href":"https:\/\/alacip.org\/index.php?rest_route=\/wp\/v2\/todasponencias"}],"about":[{"href":"https:\/\/alacip.org\/index.php?rest_route=\/wp\/v2\/types\/todasponencias"}],"wp:attachment":[{"href":"https:\/\/alacip.org\/index.php?rest_route=%2Fwp%2Fv2%2Fmedia&parent=37881"}],"wp:term":[{"taxonomy":"filtro","embeddable":true,"href":"https:\/\/alacip.org\/index.php?rest_route=%2Fwp%2Fv2%2Ffiltro&post=37881"},{"taxonomy":"anocongresso","embeddable":true,"href":"https:\/\/alacip.org\/index.php?rest_route=%2Fwp%2Fv2%2Fanocongresso&post=37881"},{"taxonomy":"conginstituicion","embeddable":true,"href":"https:\/\/alacip.org\/index.php?rest_route=%2Fwp%2Fv2%2Fconginstituicion&post=37881"},{"taxonomy":"areatema","embeddable":true,"href":"https:\/\/alacip.org\/index.php?rest_route=%2Fwp%2Fv2%2Fareatema&post=37881"}],"curies":[{"name":"wp","href":"https:\/\/api.w.org\/{rel}","templated":true}]}}

Os laços da representação   política e das mudanças   sociais: um desenrolar histórico

<p>A representação política caracteriza-se pela ambivalência entre a normatização dos ideais &#8211; “democracia direta” e “uso público da razão” – e a desestruturação da esfera pública, com a política reduzida a disputas entre grupos pelo poder. </p>



<div style="text-align:center" class="wp-block-atomic-blocks-ab-button ab-block-button"><a href="https://alacip.org/cong15/tpo-batinga8c.pdf" class="ab-button ab-button-shape-circular ab-button-size-medium" style="color:#ffffff;background-color:#3373dc">Descargar Archivo</a></div>



<p></p>
