{"id":37885,"date":"2020-09-27T07:41:10","date_gmt":"2020-09-27T10:41:10","guid":{"rendered":"https:\/\/alacip.org\/?post_type=todasponencias&#038;p=37885"},"modified":"2020-10-05T09:05:16","modified_gmt":"2020-10-05T12:05:16","slug":"revolucao-passiva-e-desenvolvimento-a-analise-gramsciana","status":"publish","type":"todasponencias","link":"https:\/\/alacip.org\/?todasponencias=revolucao-passiva-e-desenvolvimento-a-analise-gramsciana","title":{"rendered":"Revolu\u00e7\u00e3o Passiva e desenvolvimento: a an\u00e1lise gramsciana sobre o processo de moderniza\u00e7\u00e3o do Estado na periferia do capitalismo"},"content":{"rendered":"\n<p>Iniciamos o presente artigo com a an\u00e1lise do conceito de Revolu\u00e7\u00e3o Passiva, que A. Gramsci desenvolve nos Cadernos do C\u00e1rcerea partir das reflex\u00f5es acerca da revolu\u00e7\u00e3o burguesa na It\u00e1lia.<\/p>\n\n\n\n<div style=\"text-align:center\" class=\"wp-block-atomic-blocks-ab-button ab-block-button\"><a href=\"https:\/\/alacip.org\/cong15\/tpo-aliaga8c.pdf\" class=\"ab-button ab-button-shape-circular ab-button-size-medium\" style=\"color:#ffffff;background-color:#3373dc\">Descargar Archivo<\/a><\/div>\n\n\n\n<p><\/p>\n","protected":false},"featured_media":0,"template":"","meta":{"_genesis_hide_title":false,"_genesis_hide_breadcrumbs":false,"_genesis_hide_singular_image":false,"_genesis_hide_footer_widgets":false,"_genesis_custom_body_class":"","_genesis_custom_post_class":"","_genesis_layout":""},"filtro":[102],"anocongresso":[778],"conginstituicion":[146],"areatema":[157],"class_list":{"0":"post-37885","1":"todasponencias","2":"type-todasponencias","3":"status-publish","5":"filtro-brasil","6":"anocongresso-778","7":"conginstituicion-ufp","8":"areatema-teorpolfil","9":"entry"},"_links":{"self":[{"href":"https:\/\/alacip.org\/index.php?rest_route=\/wp\/v2\/todasponencias\/37885","targetHints":{"allow":["GET"]}}],"collection":[{"href":"https:\/\/alacip.org\/index.php?rest_route=\/wp\/v2\/todasponencias"}],"about":[{"href":"https:\/\/alacip.org\/index.php?rest_route=\/wp\/v2\/types\/todasponencias"}],"wp:attachment":[{"href":"https:\/\/alacip.org\/index.php?rest_route=%2Fwp%2Fv2%2Fmedia&parent=37885"}],"wp:term":[{"taxonomy":"filtro","embeddable":true,"href":"https:\/\/alacip.org\/index.php?rest_route=%2Fwp%2Fv2%2Ffiltro&post=37885"},{"taxonomy":"anocongresso","embeddable":true,"href":"https:\/\/alacip.org\/index.php?rest_route=%2Fwp%2Fv2%2Fanocongresso&post=37885"},{"taxonomy":"conginstituicion","embeddable":true,"href":"https:\/\/alacip.org\/index.php?rest_route=%2Fwp%2Fv2%2Fconginstituicion&post=37885"},{"taxonomy":"areatema","embeddable":true,"href":"https:\/\/alacip.org\/index.php?rest_route=%2Fwp%2Fv2%2Fareatema&post=37885"}],"curies":[{"name":"wp","href":"https:\/\/api.w.org\/{rel}","templated":true}]}}

Revolução Passiva e desenvolvimento: a análise gramsciana sobre o processo de modernização do Estado na periferia do capitalismo

<p>Iniciamos o presente artigo com a análise do conceito de Revolução Passiva, que A. Gramsci desenvolve nos Cadernos do Cárcerea partir das reflexões acerca da revolução burguesa na Itália.</p>



<div style="text-align:center" class="wp-block-atomic-blocks-ab-button ab-block-button"><a href="https://alacip.org/cong15/tpo-aliaga8c.pdf" class="ab-button ab-button-shape-circular ab-button-size-medium" style="color:#ffffff;background-color:#3373dc">Descargar Archivo</a></div>



<p></p>
