{"id":37891,"date":"2020-09-27T08:07:49","date_gmt":"2020-09-27T11:07:49","guid":{"rendered":"https:\/\/alacip.org\/?post_type=todasponencias&#038;p=37891"},"modified":"2020-10-05T09:04:30","modified_gmt":"2020-10-05T12:04:30","slug":"socializacao-politica-o-uso-dos-sites-de-redes-sociais-e-a","status":"publish","type":"todasponencias","link":"https:\/\/alacip.org\/?todasponencias=socializacao-politica-o-uso-dos-sites-de-redes-sociais-e-a","title":{"rendered":"Socializa\u00e7\u00e3o Pol\u00edtica: o uso dos Sites de Redes Sociais e a Participa\u00e7\u00e3o Pol\u00edtica dos brasileiros em 2013"},"content":{"rendered":"\n<p>A socializa\u00e7\u00e3o pol\u00edtica \u00e9 a forma pelo qual se incorpora valores e atitudes pol\u00edticos, nesse processo definem, principalmente os jovens definem seus comportamentos com rela\u00e7\u00e3o aos objetos pol\u00edticos.<\/p>\n\n\n\n<div style=\"text-align:center\" class=\"wp-block-atomic-blocks-ab-button ab-block-button\"><a href=\"https:\/\/alacip.org\/cong15\/pra-vasconcelos8c.pdf\" class=\"ab-button ab-button-shape-circular ab-button-size-medium\" style=\"color:#ffffff;background-color:#3373dc\">Descargar Archivo<\/a><\/div>\n\n\n\n<p><\/p>\n","protected":false},"featured_media":0,"template":"","meta":{"_genesis_hide_title":false,"_genesis_hide_breadcrumbs":false,"_genesis_hide_singular_image":false,"_genesis_hide_footer_widgets":false,"_genesis_custom_body_class":"","_genesis_custom_post_class":"","_genesis_layout":""},"filtro":[102],"anocongresso":[778],"conginstituicion":[205],"areatema":[161],"class_list":{"0":"post-37891","1":"todasponencias","2":"type-todasponencias","3":"status-publish","5":"filtro-brasil","6":"anocongresso-778","7":"conginstituicion-unufrgs","8":"areatema-participacion-representacion","9":"entry"},"_links":{"self":[{"href":"https:\/\/alacip.org\/index.php?rest_route=\/wp\/v2\/todasponencias\/37891","targetHints":{"allow":["GET"]}}],"collection":[{"href":"https:\/\/alacip.org\/index.php?rest_route=\/wp\/v2\/todasponencias"}],"about":[{"href":"https:\/\/alacip.org\/index.php?rest_route=\/wp\/v2\/types\/todasponencias"}],"wp:attachment":[{"href":"https:\/\/alacip.org\/index.php?rest_route=%2Fwp%2Fv2%2Fmedia&parent=37891"}],"wp:term":[{"taxonomy":"filtro","embeddable":true,"href":"https:\/\/alacip.org\/index.php?rest_route=%2Fwp%2Fv2%2Ffiltro&post=37891"},{"taxonomy":"anocongresso","embeddable":true,"href":"https:\/\/alacip.org\/index.php?rest_route=%2Fwp%2Fv2%2Fanocongresso&post=37891"},{"taxonomy":"conginstituicion","embeddable":true,"href":"https:\/\/alacip.org\/index.php?rest_route=%2Fwp%2Fv2%2Fconginstituicion&post=37891"},{"taxonomy":"areatema","embeddable":true,"href":"https:\/\/alacip.org\/index.php?rest_route=%2Fwp%2Fv2%2Fareatema&post=37891"}],"curies":[{"name":"wp","href":"https:\/\/api.w.org\/{rel}","templated":true}]}}

Socialização Política: o uso dos Sites de Redes Sociais e a Participação Política dos brasileiros em 2013

<p>A socialização política é a forma pelo qual se incorpora valores e atitudes políticos, nesse processo definem, principalmente os jovens definem seus comportamentos com relação aos objetos políticos.</p>



<div style="text-align:center" class="wp-block-atomic-blocks-ab-button ab-block-button"><a href="https://alacip.org/cong15/pra-vasconcelos8c.pdf" class="ab-button ab-button-shape-circular ab-button-size-medium" style="color:#ffffff;background-color:#3373dc">Descargar Archivo</a></div>



<p></p>
