{"id":37892,"date":"2020-09-27T08:10:24","date_gmt":"2020-09-27T11:10:24","guid":{"rendered":"https:\/\/alacip.org\/?post_type=todasponencias&#038;p=37892"},"modified":"2020-10-05T09:04:21","modified_gmt":"2020-10-05T12:04:21","slug":"la-formacion-en-accion-colectiva-y-movimientos-sociales-en","status":"publish","type":"todasponencias","link":"https:\/\/alacip.org\/?todasponencias=la-formacion-en-accion-colectiva-y-movimientos-sociales-en","title":{"rendered":"La formaci\u00f3n en acci\u00f3n colectiva y movimientos sociales en Ciencia Pol\u00edtica, un balance desde el pregrado en Ciencia Pol\u00edtica de la Universidad de Antioquia"},"content":{"rendered":"\n<p>En el a\u00f1o 2014 el pregrado en Ciencia Pol\u00edtica de la Universidad de Antioquia (Colombia) cumpli\u00f3 10 a\u00f1osde funcionamiento, as\u00ed el curso \u201cAcci\u00f3n colectiva I: Movimientos sociales y pol\u00edticos\u201d del mismo pregrado cumpli\u00f3 aproximadamente 7a\u00f1os de estarse compartiendo.<\/p>\n\n\n\n<div style=\"text-align:center\" class=\"wp-block-atomic-blocks-ab-button ab-block-button\"><a href=\"https:\/\/alacip.org\/cong15\/pra-vahos.pdf\" class=\"ab-button ab-button-shape-circular ab-button-size-medium\" style=\"color:#ffffff;background-color:#3373dc\">Descargar Archivo<\/a><\/div>\n\n\n\n<p><\/p>\n","protected":false},"featured_media":0,"template":"","meta":{"_genesis_hide_title":false,"_genesis_hide_breadcrumbs":false,"_genesis_hide_singular_image":false,"_genesis_hide_footer_widgets":false,"_genesis_custom_body_class":"","_genesis_custom_post_class":"","_genesis_layout":""},"filtro":[109],"anocongresso":[778],"conginstituicion":[218],"areatema":[161],"class_list":{"0":"post-37892","1":"todasponencias","2":"type-todasponencias","3":"status-publish","5":"filtro-colombia","6":"anocongresso-778","7":"conginstituicion-iepu-antioquia","8":"areatema-participacion-representacion","9":"entry"},"_links":{"self":[{"href":"https:\/\/alacip.org\/index.php?rest_route=\/wp\/v2\/todasponencias\/37892","targetHints":{"allow":["GET"]}}],"collection":[{"href":"https:\/\/alacip.org\/index.php?rest_route=\/wp\/v2\/todasponencias"}],"about":[{"href":"https:\/\/alacip.org\/index.php?rest_route=\/wp\/v2\/types\/todasponencias"}],"wp:attachment":[{"href":"https:\/\/alacip.org\/index.php?rest_route=%2Fwp%2Fv2%2Fmedia&parent=37892"}],"wp:term":[{"taxonomy":"filtro","embeddable":true,"href":"https:\/\/alacip.org\/index.php?rest_route=%2Fwp%2Fv2%2Ffiltro&post=37892"},{"taxonomy":"anocongresso","embeddable":true,"href":"https:\/\/alacip.org\/index.php?rest_route=%2Fwp%2Fv2%2Fanocongresso&post=37892"},{"taxonomy":"conginstituicion","embeddable":true,"href":"https:\/\/alacip.org\/index.php?rest_route=%2Fwp%2Fv2%2Fconginstituicion&post=37892"},{"taxonomy":"areatema","embeddable":true,"href":"https:\/\/alacip.org\/index.php?rest_route=%2Fwp%2Fv2%2Fareatema&post=37892"}],"curies":[{"name":"wp","href":"https:\/\/api.w.org\/{rel}","templated":true}]}}

La formación en acción colectiva y movimientos sociales en Ciencia Política, un balance desde el pregrado en Ciencia Política de la Universidad de Antioquia

<p>En el año 2014 el pregrado en Ciencia Política de la Universidad de Antioquia (Colombia) cumplió 10 añosde funcionamiento, así el curso “Acción colectiva I: Movimientos sociales y políticos” del mismo pregrado cumplió aproximadamente 7años de estarse compartiendo.</p>



<div style="text-align:center" class="wp-block-atomic-blocks-ab-button ab-block-button"><a href="https://alacip.org/cong15/pra-vahos.pdf" class="ab-button ab-button-shape-circular ab-button-size-medium" style="color:#ffffff;background-color:#3373dc">Descargar Archivo</a></div>



<p></p>
