{"id":37894,"date":"2020-09-27T08:14:31","date_gmt":"2020-09-27T11:14:31","guid":{"rendered":"https:\/\/alacip.org\/?post_type=todasponencias&#038;p=37894"},"modified":"2020-10-05T09:04:04","modified_gmt":"2020-10-05T12:04:04","slug":"capacidades-estatales-en-espacios-subnacionales-una-lectura","status":"publish","type":"todasponencias","link":"https:\/\/alacip.org\/?todasponencias=capacidades-estatales-en-espacios-subnacionales-una-lectura","title":{"rendered":"Reactivaci\u00f3n  del  movimiento  sindical  portuario chileno: repertorios de  acci\u00f3n  a  partir  de  un  estudio  de  caso  en  contexto  de post terremoto, Abril 2014."},"content":{"rendered":"\n<p>La presente investigaci\u00f3n pretende retomar los estudios sobre el movimiento sindical para el caso chileno. La posibilidad hist\u00f3rica de presenciar la reciente irrupci\u00f3n del \u201cterremoto\u201d nos permiti\u00f3 observar de manera concreta c\u00f3mo una Federaci\u00f3n Sindical de trabajadores eventuales fue capaz de gestionar esa coyuntura.<\/p>\n\n\n\n<div style=\"text-align:center\" class=\"wp-block-atomic-blocks-ab-button ab-block-button\"><a href=\"https:\/\/alacip.org\/cong15\/pra-torres8c.pdf\" class=\"ab-button ab-button-shape-circular ab-button-size-medium\" style=\"color:#ffffff;background-color:#3373dc\">Descargar Archivo<\/a><\/div>\n\n\n\n<p><\/p>\n","protected":false},"featured_media":0,"template":"","meta":{"_genesis_hide_title":false,"_genesis_hide_breadcrumbs":false,"_genesis_hide_singular_image":false,"_genesis_hide_footer_widgets":false,"_genesis_custom_body_class":"","_genesis_custom_post_class":"","_genesis_layout":""},"filtro":[107],"anocongresso":[778],"conginstituicion":[276],"areatema":[161],"class_list":{"0":"post-37894","1":"todasponencias","2":"type-todasponencias","3":"status-publish","5":"filtro-equador","6":"anocongresso-778","7":"conginstituicion-flsc-flacso","8":"areatema-participacion-representacion","9":"entry"},"_links":{"self":[{"href":"https:\/\/alacip.org\/index.php?rest_route=\/wp\/v2\/todasponencias\/37894","targetHints":{"allow":["GET"]}}],"collection":[{"href":"https:\/\/alacip.org\/index.php?rest_route=\/wp\/v2\/todasponencias"}],"about":[{"href":"https:\/\/alacip.org\/index.php?rest_route=\/wp\/v2\/types\/todasponencias"}],"wp:attachment":[{"href":"https:\/\/alacip.org\/index.php?rest_route=%2Fwp%2Fv2%2Fmedia&parent=37894"}],"wp:term":[{"taxonomy":"filtro","embeddable":true,"href":"https:\/\/alacip.org\/index.php?rest_route=%2Fwp%2Fv2%2Ffiltro&post=37894"},{"taxonomy":"anocongresso","embeddable":true,"href":"https:\/\/alacip.org\/index.php?rest_route=%2Fwp%2Fv2%2Fanocongresso&post=37894"},{"taxonomy":"conginstituicion","embeddable":true,"href":"https:\/\/alacip.org\/index.php?rest_route=%2Fwp%2Fv2%2Fconginstituicion&post=37894"},{"taxonomy":"areatema","embeddable":true,"href":"https:\/\/alacip.org\/index.php?rest_route=%2Fwp%2Fv2%2Fareatema&post=37894"}],"curies":[{"name":"wp","href":"https:\/\/api.w.org\/{rel}","templated":true}]}}

Reactivación  del  movimiento  sindical  portuario chileno: repertorios de  acción  a  partir  de  un  estudio  de  caso  en  contexto  de post terremoto, Abril 2014.

<p>La presente investigación pretende retomar los estudios sobre el movimiento sindical para el caso chileno. La posibilidad histórica de presenciar la reciente irrupción del “terremoto” nos permitió observar de manera concreta cómo una Federación Sindical de trabajadores eventuales fue capaz de gestionar esa coyuntura.</p>



<div style="text-align:center" class="wp-block-atomic-blocks-ab-button ab-block-button"><a href="https://alacip.org/cong15/pra-torres8c.pdf" class="ab-button ab-button-shape-circular ab-button-size-medium" style="color:#ffffff;background-color:#3373dc">Descargar Archivo</a></div>



<p></p>
