{"id":37896,"date":"2020-09-27T08:29:48","date_gmt":"2020-09-27T11:29:48","guid":{"rendered":"https:\/\/alacip.org\/?post_type=todasponencias&#038;p=37896"},"modified":"2020-10-05T09:03:47","modified_gmt":"2020-10-05T12:03:47","slug":"democracia-e-participacao-no-brasil-o-partido-dos-trabalhadores","status":"publish","type":"todasponencias","link":"https:\/\/alacip.org\/?todasponencias=democracia-e-participacao-no-brasil-o-partido-dos-trabalhadores","title":{"rendered":"Democracia e Participa\u00e7\u00e3o no Brasil: o Partido dos Trabalhadores e a Pol\u00edtica Nacional de Participa\u00e7\u00e3o Social"},"content":{"rendered":"\n<p>Este trabalho tem como objetivo investigar o protagonismo do PT na trajet\u00f3ria da participa\u00e7\u00e3o pol\u00edtica \u2013destacando-se a participa\u00e7\u00e3o social \u2013no Brasil, verificando em que medida o \u201cmodo petista de governar\u201d \u2013 denomina\u00e7\u00e3o conferida \u00e0s administra\u00e7\u00f5es p\u00fablicas do partido &#8211; foi<\/p>\n\n\n\n<div style=\"text-align:center\" class=\"wp-block-atomic-blocks-ab-button ab-block-button\"><a href=\"https:\/\/alacip.org\/cong15\/pra-tanscheit8c.pdf\" class=\"ab-button ab-button-shape-circular ab-button-size-medium\" style=\"color:#ffffff;background-color:#3373dc\">Descargar Archivo<\/a><\/div>\n\n\n\n<p><\/p>\n","protected":false},"featured_media":0,"template":"","meta":{"_genesis_hide_title":false,"_genesis_hide_breadcrumbs":false,"_genesis_hide_singular_image":false,"_genesis_hide_footer_widgets":false,"_genesis_custom_body_class":"","_genesis_custom_post_class":"","_genesis_layout":""},"filtro":[102],"anocongresso":[778],"conginstituicion":[145],"areatema":[161],"class_list":{"0":"post-37896","1":"todasponencias","2":"type-todasponencias","3":"status-publish","5":"filtro-brasil","6":"anocongresso-778","7":"conginstituicion-iespuerj","8":"areatema-participacion-representacion","9":"entry"},"_links":{"self":[{"href":"https:\/\/alacip.org\/index.php?rest_route=\/wp\/v2\/todasponencias\/37896","targetHints":{"allow":["GET"]}}],"collection":[{"href":"https:\/\/alacip.org\/index.php?rest_route=\/wp\/v2\/todasponencias"}],"about":[{"href":"https:\/\/alacip.org\/index.php?rest_route=\/wp\/v2\/types\/todasponencias"}],"wp:attachment":[{"href":"https:\/\/alacip.org\/index.php?rest_route=%2Fwp%2Fv2%2Fmedia&parent=37896"}],"wp:term":[{"taxonomy":"filtro","embeddable":true,"href":"https:\/\/alacip.org\/index.php?rest_route=%2Fwp%2Fv2%2Ffiltro&post=37896"},{"taxonomy":"anocongresso","embeddable":true,"href":"https:\/\/alacip.org\/index.php?rest_route=%2Fwp%2Fv2%2Fanocongresso&post=37896"},{"taxonomy":"conginstituicion","embeddable":true,"href":"https:\/\/alacip.org\/index.php?rest_route=%2Fwp%2Fv2%2Fconginstituicion&post=37896"},{"taxonomy":"areatema","embeddable":true,"href":"https:\/\/alacip.org\/index.php?rest_route=%2Fwp%2Fv2%2Fareatema&post=37896"}],"curies":[{"name":"wp","href":"https:\/\/api.w.org\/{rel}","templated":true}]}}

Democracia e Participação no Brasil: o Partido dos Trabalhadores e a Política Nacional de Participação Social

<p>Este trabalho tem como objetivo investigar o protagonismo do PT na trajetória da participação política –destacando-se a participação social –no Brasil, verificando em que medida o “modo petista de governar” – denominação conferida às administrações públicas do partido &#8211; foi</p>



<div style="text-align:center" class="wp-block-atomic-blocks-ab-button ab-block-button"><a href="https://alacip.org/cong15/pra-tanscheit8c.pdf" class="ab-button ab-button-shape-circular ab-button-size-medium" style="color:#ffffff;background-color:#3373dc">Descargar Archivo</a></div>



<p></p>
