{"id":37902,"date":"2020-09-27T09:02:44","date_gmt":"2020-09-27T12:02:44","guid":{"rendered":"https:\/\/alacip.org\/?post_type=todasponencias&#038;p=37902"},"modified":"2020-10-05T09:03:05","modified_gmt":"2020-10-05T12:03:05","slug":"receptividad-democratica-en-america-latina-un-analisis-de","status":"publish","type":"todasponencias","link":"https:\/\/alacip.org\/?todasponencias=receptividad-democratica-en-america-latina-un-analisis-de","title":{"rendered":"Receptividad democr\u00e1tica en Am\u00e9rica Latina: un an\u00e1lisis de congruencia ideol\u00f3gica en perspectiva diacr\u00f3nica"},"content":{"rendered":"\n<p>Este trabajo describe la din\u00e1mica de la representaci\u00f3n pol\u00edtica en Am\u00e9rica Latina entendida como congruencia entre Opini\u00f3n P\u00fablica y \u00c9lites Parlamentarias e indaga sobre sus causas.<\/p>\n\n\n\n<div style=\"text-align:center\" class=\"wp-block-atomic-blocks-ab-button ab-block-button\"><a href=\"https:\/\/alacip.org\/cong15\/pra-selios8c.pdf\" class=\"ab-button ab-button-shape-circular ab-button-size-medium\" style=\"color:#ffffff;background-color:#3373dc\">Descargar Archivo<\/a><\/div>\n\n\n\n<p><\/p>\n","protected":false},"featured_media":0,"template":"","meta":{"_genesis_hide_title":false,"_genesis_hide_breadcrumbs":false,"_genesis_hide_singular_image":false,"_genesis_hide_footer_widgets":false,"_genesis_custom_body_class":"","_genesis_custom_post_class":"","_genesis_layout":""},"filtro":[103],"anocongresso":[778],"conginstituicion":[185],"areatema":[161],"class_list":{"0":"post-37902","1":"todasponencias","2":"type-todasponencias","3":"status-publish","5":"filtro-uruguai","6":"anocongresso-778","7":"conginstituicion-ur-uruguay","8":"areatema-participacion-representacion","9":"entry"},"_links":{"self":[{"href":"https:\/\/alacip.org\/index.php?rest_route=\/wp\/v2\/todasponencias\/37902","targetHints":{"allow":["GET"]}}],"collection":[{"href":"https:\/\/alacip.org\/index.php?rest_route=\/wp\/v2\/todasponencias"}],"about":[{"href":"https:\/\/alacip.org\/index.php?rest_route=\/wp\/v2\/types\/todasponencias"}],"wp:attachment":[{"href":"https:\/\/alacip.org\/index.php?rest_route=%2Fwp%2Fv2%2Fmedia&parent=37902"}],"wp:term":[{"taxonomy":"filtro","embeddable":true,"href":"https:\/\/alacip.org\/index.php?rest_route=%2Fwp%2Fv2%2Ffiltro&post=37902"},{"taxonomy":"anocongresso","embeddable":true,"href":"https:\/\/alacip.org\/index.php?rest_route=%2Fwp%2Fv2%2Fanocongresso&post=37902"},{"taxonomy":"conginstituicion","embeddable":true,"href":"https:\/\/alacip.org\/index.php?rest_route=%2Fwp%2Fv2%2Fconginstituicion&post=37902"},{"taxonomy":"areatema","embeddable":true,"href":"https:\/\/alacip.org\/index.php?rest_route=%2Fwp%2Fv2%2Fareatema&post=37902"}],"curies":[{"name":"wp","href":"https:\/\/api.w.org\/{rel}","templated":true}]}}

Receptividad democrática en América Latina: un análisis de congruencia ideológica en perspectiva diacrónica

<p>Este trabajo describe la dinámica de la representación política en América Latina entendida como congruencia entre Opinión Pública y Élites Parlamentarias e indaga sobre sus causas.</p>



<div style="text-align:center" class="wp-block-atomic-blocks-ab-button ab-block-button"><a href="https://alacip.org/cong15/pra-selios8c.pdf" class="ab-button ab-button-shape-circular ab-button-size-medium" style="color:#ffffff;background-color:#3373dc">Descargar Archivo</a></div>



<p></p>
