{"id":37903,"date":"2020-09-27T09:06:06","date_gmt":"2020-09-27T12:06:06","guid":{"rendered":"https:\/\/alacip.org\/?post_type=todasponencias&#038;p=37903"},"modified":"2020-10-05T09:02:45","modified_gmt":"2020-10-05T12:02:45","slug":"sociedade-civil-e-a-participacao-politica-aplicacao-do-indice","status":"publish","type":"todasponencias","link":"https:\/\/alacip.org\/?todasponencias=sociedade-civil-e-a-participacao-politica-aplicacao-do-indice","title":{"rendered":"Sociedade Civil e a Participa\u00e7\u00e3o Pol\u00edtica: aplica\u00e7\u00e3o do \u00cdndice de Participa\u00e7\u00e3o Pol\u00edtica e Influ\u00eancia (IPPI)"},"content":{"rendered":"\n<p>Por seu car\u00e1ter interativo e colaborativo, a internet possibilita aos usu\u00e1rios uma maior participa\u00e7\u00e3o na vida p\u00fablica da sociedade. A participa\u00e7\u00e3o pol\u00edtica por meio das Tecnologias de Informa\u00e7\u00e3o e Comunica\u00e7\u00e3o (TICs), a chamada e Participa\u00e7\u00e3o, permite ampliar e aprofundar a participa\u00e7\u00e3o cidad\u00e3 no processo pol\u00edtico.<\/p>\n\n\n\n<div style=\"text-align:center\" class=\"wp-block-atomic-blocks-ab-button ab-block-button\"><a href=\"https:\/\/alacip.org\/cong15\/pra-santos8c.pdf\" class=\"ab-button ab-button-shape-circular ab-button-size-medium\" style=\"color:#ffffff;background-color:#3373dc\">Descargar Archivo<\/a><\/div>\n\n\n\n<p><\/p>\n","protected":false},"featured_media":0,"template":"","meta":{"_genesis_hide_title":false,"_genesis_hide_breadcrumbs":false,"_genesis_hide_singular_image":false,"_genesis_hide_footer_widgets":false,"_genesis_custom_body_class":"","_genesis_custom_post_class":"","_genesis_layout":""},"filtro":[102],"anocongresso":[778],"conginstituicion":[628,254,146,189],"areatema":[161],"class_list":{"0":"post-37903","1":"todasponencias","2":"type-todasponencias","3":"status-publish","5":"filtro-brasil","6":"anocongresso-778","7":"conginstituicion-fundacao-escola-de-sociologia-e-politica-de-sao-paulo-fespsp","8":"conginstituicion-puc-sp","9":"conginstituicion-ufp","10":"conginstituicion-abcufabc","11":"areatema-participacion-representacion","12":"entry"},"_links":{"self":[{"href":"https:\/\/alacip.org\/index.php?rest_route=\/wp\/v2\/todasponencias\/37903","targetHints":{"allow":["GET"]}}],"collection":[{"href":"https:\/\/alacip.org\/index.php?rest_route=\/wp\/v2\/todasponencias"}],"about":[{"href":"https:\/\/alacip.org\/index.php?rest_route=\/wp\/v2\/types\/todasponencias"}],"wp:attachment":[{"href":"https:\/\/alacip.org\/index.php?rest_route=%2Fwp%2Fv2%2Fmedia&parent=37903"}],"wp:term":[{"taxonomy":"filtro","embeddable":true,"href":"https:\/\/alacip.org\/index.php?rest_route=%2Fwp%2Fv2%2Ffiltro&post=37903"},{"taxonomy":"anocongresso","embeddable":true,"href":"https:\/\/alacip.org\/index.php?rest_route=%2Fwp%2Fv2%2Fanocongresso&post=37903"},{"taxonomy":"conginstituicion","embeddable":true,"href":"https:\/\/alacip.org\/index.php?rest_route=%2Fwp%2Fv2%2Fconginstituicion&post=37903"},{"taxonomy":"areatema","embeddable":true,"href":"https:\/\/alacip.org\/index.php?rest_route=%2Fwp%2Fv2%2Fareatema&post=37903"}],"curies":[{"name":"wp","href":"https:\/\/api.w.org\/{rel}","templated":true}]}}

Sociedade Civil e a Participação Política: aplicação do Índice de Participação Política e Influência (IPPI)

<p>Por seu caráter interativo e colaborativo, a internet possibilita aos usuários uma maior participação na vida pública da sociedade. A participação política por meio das Tecnologias de Informação e Comunicação (TICs), a chamada e Participação, permite ampliar e aprofundar a participação cidadã no processo político.</p>



<div style="text-align:center" class="wp-block-atomic-blocks-ab-button ab-block-button"><a href="https://alacip.org/cong15/pra-santos8c.pdf" class="ab-button ab-button-shape-circular ab-button-size-medium" style="color:#ffffff;background-color:#3373dc">Descargar Archivo</a></div>



<p></p>
