{"id":37904,"date":"2020-09-27T09:08:35","date_gmt":"2020-09-27T12:08:35","guid":{"rendered":"https:\/\/alacip.org\/?post_type=todasponencias&#038;p=37904"},"modified":"2020-09-27T09:08:36","modified_gmt":"2020-09-27T12:08:36","slug":"movilizacion-social-en-mexico-en-un-entorno-de-violencia","status":"publish","type":"todasponencias","link":"https:\/\/alacip.org\/?todasponencias=movilizacion-social-en-mexico-en-un-entorno-de-violencia","title":{"rendered":"Movilizaci\u00f3n social en M\u00e9xico en un entorno de violencia"},"content":{"rendered":"\n<p>Lo que me parece que ha sucedido en M\u00e9xico en los \u00faltimos a\u00f1os es la manifestaci\u00f3n de distintos actores en un contexto en donde la democracia es m\u00e1s bien un intento de ser, no una realidad. Es, podr\u00edamos decir, una democracia epis\u00f3dica, esto es, se viven eventos que nos hacen creer por momentos que M\u00e9xico vive en democracia.<\/p>\n\n\n\n<div style=\"text-align:center\" class=\"wp-block-atomic-blocks-ab-button ab-block-button\"><a href=\"https:\/\/alacip.org\/cong15\/pra-ruiz.pdf\" class=\"ab-button ab-button-shape-circular ab-button-size-medium\" style=\"color:#ffffff;background-color:#3373dc\">Descargar Archivo<\/a><\/div>\n\n\n\n<p><\/p>\n","protected":false},"featured_media":0,"template":"","meta":{"_genesis_hide_title":false,"_genesis_hide_breadcrumbs":false,"_genesis_hide_singular_image":false,"_genesis_hide_footer_widgets":false,"_genesis_custom_body_class":"","_genesis_custom_post_class":"","_genesis_layout":""},"filtro":[115],"anocongresso":[778],"conginstituicion":[200],"areatema":[161],"class_list":{"0":"post-37904","1":"todasponencias","2":"type-todasponencias","3":"status-publish","5":"filtro-mexico","6":"anocongresso-778","7":"conginstituicion-uicdmx","8":"areatema-participacion-representacion","9":"entry"},"_links":{"self":[{"href":"https:\/\/alacip.org\/index.php?rest_route=\/wp\/v2\/todasponencias\/37904","targetHints":{"allow":["GET"]}}],"collection":[{"href":"https:\/\/alacip.org\/index.php?rest_route=\/wp\/v2\/todasponencias"}],"about":[{"href":"https:\/\/alacip.org\/index.php?rest_route=\/wp\/v2\/types\/todasponencias"}],"wp:attachment":[{"href":"https:\/\/alacip.org\/index.php?rest_route=%2Fwp%2Fv2%2Fmedia&parent=37904"}],"wp:term":[{"taxonomy":"filtro","embeddable":true,"href":"https:\/\/alacip.org\/index.php?rest_route=%2Fwp%2Fv2%2Ffiltro&post=37904"},{"taxonomy":"anocongresso","embeddable":true,"href":"https:\/\/alacip.org\/index.php?rest_route=%2Fwp%2Fv2%2Fanocongresso&post=37904"},{"taxonomy":"conginstituicion","embeddable":true,"href":"https:\/\/alacip.org\/index.php?rest_route=%2Fwp%2Fv2%2Fconginstituicion&post=37904"},{"taxonomy":"areatema","embeddable":true,"href":"https:\/\/alacip.org\/index.php?rest_route=%2Fwp%2Fv2%2Fareatema&post=37904"}],"curies":[{"name":"wp","href":"https:\/\/api.w.org\/{rel}","templated":true}]}}

Movilización social en México en un entorno de violencia

<p>Lo que me parece que ha sucedido en México en los últimos años es la manifestación de distintos actores en un contexto en donde la democracia es más bien un intento de ser, no una realidad. Es, podríamos decir, una democracia episódica, esto es, se viven eventos que nos hacen creer por momentos que México vive en democracia.</p>



<div style="text-align:center" class="wp-block-atomic-blocks-ab-button ab-block-button"><a href="https://alacip.org/cong15/pra-ruiz.pdf" class="ab-button ab-button-shape-circular ab-button-size-medium" style="color:#ffffff;background-color:#3373dc">Descargar Archivo</a></div>



<p></p>
