{"id":37913,"date":"2020-09-27T10:46:03","date_gmt":"2020-09-27T13:46:03","guid":{"rendered":"https:\/\/alacip.org\/?post_type=todasponencias&#038;p=37913"},"modified":"2020-10-05T09:01:33","modified_gmt":"2020-10-05T12:01:33","slug":"o-combate-internacional-ao-racismo-a-partir-da-conferencia","status":"publish","type":"todasponencias","link":"https:\/\/alacip.org\/?todasponencias=o-combate-internacional-ao-racismo-a-partir-da-conferencia","title":{"rendered":"O combate internacional ao racismo a partir da confer\u00eancia de Durban e as implica\u00e7\u00f5es na pol\u00edtica brasileira"},"content":{"rendered":"\n<p>A Confer\u00eancia Mundial contra o Racismo, Discrimina\u00e7\u00e3o Racial, Xenofobia e<br>Intoler\u00e2ncia Conexa realizou-se na cidade de Durban, \u00c1frica do Sul, entre os dias 31 de Agosto e 8 de Setembro de 2001.<\/p>\n\n\n\n<!--more-->\n\n\n\n<div style=\"text-align:center\" class=\"wp-block-atomic-blocks-ab-button ab-block-button\"><a href=\"https:\/\/alacip.org\/cong15\/int-alves8c.pdf\" class=\"ab-button ab-button-shape-circular ab-button-size-medium\" style=\"color:#ffffff;background-color:#3373dc\">Descargar Archivo<\/a><\/div>\n\n\n\n<p><\/p>\n","protected":false},"featured_media":0,"template":"","meta":{"_genesis_hide_title":false,"_genesis_hide_breadcrumbs":false,"_genesis_hide_singular_image":false,"_genesis_hide_footer_widgets":false,"_genesis_custom_body_class":"","_genesis_custom_post_class":"","_genesis_layout":""},"filtro":[102],"anocongresso":[778],"conginstituicion":[147],"areatema":[160],"class_list":{"0":"post-37913","1":"todasponencias","2":"type-todasponencias","3":"status-publish","5":"filtro-brasil","6":"anocongresso-778","7":"conginstituicion-ufpe","8":"areatema-relaciones-internacionales","9":"entry"},"_links":{"self":[{"href":"https:\/\/alacip.org\/index.php?rest_route=\/wp\/v2\/todasponencias\/37913","targetHints":{"allow":["GET"]}}],"collection":[{"href":"https:\/\/alacip.org\/index.php?rest_route=\/wp\/v2\/todasponencias"}],"about":[{"href":"https:\/\/alacip.org\/index.php?rest_route=\/wp\/v2\/types\/todasponencias"}],"wp:attachment":[{"href":"https:\/\/alacip.org\/index.php?rest_route=%2Fwp%2Fv2%2Fmedia&parent=37913"}],"wp:term":[{"taxonomy":"filtro","embeddable":true,"href":"https:\/\/alacip.org\/index.php?rest_route=%2Fwp%2Fv2%2Ffiltro&post=37913"},{"taxonomy":"anocongresso","embeddable":true,"href":"https:\/\/alacip.org\/index.php?rest_route=%2Fwp%2Fv2%2Fanocongresso&post=37913"},{"taxonomy":"conginstituicion","embeddable":true,"href":"https:\/\/alacip.org\/index.php?rest_route=%2Fwp%2Fv2%2Fconginstituicion&post=37913"},{"taxonomy":"areatema","embeddable":true,"href":"https:\/\/alacip.org\/index.php?rest_route=%2Fwp%2Fv2%2Fareatema&post=37913"}],"curies":[{"name":"wp","href":"https:\/\/api.w.org\/{rel}","templated":true}]}}

O combate internacional ao racismo a partir da conferência de Durban e as implicações na política brasileira

<p>A Conferência Mundial contra o Racismo, Discriminação Racial, Xenofobia e<br>Intolerância Conexa realizou-se na cidade de Durban, África do Sul, entre os dias 31 de Agosto e 8 de Setembro de 2001.</p>



<!--more-->



<div style="text-align:center" class="wp-block-atomic-blocks-ab-button ab-block-button"><a href="https://alacip.org/cong15/int-alves8c.pdf" class="ab-button ab-button-shape-circular ab-button-size-medium" style="color:#ffffff;background-color:#3373dc">Descargar Archivo</a></div>



<p></p>
